000
CDUS43 KDMX 040629
CLIALO

CLIMATE REPORT
NATIONAL WEATHER SERVICE DES MOINES IA
1227 AM CST SAT MAR 4 2017


...................................

...THE WATERLOO IA CLIMATE SUMMARY FOR MARCH 3 2017...

CLIMATE NORMAL PERIOD 1981 TO 2010
CLIMATE RECORD PERIOD 1895 TO 2017


WEATHER ITEM   OBSERVED TIME   RECORD YEAR NORMAL DEPARTURE LAST
                VALUE   (LST)  VALUE       VALUE  FROM      YEAR
                                                  NORMAL
..................................................................
TEMPERATURE (F)
 YESTERDAY
  MAXIMUM         34    616 PM  70    1983  39     -5       34
  MINIMUM         13    642 AM -19    2014  21     -8       16
  AVERAGE         24                        30     -6       25

PRECIPITATION (IN)
  YESTERDAY        0.00          1.05 1951   0.06  -0.06     0.01
  MONTH TO DATE    0.03                      0.16  -0.13     0.27
  SINCE MAR 1      0.03                      0.16  -0.13     0.27
  SINCE JAN 1      3.96                      1.98   1.98     2.04

SNOWFALL (IN)
  YESTERDAY        0.0           4.1  1948   0.2   -0.2      0.2
  MONTH TO DATE    T                         0.6   -0.6      2.9
  SINCE MAR 1      T                         0.6   -0.6      2.9
  SINCE JUL 1     15.6                      29.5  -13.9     46.0
  SNOW DEPTH       0

DEGREE DAYS
 HEATING
  YESTERDAY       41                        35      6       40
  MONTH TO DATE  111                       106      5      140
  SINCE MAR 1    111                       106      5      140
  SINCE JUL 1   4573                      5525   -952     4840

 COOLING
  YESTERDAY        0                         0      0        0
  MONTH TO DATE    0                         0      0        0
  SINCE MAR 1      0                         0      0        0
  SINCE JAN 1      0                         0      0        0
..................................................................


WIND (MPH)
  HIGHEST WIND SPEED    17   HIGHEST WIND DIRECTION    SE (140)
  HIGHEST GUST SPEED    22   HIGHEST GUST DIRECTION    SE (120)
  AVERAGE WIND SPEED     8.9


SKY COVER
  POSSIBLE SUNSHINE  MM
  AVERAGE SKY COVER 0.4


WEATHER CONDITIONS
 THE FOLLOWING WEATHER WAS RECORDED YESTERDAY.
  NO SIGNIFICANT WEATHER WAS OBSERVED.


RELATIVE HUMIDITY (PERCENT)
 HIGHEST    80           600 AM
 LOWEST     38           300 PM
 AVERAGE    59

..........................................................


THE WATERLOO IA CLIMATE NORMALS FOR TODAY
                         NORMAL    RECORD    YEAR
 MAXIMUM TEMPERATURE (F)   39        70      1983
 MINIMUM TEMPERATURE (F)   22       -12      1978


SUNRISE AND SUNSET
MARCH  4 2017.........SUNRISE   640 AM CST   SUNSET   603 PM CST
MARCH  5 2017.........SUNRISE   638 AM CST   SUNSET   605 PM CST


-  INDICATES NEGATIVE NUMBERS.
R  INDICATES RECORD WAS SET OR TIED.
MM INDICATES DATA IS MISSING.
T  INDICATES TRACE AMOUNT.




$$
