000
CDUS43 KDMX 030742
CLIALO

CLIMATE REPORT
NATIONAL WEATHER SERVICE DES MOINES IA
1251 AM CST SAT FEB 3 2018

...................................

...THE WATERLOO IA CLIMATE SUMMARY FOR FEBRUARY 2 2018...

CLIMATE NORMAL PERIOD 1981 TO 2010
CLIMATE RECORD PERIOD 1895 TO 2018

WEATHER ITEM   OBSERVED TIME   RECORD YEAR NORMAL DEPARTURE LAST
                VALUE   (LST)  VALUE       VALUE  FROM      YEAR
                                                  NORMAL
..................................................................
TEMPERATURE (F)
 YESTERDAY
  MAXIMUM         19    904 PM  59    1924  29    -10       20
  MINIMUM         -3    720 AM -31    1996  11    -14       13
  AVERAGE          8                        20    -12       17

PRECIPITATION (IN)
  YESTERDAY        0.02          0.45 1983   0.03  -0.01     0.00
                                      1915
  MONTH TO DATE    0.02                      0.06  -0.04     0.00
  SINCE DEC 1      2.72                      2.09   0.63     4.76
  SINCE JAN 1      2.26                      0.89   1.37     2.89

SNOWFALL (IN)
  YESTERDAY        0.1           5.9  1983   0.3   -0.2      0.0
  MONTH TO DATE    0.1                       0.6   -0.5      0.0
  SINCE DEC 1     10.1                      18.7   -8.6     14.2
  SINCE JUL 1     10.1                      22.1  -12.0     14.2
  SNOW DEPTH       0

DEGREE DAYS
 HEATING
  YESTERDAY       57                        45     12       48
  MONTH TO DATE  108                        91     17       87
  SINCE DEC 1   2899                      2862     37     2687
  SINCE JUL 1   4290                      4345    -55     3676

 COOLING
  YESTERDAY        0                         0      0        0
  MONTH TO DATE    0                         0      0        0
  SINCE DEC 1      0                         0      0        0
  SINCE JAN 1      0                         0      0        0
..................................................................

WIND (MPH)
  HIGHEST WIND SPEED    14   HIGHEST WIND DIRECTION     S (160)
  HIGHEST GUST SPEED    19   HIGHEST GUST DIRECTION     S (200)
  AVERAGE WIND SPEED     7.0

SKY COVER
  POSSIBLE SUNSHINE  MM
  AVERAGE SKY COVER 0.4

WEATHER CONDITIONS
 THE FOLLOWING WEATHER WAS RECORDED YESTERDAY.
  LIGHT SNOW

RELATIVE HUMIDITY (PERCENT)
 HIGHEST    80           500 PM
 LOWEST     42           100 PM
 AVERAGE    61
..........................................................

THE WATERLOO IA CLIMATE NORMALS FOR TODAY
                         NORMAL    RECORD    YEAR
 MAXIMUM TEMPERATURE (F)   29        54      1934
                                             1928
 MINIMUM TEMPERATURE (F)   11       -31      1996

SUNRISE AND SUNSET
FEBRUARY  3 2018......SUNRISE   721 AM CST   SUNSET   526 PM CST
FEBRUARY  4 2018......SUNRISE   720 AM CST   SUNSET   527 PM CST

-  INDICATES NEGATIVE NUMBERS.
R  INDICATES RECORD WAS SET OR TIED.
MM INDICATES DATA IS MISSING.
T  INDICATES TRACE AMOUNT.

$$

FAB
