000
CDUS43 KDMX 130646
CLIALO

CLIMATE REPORT
NATIONAL WEATHER SERVICE DES MOINES IA
146 AM CDT TUE SEP 13 2016

...................................

...THE WATERLOO IA CLIMATE SUMMARY FOR SEPTEMBER 12 2016...

CLIMATE NORMAL PERIOD 1981 TO 2010
CLIMATE RECORD PERIOD 1895 TO 2016


WEATHER ITEM   OBSERVED TIME   RECORD YEAR NORMAL DEPARTURE LAST
                VALUE   (LST)  VALUE       VALUE  FROM      YEAR
                                                  NORMAL
..................................................................
TEMPERATURE (F)
 YESTERDAY
  MAXIMUM         83    248 PM  97    1927  77      6       69
  MINIMUM         56    601 AM  32    1955  53      3       43
  AVERAGE         70                        65      5       56

PRECIPITATION (IN)
  YESTERDAY        0.00          3.05 1978   0.09  -0.09     0.00
  MONTH TO DATE    1.37                      1.13   0.24     0.47
  SINCE SEP 1      1.37                      1.13   0.24     0.47
  SINCE JAN 1     30.06                     27.41   2.65    25.70

SNOWFALL (IN)
  YESTERDAY        0.0          MM      MM   0.0    0.0      0.0
  MONTH TO DATE    0.0                       0.0    0.0      0.0
  SINCE SEP 1      0.0                       0.0    0.0      0.0
  SINCE JUL 1      0.0                       0.0    0.0      0.0
  SNOW DEPTH       0

DEGREE DAYS
 HEATING
  YESTERDAY        0                         3     -3        9
  MONTH TO DATE    7                        26    -19       17
  SINCE SEP 1      7                        26    -19       17
  SINCE JUL 1     12                        46    -34       48

 COOLING
  YESTERDAY        5                         3      2        0
  MONTH TO DATE   62                        47     15      106
  SINCE SEP 1     62                        47     15      106
  SINCE JAN 1    815                       759     56      680
..................................................................


WIND (MPH)
  HIGHEST WIND SPEED    24   HIGHEST WIND DIRECTION     S (170)
  HIGHEST GUST SPEED    31   HIGHEST GUST DIRECTION     S (160)
  AVERAGE WIND SPEED    12.5


SKY COVER
  POSSIBLE SUNSHINE  MM
  AVERAGE SKY COVER 0.2


WEATHER CONDITIONS
 THE FOLLOWING WEATHER WAS RECORDED YESTERDAY.
  NO SIGNIFICANT WEATHER WAS OBSERVED.


RELATIVE HUMIDITY (PERCENT)
 HIGHEST    86           500 AM
 LOWEST     47           100 PM
 AVERAGE    67

..........................................................


THE WATERLOO IA CLIMATE NORMALS FOR TODAY
                         NORMAL    RECORD    YEAR
 MAXIMUM TEMPERATURE (F)   77        97      1939
                                             1897
 MINIMUM TEMPERATURE (F)   52        31      1975


SUNRISE AND SUNSET
SEPTEMBER 13 2016.....SUNRISE   648 AM CDT   SUNSET   722 PM CDT
SEPTEMBER 14 2016.....SUNRISE   649 AM CDT   SUNSET   720 PM CDT


-  INDICATES NEGATIVE NUMBERS.
R  INDICATES RECORD WAS SET OR TIED.
MM INDICATES DATA IS MISSING.
T  INDICATES TRACE AMOUNT.

$$

SMALL
