000
CDUS43 KDMX 112332 RRA
CLIALO

CLIMATE REPORT
NATIONAL WEATHER SERVICE DES MOINES IA
532 PM CST SAT FEB 11 2017


...................................

...THE WATERLOO IA CLIMATE SUMMARY FOR FEBRUARY 11 2017...
VALID TODAY AS OF 0500 PM LOCAL TIME.

CLIMATE NORMAL PERIOD 1981 TO 2010
CLIMATE RECORD PERIOD 1895 TO 2017


WEATHER ITEM   OBSERVED TIME   RECORD YEAR NORMAL DEPARTURE LAST
                VALUE   (LST)  VALUE       VALUE  FROM      YEAR
                                                  NORMAL
..................................................................
TEMPERATURE (F)
 TODAY
  MAXIMUM         45    313 PM  58    1999  31     14       18
  MINIMUM         30    359 AM -25    2014  13     17       -4
  AVERAGE         38                        22     16        7

PRECIPITATION (IN)
  TODAY            0.00          0.44 1953   0.03  -0.03     0.00
  MONTH TO DATE    0.01                      0.33  -0.32     0.72
  SINCE DEC 1      4.77                      2.36   2.41     7.42
  SINCE JAN 1      2.90                      1.16   1.74     1.50

SNOWFALL (IN)
  TODAY            0.0           3.8  1965   0.3   -0.3      0.0
  MONTH TO DATE    0.2                       3.3   -3.1      8.7
  SINCE DEC 1     14.4                      21.4   -7.0     26.2
  SINCE JUL 1     14.4                      24.8  -10.4     38.9
  SNOW DEPTH       0

DEGREE DAYS
 HEATING
  TODAY           27                        43    -16       58
  MONTH TO DATE  431                       488    -57      495
  SINCE DEC 1   3031                      3259   -228     2877
  SINCE JUL 1   4020                      4742   -722     4092

 COOLING
  TODAY            0                         0      0        0
  MONTH TO DATE    0                         0      0        0
  SINCE DEC 1      0                         0      0        0
  SINCE JAN 1      0                         0      0        0
..................................................................


WIND (MPH)
  HIGHEST WIND SPEED     9   HIGHEST WIND DIRECTION    NE (30)
  HIGHEST GUST SPEED    11   HIGHEST GUST DIRECTION    NE (30)
  AVERAGE WIND SPEED     2.8


SKY COVER
  POSSIBLE SUNSHINE  MM
  AVERAGE SKY COVER 0.2


WEATHER CONDITIONS
 THE FOLLOWING WEATHER WAS RECORDED TODAY.
  FOG


RELATIVE HUMIDITY (PERCENT)
 HIGHEST   100           400 AM
 LOWEST     70          1200 PM
 AVERAGE    85

..........................................................


THE WATERLOO IA CLIMATE NORMALS FOR TOMORROW
                         NORMAL    RECORD    YEAR
 MAXIMUM TEMPERATURE (F)   31        63      1990
 MINIMUM TEMPERATURE (F)   13       -22      1986


SUNRISE AND SUNSET
FEBRUARY 11 2017......SUNRISE   711 AM CST   SUNSET   537 PM CST
FEBRUARY 12 2017......SUNRISE   710 AM CST   SUNSET   538 PM CST


-  INDICATES NEGATIVE NUMBERS.
R  INDICATES RECORD WAS SET OR TIED.
MM INDICATES DATA IS MISSING.
T  INDICATES TRACE AMOUNT.




$$
