000
CDUS43 KDMX 192228 RRA
CLIALO

CLIMATE REPORT
NATIONAL WEATHER SERVICE DES MOINES IA
525 PM CDT FRI JUN 19 2015


...................................

...THE WATERLOO IA CLIMATE SUMMARY FOR JUNE 19 2015...
VALID TODAY AS OF 0500 PM LOCAL TIME.

CLIMATE NORMAL PERIOD 1981 TO 2010
CLIMATE RECORD PERIOD 1895 TO 2015


WEATHER ITEM   OBSERVED TIME   RECORD YEAR NORMAL DEPARTURE LAST
                VALUE   (LST)  VALUE       VALUE  FROM      YEAR
                                                  NORMAL
..................................................................
TEMPERATURE (F)
 TODAY
  MAXIMUM         80    359 PM  98    1953  82     -2       74
                                      1933
  MINIMUM         57    108 AM  43    1970  60     -3       64
                                      1926
  AVERAGE         69                        71     -2       69

PRECIPITATION (IN)
  TODAY            0.00          2.25 1928   0.17  -0.17     1.89
  MONTH TO DATE    2.42                      3.10  -0.68     6.07
  SINCE JUN 1      2.42                      3.10  -0.68     6.07
  SINCE JAN 1     13.29                     15.22  -1.93    20.10

SNOWFALL (IN)
  TODAY            0.0          MM      MM   0.0    0.0      0.0
  MONTH TO DATE    0.0                       0.0    0.0      0.0
  SINCE JUN 1      0.0                       0.0    0.0      0.0
  SINCE JUL 1     29.2                      35.3   -6.1     57.1
  SNOW DEPTH       0

DEGREE DAYS
 HEATING
  TODAY            0                         0      0        0
  MONTH TO DATE   12                        23    -11        7
  SINCE JUN 1     12                        23    -11        7
  SINCE JUL 1   7304                      7027    277     8325

 COOLING
  TODAY            4                         7     -3        4
  MONTH TO DATE   93                        92      1       79
  SINCE JUN 1     93                        92      1       79
  SINCE JAN 1    140                       148     -8      146
..................................................................


WIND (MPH)
  HIGHEST WIND SPEED    16   HIGHEST WIND DIRECTION    SE (120)
  HIGHEST GUST SPEED    19   HIGHEST GUST DIRECTION     S (160)
  AVERAGE WIND SPEED     7.9


SKY COVER
  POSSIBLE SUNSHINE  MM
  AVERAGE SKY COVER 0.0


WEATHER CONDITIONS
 THE FOLLOWING WEATHER WAS RECORDED TODAY.
  NO SIGNIFICANT WEATHER WAS OBSERVED.


RELATIVE HUMIDITY (PERCENT)
 HIGHEST    93           200 AM
 LOWEST     45           300 PM
 AVERAGE    69

..........................................................


THE WATERLOO IA CLIMATE NORMALS FOR TOMORROW
                         NORMAL    RECORD    YEAR
 MAXIMUM TEMPERATURE (F)   83       103      1933
 MINIMUM TEMPERATURE (F)   60        44      1961


SUNRISE AND SUNSET
JUNE 19 2015..........SUNRISE   532 AM CDT   SUNSET   850 PM CDT
JUNE 20 2015..........SUNRISE   532 AM CDT   SUNSET   850 PM CDT


-  INDICATES NEGATIVE NUMBERS.
R  INDICATES RECORD WAS SET OR TIED.
MM INDICATES DATA IS MISSING.
T  INDICATES TRACE AMOUNT.

$$
