363
CDUS43 KDMX 122336 RRA
CLIALO

CLIMATE REPORT
NATIONAL WEATHER SERVICE DES MOINES IA
535 PM CST THU JAN 12 2017


...................................

...THE WATERLOO IA CLIMATE SUMMARY FOR JANUARY 12 2017...
VALID TODAY AS OF 0500 PM LOCAL TIME.

CLIMATE NORMAL PERIOD 1981 TO 2010
CLIMATE RECORD PERIOD 1895 TO 2017


WEATHER ITEM   OBSERVED TIME   RECORD YEAR NORMAL DEPARTURE LAST
                VALUE   (LST)  VALUE       VALUE  FROM      YEAR
                                                  NORMAL
..................................................................
TEMPERATURE (F)
 TODAY
  MAXIMUM         20    339 PM  50    1961  27     -7       16
                                      1928
  MINIMUM         11    820 AM -32    1912   9      2       -4
  AVERAGE         16                        18     -2        6

PRECIPITATION (IN)
  TODAY            0.03          0.76 1960   0.03   0.00     0.01
  MONTH TO DATE    1.30                      0.32   0.98     0.54
  SINCE DEC 1      3.17                      1.52   1.65     6.46
  SINCE JAN 1      1.30                      0.32   0.98     0.54

SNOWFALL (IN)
  TODAY            0.5           4.8  2012   0.3    0.2      0.1
  MONTH TO DATE    0.6                       3.0   -2.4      0.8
  SINCE DEC 1     11.1                      12.9   -1.8     14.8
  SINCE JUL 1     11.1                      16.3   -5.2     27.5
  SNOW DEPTH       0

DEGREE DAYS
 HEATING
  TODAY           49                        47      2       59
  MONTH TO DATE  585                       560     25      554
  SINCE DEC 1   1908                      1888     20     1510
  SINCE JUL 1   2897                      3371   -474     2725

 COOLING
  TODAY            0                         0      0        0
  MONTH TO DATE    0                         0      0        0
  SINCE DEC 1      0                         0      0        0
  SINCE JAN 1      0                         0      0        0
..................................................................


WIND (MPH)
  HIGHEST WIND SPEED    22   HIGHEST WIND DIRECTION     N (360)
  HIGHEST GUST SPEED    26   HIGHEST GUST DIRECTION     N (360)
  AVERAGE WIND SPEED    12.8


SKY COVER
  POSSIBLE SUNSHINE  MM
  AVERAGE SKY COVER 0.7


WEATHER CONDITIONS
 THE FOLLOWING WEATHER WAS RECORDED TODAY.
  LIGHT SNOW
  FOG
  HAZE


RELATIVE HUMIDITY (PERCENT)
 HIGHEST    83           500 AM
 LOWEST     51           300 PM
 AVERAGE    67

..........................................................


THE WATERLOO IA CLIMATE NORMALS FOR TOMORROW
                         NORMAL    RECORD    YEAR
 MAXIMUM TEMPERATURE (F)   27        56      1996
 MINIMUM TEMPERATURE (F)    9       -32      1912


SUNRISE AND SUNSET
JANUARY 12 2017.......SUNRISE   738 AM CST   SUNSET   459 PM CST
JANUARY 13 2017.......SUNRISE   737 AM CST   SUNSET   500 PM CST


-  INDICATES NEGATIVE NUMBERS.
R  INDICATES RECORD WAS SET OR TIED.
MM INDICATES DATA IS MISSING.
T  INDICATES TRACE AMOUNT.

$$
