406
CDUS43 KDMX 160650 RRA
CLIALO

CLIMATE REPORT
NATIONAL WEATHER SERVICE DES MOINES IA
148 AM CDT TUE AUG 16 2016


...................................

...THE WATERLOO IA CLIMATE SUMMARY FOR AUGUST 15 2016...

CLIMATE NORMAL PERIOD 1981 TO 2010
CLIMATE RECORD PERIOD 1895 TO 2016


WEATHER ITEM   OBSERVED TIME   RECORD YEAR NORMAL DEPARTURE LAST
                VALUE   (LST)  VALUE       VALUE  FROM      YEAR
                                                  NORMAL
..................................................................
TEMPERATURE (F)
 YESTERDAY
  MAXIMUM         82    152 PM 104    1988  82      0       88
  MINIMUM         59    526 AM  42    2004  61     -2       63
                                      1929
  AVERAGE         71                        72     -1       76

PRECIPITATION (IN)
  YESTERDAY        0.00          2.13 1977   0.14  -0.14     0.00
  MONTH TO DATE    3.14                      2.14   1.00     0.39
  SINCE JUN 1     16.12                     12.03   4.09     9.21
  SINCE JAN 1     26.56                     24.15   2.41    20.07

SNOWFALL (IN)
  YESTERDAY        0.0          MM      MM   0.0    0.0      0.0
  MONTH TO DATE    0.0                       0.0    0.0      0.0
  SINCE JUN 1      0.0                       0.0    0.0      0.0
  SINCE JUL 1      0.0                       0.0    0.0      0.0
  SNOW DEPTH       0

DEGREE DAYS
 HEATING
  YESTERDAY        0                         0      0        0
  MONTH TO DATE    0                         0      0        0
  SINCE JUN 1      6                        30    -24       23
  SINCE JUL 1      2                         4     -2       11

 COOLING
  YESTERDAY        6                         7     -1       11
  MONTH TO DATE  132                       111     21      105
  SINCE JUN 1    599                       559     40      486
  SINCE JAN 1    662                       615     47      533
..................................................................


WIND (MPH)
  HIGHEST WIND SPEED    10   HIGHEST WIND DIRECTION     E (100)
  HIGHEST GUST SPEED    17   HIGHEST GUST DIRECTION     E (90)
  AVERAGE WIND SPEED     2.4


SKY COVER
  POSSIBLE SUNSHINE  MM
  AVERAGE SKY COVER 0.2


WEATHER CONDITIONS
 THE FOLLOWING WEATHER WAS RECORDED YESTERDAY.
  FOG


RELATIVE HUMIDITY (PERCENT)
 HIGHEST    97           200 AM
 LOWEST     62           100 PM
 AVERAGE    80

..........................................................


THE WATERLOO IA CLIMATE NORMALS FOR TODAY
                         NORMAL    RECORD    YEAR
 MAXIMUM TEMPERATURE (F)   82       105      1937
 MINIMUM TEMPERATURE (F)   61        43      1992
                                             1976


SUNRISE AND SUNSET
AUGUST 16 2016........SUNRISE   618 AM CDT   SUNSET   809 PM CDT
AUGUST 17 2016........SUNRISE   619 AM CDT   SUNSET   807 PM CDT


-  INDICATES NEGATIVE NUMBERS.
R  INDICATES RECORD WAS SET OR TIED.
MM INDICATES DATA IS MISSING.
T  INDICATES TRACE AMOUNT.




$$
