594
CDUS43 KDMX 172226 RRA
CLIALO

CLIMATE REPORT
NATIONAL WEATHER SERVICE DES MOINES IA
525 PM CDT SUN JUL 17 2016


...................................

...THE WATERLOO IA CLIMATE SUMMARY FOR JULY 17 2016...
VALID TODAY AS OF 0500 PM LOCAL TIME.

CLIMATE NORMAL PERIOD 1981 TO 2010
CLIMATE RECORD PERIOD 1895 TO 2016


WEATHER ITEM   OBSERVED TIME   RECORD YEAR NORMAL DEPARTURE LAST
                VALUE   (LST)  VALUE       VALUE  FROM      YEAR
                                                  NORMAL
..................................................................
TEMPERATURE (F)
 TODAY
  MAXIMUM         84    359 PM 105    1936  85     -1       93
  MINIMUM         64    508 AM  48    1976  63      1       71
                                      1911
  AVERAGE         74                        74      0       82

PRECIPITATION (IN)
  TODAY            0.98          4.06 1968   0.17   0.81     0.00
  MONTH TO DATE    2.83                      2.85  -0.02     1.12
  SINCE JUN 1     11.80                      7.83   3.97     6.59
  SINCE JAN 1     22.24                     19.95   2.29    17.45

SNOWFALL (IN)
  TODAY            0.0          MM      MM   0.0    0.0      0.0
  MONTH TO DATE    0.0                       0.0    0.0      0.0
  SINCE JUN 1      0.0                       0.0    0.0      0.0
  SINCE JUL 1      0.0                       0.0    0.0      0.0
  SNOW DEPTH       0

DEGREE DAYS
 HEATING
  TODAY            0                         0      0        0
  MONTH TO DATE    2                         0      2       11
  SINCE JUN 1      6                        26    -20       23
  SINCE JUL 1      2                         0      2       11

 COOLING
  TODAY            9                         9      0       17
  MONTH TO DATE  106                       153    -47      107
  SINCE JUN 1    323                       330     -7      256
  SINCE JAN 1    386                       386      0      303
..................................................................


WIND (MPH)
  HIGHEST WIND SPEED    30   HIGHEST WIND DIRECTION     S (190)
  HIGHEST GUST SPEED    52   HIGHEST GUST DIRECTION     W (290)
  AVERAGE WIND SPEED    12.8


SKY COVER
  POSSIBLE SUNSHINE  MM
  AVERAGE SKY COVER 0.5


WEATHER CONDITIONS
 THE FOLLOWING WEATHER WAS RECORDED TODAY.
  THUNDERSTORM
  HEAVY RAIN
  RAIN
  LIGHT RAIN
  FOG


RELATIVE HUMIDITY (PERCENT)
 HIGHEST    93           500 AM
 LOWEST     68           800 AM
 AVERAGE    81

..........................................................


THE WATERLOO IA CLIMATE NORMALS FOR TOMORROW
                         NORMAL    RECORD    YEAR
 MAXIMUM TEMPERATURE (F)   85       102      1940
 MINIMUM TEMPERATURE (F)   63        49      1914


SUNRISE AND SUNSET
JULY 17 2016..........SUNRISE   548 AM CDT   SUNSET   843 PM CDT
JULY 18 2016..........SUNRISE   549 AM CDT   SUNSET   843 PM CDT


-  INDICATES NEGATIVE NUMBERS.
R  INDICATES RECORD WAS SET OR TIED.
MM INDICATES DATA IS MISSING.
T  INDICATES TRACE AMOUNT.

$$
