000
CDUS43 KDMX 130633 RRA
CLIALO

CLIMATE REPORT
NATIONAL WEATHER SERVICE DES MOINES IA
132 AM CDT WED APR 13 2016


...................................

...THE WATERLOO IA CLIMATE SUMMARY FOR APRIL 12 2016...

CLIMATE NORMAL PERIOD 1981 TO 2010
CLIMATE RECORD PERIOD 1895 TO 2016


WEATHER ITEM   OBSERVED TIME   RECORD YEAR NORMAL DEPARTURE LAST
                VALUE   (LST)  VALUE       VALUE  FROM      YEAR
                                                  NORMAL
..................................................................
TEMPERATURE (F)
 YESTERDAY
  MAXIMUM         56    450 PM  87    1925  59     -3       68
  MINIMUM         19    507 AM  18    1940  36    -17       47
                                      1939
  AVERAGE         38                        47     -9       58

PRECIPITATION (IN)
  YESTERDAY        0.00          2.03 1991   0.12  -0.12     0.03
  MONTH TO DATE    0.61                      1.26  -0.65     1.56
  SINCE MAR 1      3.49                      3.32   0.17     2.16
  SINCE JAN 1      5.21                      5.14   0.07     4.19

SNOWFALL (IN)
  YESTERDAY        0.0           2.8  1997   0.1   -0.1      0.0
  MONTH TO DATE    T                         1.1   -1.1       T
  SINCE MAR 1      2.9                       5.7   -2.8      0.7
  SINCE JUL 1     46.0                      34.6   11.4     29.2
  SNOW DEPTH       0

DEGREE DAYS
 HEATING
  YESTERDAY       27                        18      9        7
  MONTH TO DATE  304                       240     64      200
  SINCE MAR 1   1050                      1146    -96     1109
  SINCE JUL 1   5749                      6565   -816     6870

 COOLING
  YESTERDAY        0                         0      0        0
  MONTH TO DATE    0                         0      0        0
  SINCE MAR 1      0                         0      0        0
  SINCE JAN 1      0                         0      0        0
..................................................................


WIND (MPH)
  HIGHEST WIND SPEED    18   HIGHEST WIND DIRECTION     S (170)
  HIGHEST GUST SPEED    23   HIGHEST GUST DIRECTION     S (190)
  AVERAGE WIND SPEED     7.1


SKY COVER
  POSSIBLE SUNSHINE  MM
  AVERAGE SKY COVER 0.0


WEATHER CONDITIONS
 THE FOLLOWING WEATHER WAS RECORDED YESTERDAY.
  NO SIGNIFICANT WEATHER WAS OBSERVED.


RELATIVE HUMIDITY (PERCENT)
 HIGHEST    84           600 AM
 LOWEST     19           500 PM
 AVERAGE    52

..........................................................


THE WATERLOO IA CLIMATE NORMALS FOR TODAY
                         NORMAL    RECORD    YEAR
 MAXIMUM TEMPERATURE (F)   60        88      1916
 MINIMUM TEMPERATURE (F)   36        18      1950


SUNRISE AND SUNSET
APRIL 13 2016.........SUNRISE   631 AM CDT   SUNSET   750 PM CDT
APRIL 14 2016.........SUNRISE   629 AM CDT   SUNSET   751 PM CDT


-  INDICATES NEGATIVE NUMBERS.
R  INDICATES RECORD WAS SET OR TIED.
MM INDICATES DATA IS MISSING.
T  INDICATES TRACE AMOUNT.




$$
