000
CDUS43 KDMX 290629 RRA
CLIALO

CLIMATE REPORT
NATIONAL WEATHER SERVICE DES MOINES IA
127 AM CDT SAT MAR 29 2014

...................................

...THE WATERLOO IA CLIMATE SUMMARY FOR MARCH 28 2014...

CLIMATE NORMAL PERIOD 1981 TO 2010
CLIMATE RECORD PERIOD 1895 TO 2014


WEATHER ITEM   OBSERVED TIME   RECORD YEAR NORMAL DEPARTURE LAST
                VALUE   (LST)  VALUE       VALUE  FROM      YEAR
                                                  NORMAL
..................................................................
TEMPERATURE (F)
 YESTERDAY
  MAXIMUM         39    249 PM  81    1986  52    -13       48
  MINIMUM         31    752 AM   3    1970  30      1       23
  AVERAGE         35                        41     -6       36

PRECIPITATION (IN)
  YESTERDAY        0.00          0.85 1931   0.08  -0.08     0.00
  MONTH TO DATE    1.46                      1.80  -0.34     2.49
  SINCE MAR 1      1.46                      1.80  -0.34     2.49
  SINCE JAN 1      4.09                      3.62   0.47     5.57

SNOWFALL (IN)
  YESTERDAY        0.0           8.5  1931   0.1   -0.1      0.0
  MONTH TO DATE    5.8                       4.2    1.6     11.2
  SINCE MAR 1      5.8                       4.2    1.6     11.2
  SINCE JUL 1     57.6                      33.1   24.5     48.3
  SNOW DEPTH       0

DEGREE DAYS
 HEATING
  YESTERDAY       30                        24      6       29
  MONTH TO DATE 1076                       836    240     1105
  SINCE MAR 1   1076                       836    240     1105
  SINCE JUL 1   7484                      6255   1229     6315

 COOLING
  YESTERDAY        0                         0      0        0
  MONTH TO DATE    0                         0      0        0
  SINCE MAR 1      0                         0      0        0
  SINCE JAN 1      0                         0      0        0
..................................................................


WIND (MPH)
  HIGHEST WIND SPEED    25   HIGHEST WIND DIRECTION     N (350)
  HIGHEST GUST SPEED    31   HIGHEST GUST DIRECTION     N (350)
  AVERAGE WIND SPEED    10.4


SKY COVER
  POSSIBLE SUNSHINE  MM
  AVERAGE SKY COVER 1.0


WEATHER CONDITIONS
 THE FOLLOWING WEATHER WAS RECORDED YESTERDAY.
  FOG


RELATIVE HUMIDITY (PERCENT)
 HIGHEST    92          1200 AM
 LOWEST     70           200 PM
 AVERAGE    81

..........................................................


THE WATERLOO IA CLIMATE NORMALS FOR TODAY
                         NORMAL    RECORD    YEAR
 MAXIMUM TEMPERATURE (F)   52        87      1986
 MINIMUM TEMPERATURE (F)   31         4      1969


SUNRISE AND SUNSET
MARCH 29 2014.........SUNRISE   657 AM CDT   SUNSET   732 PM CDT
MARCH 30 2014.........SUNRISE   655 AM CDT   SUNSET   733 PM CDT


-  INDICATES NEGATIVE NUMBERS.
R  INDICATES RECORD WAS SET OR TIED.
MM INDICATES DATA IS MISSING.
T  INDICATES TRACE AMOUNT.

$$

REV
