000
CDUS43 KDMX 122331
CLIALO

CLIMATE REPORT
NATIONAL WEATHER SERVICE DES MOINES IA
530 PM CST MON JAN 12 2015


...................................

...THE WATERLOO IA CLIMATE SUMMARY FOR JANUARY 12 2015...
VALID TODAY AS OF 0500 PM LOCAL TIME.

CLIMATE NORMAL PERIOD 1981 TO 2010
CLIMATE RECORD PERIOD 1895 TO 2015


WEATHER ITEM   OBSERVED TIME   RECORD YEAR NORMAL DEPARTURE LAST
                VALUE   (LST)  VALUE       VALUE  FROM      YEAR
                                                  NORMAL
..................................................................
TEMPERATURE (F)
 TODAY
  MAXIMUM         16    309 AM  50    1961  27    -11       40
                                      1928
  MINIMUM          1    713 AM -32    1912   9     -8       22
  AVERAGE          9                        18     -9       31

PRECIPITATION (IN)
  TODAY            0.00          0.76 1960   0.03  -0.03     0.00
  MONTH TO DATE    0.52                      0.32   0.20     0.15
  SINCE DEC 1      2.16                      1.52   0.64     1.09
  SINCE JAN 1      0.52                      0.32   0.20     0.15

SNOWFALL (IN)
  TODAY            0.0           4.8  2012   0.3   -0.3      0.0
  MONTH TO DATE    7.5                       3.0    4.5      1.0
  SINCE DEC 1      8.0                      12.9   -4.9     18.9
  SINCE JUL 1     13.4                      16.3   -2.9     24.8
  SNOW DEPTH       4

DEGREE DAYS
 HEATING
  TODAY           56                        47      9       34
  MONTH TO DATE  670                       560    110      692
  SINCE DEC 1   1810                      1888    -78     2240
  SINCE JUL 1   3559                      3371    188     3846

 COOLING
  TODAY            0                         0      0        0
  MONTH TO DATE    0                         0      0        0
  SINCE DEC 1      0                         0      0        0
  SINCE JAN 1      0                         0      0        0
..................................................................


WIND (MPH)
  HIGHEST WIND SPEED    21   HIGHEST WIND DIRECTION     N (350)
  HIGHEST GUST SPEED    24   HIGHEST GUST DIRECTION     N (360)
  AVERAGE WIND SPEED    13.4


SKY COVER
  POSSIBLE SUNSHINE  MM
  AVERAGE SKY COVER 0.2


WEATHER CONDITIONS
 THE FOLLOWING WEATHER WAS RECORDED TODAY.
  HAZE


RELATIVE HUMIDITY (PERCENT)
 HIGHEST    87           600 AM
 LOWEST     63           300 PM
 AVERAGE    75

..........................................................


THE WATERLOO IA CLIMATE NORMALS FOR TOMORROW
                         NORMAL    RECORD    YEAR
 MAXIMUM TEMPERATURE (F)   27        56      1996
 MINIMUM TEMPERATURE (F)    9       -32      1912


SUNRISE AND SUNSET
JANUARY 12 2015.......SUNRISE   738 AM CST   SUNSET   458 PM CST
JANUARY 13 2015.......SUNRISE   738 AM CST   SUNSET   459 PM CST


-  INDICATES NEGATIVE NUMBERS.
R  INDICATES RECORD WAS SET OR TIED.
MM INDICATES DATA IS MISSING.
T  INDICATES TRACE AMOUNT.




$$
