528
CDUS43 KDMX 240636
CLIALO

CLIMATE REPORT
NATIONAL WEATHER SERVICE DES MOINES IA
132 AM CDT SUN APR 24 2016

...................................

...THE WATERLOO IA CLIMATE SUMMARY FOR APRIL 23 2016...

CLIMATE NORMAL PERIOD 1981 TO 2010
CLIMATE RECORD PERIOD 1895 TO 2016


WEATHER ITEM   OBSERVED TIME   RECORD YEAR NORMAL DEPARTURE LAST
                VALUE   (LST)  VALUE       VALUE  FROM      YEAR
                                                  NORMAL
..................................................................
TEMPERATURE (F)
 YESTERDAY
  MAXIMUM         69    427 PM  89    1925  64      5       58
  MINIMUM         39    158 AM  19    1927  40     -1       26
  AVERAGE         54                        52      2       42

PRECIPITATION (IN)
  YESTERDAY        0.00          1.66 1948   0.14  -0.14     0.00
  MONTH TO DATE    1.17                      2.71  -1.54     2.89
  SINCE MAR 1      4.05                      4.77  -0.72     3.49
  SINCE JAN 1      5.77                      6.59  -0.82     5.52

SNOWFALL (IN)
  YESTERDAY        0.0           1.5  1910   0.1   -0.1      0.0
  MONTH TO DATE    T                         1.7   -1.7       T
  SINCE MAR 1      2.9                       6.3   -3.4      0.7
  SINCE JUL 1     46.0                      35.2   10.8     29.2
  SNOW DEPTH       0

DEGREE DAYS
 HEATING
  YESTERDAY       11                        13     -2       23
  MONTH TO DATE  385                       409    -24      347
  SINCE MAR 1   1131                      1315   -184     1256
  SINCE JUL 1   5830                      6734   -904     7017

 COOLING
  YESTERDAY        0                         0      0        0
  MONTH TO DATE    0                         0      0        0
  SINCE MAR 1      0                         0      0        0
  SINCE JAN 1      0                         0      0        0
..................................................................


WIND (MPH)
  HIGHEST WIND SPEED    22   HIGHEST WIND DIRECTION     S (160)
  HIGHEST GUST SPEED    29   HIGHEST GUST DIRECTION    SE (140)
  AVERAGE WIND SPEED    11.3


SKY COVER
  POSSIBLE SUNSHINE  MM
  AVERAGE SKY COVER 0.4


WEATHER CONDITIONS
 THE FOLLOWING WEATHER WAS RECORDED YESTERDAY.
  FOG
  FOG W/VISIBILITY <= 1/4 MILE
  HAZE


RELATIVE HUMIDITY (PERCENT)
 HIGHEST   100           200 AM
 LOWEST     45           500 PM
 AVERAGE    73

..........................................................


THE WATERLOO IA CLIMATE NORMALS FOR TODAY
                         NORMAL    RECORD    YEAR
 MAXIMUM TEMPERATURE (F)   64        90      1939
 MINIMUM TEMPERATURE (F)   41        20      1956


SUNRISE AND SUNSET
APRIL 24 2016.........SUNRISE   614 AM CDT   SUNSET   802 PM CDT
APRIL 25 2016.........SUNRISE   612 AM CDT   SUNSET   803 PM CDT


-  INDICATES NEGATIVE NUMBERS.
R  INDICATES RECORD WAS SET OR TIED.
MM INDICATES DATA IS MISSING.
T  INDICATES TRACE AMOUNT.

$$

REV
