000
CDUS43 KDMX 170640 RRA
CLIALO

CLIMATE REPORT
NATIONAL WEATHER SERVICE DES MOINES IA
139 AM CDT FRI JUL 17 2015


...................................

...THE WATERLOO IA CLIMATE SUMMARY FOR JULY 16 2015...

CLIMATE NORMAL PERIOD 1981 TO 2010
CLIMATE RECORD PERIOD 1895 TO 2015


WEATHER ITEM   OBSERVED TIME   RECORD YEAR NORMAL DEPARTURE LAST
                VALUE   (LST)  VALUE       VALUE  FROM      YEAR
                                                  NORMAL
..................................................................
TEMPERATURE (F)
 YESTERDAY
  MAXIMUM         80    529 PM 103    1901  85     -5       77
  MINIMUM         66    644 AM  48    1912  63      3       49
  AVERAGE         73                        74     -1       63

PRECIPITATION (IN)
  YESTERDAY        0.45          5.31 1968   0.16   0.29     0.00
  MONTH TO DATE    1.12                      2.68  -1.56     0.43
  SINCE JUN 1      6.59                      7.66  -1.07    10.06
  SINCE JAN 1     17.46                     19.78  -2.32    24.09

SNOWFALL (IN)
  YESTERDAY        0.0          MM      MM   0.0    0.0      0.0
  MONTH TO DATE    0.0                       0.0    0.0      0.0
  SINCE JUN 1      0.0                       0.0    0.0      0.0
  SINCE JUL 1      0.0                       0.0    0.0      0.0
  SNOW DEPTH       0

DEGREE DAYS
 HEATING
  YESTERDAY        0                         0      0        2
  MONTH TO DATE   11                         0     11       17
  SINCE JUN 1     23                        26     -3       24
  SINCE JUL 1     11                         0     11       17

 COOLING
  YESTERDAY        8                         9     -1        0
  MONTH TO DATE   90                       144    -54       60
  SINCE JUN 1    240                       321    -81      231
  SINCE JAN 1    287                       377    -90      298
..................................................................


WIND (MPH)
  HIGHEST WIND SPEED    21   HIGHEST WIND DIRECTION    SE (140)
  HIGHEST GUST SPEED    29   HIGHEST GUST DIRECTION    SE (150)
  AVERAGE WIND SPEED    10.4


SKY COVER
  POSSIBLE SUNSHINE  MM
  AVERAGE SKY COVER 0.8


WEATHER CONDITIONS
 THE FOLLOWING WEATHER WAS RECORDED YESTERDAY.
  RAIN
  LIGHT RAIN
  FOG


RELATIVE HUMIDITY (PERCENT)
 HIGHEST   100           900 AM
 LOWEST     79           400 PM
 AVERAGE    90

..........................................................


THE WATERLOO IA CLIMATE NORMALS FOR TODAY
                         NORMAL    RECORD    YEAR
 MAXIMUM TEMPERATURE (F)   85       105      1936
 MINIMUM TEMPERATURE (F)   63        48      1976
                                             1911


SUNRISE AND SUNSET
JULY 17 2015..........SUNRISE   547 AM CDT   SUNSET   844 PM CDT
JULY 18 2015..........SUNRISE   548 AM CDT   SUNSET   843 PM CDT


-  INDICATES NEGATIVE NUMBERS.
R  INDICATES RECORD WAS SET OR TIED.
MM INDICATES DATA IS MISSING.
T  INDICATES TRACE AMOUNT.




$$
