000
CDUS43 KDMX 090632
CLIALO

CLIMATE REPORT
NATIONAL WEATHER SERVICE DES MOINES IA
1230 AM CST THU MAR 9 2017


...................................

...THE WATERLOO IA CLIMATE SUMMARY FOR MARCH 8 2017...

CLIMATE NORMAL PERIOD 1981 TO 2010
CLIMATE RECORD PERIOD 1895 TO 2017


WEATHER ITEM   OBSERVED TIME   RECORD YEAR NORMAL DEPARTURE LAST
                VALUE   (LST)  VALUE       VALUE  FROM      YEAR
                                                  NORMAL
..................................................................
TEMPERATURE (F)
 YESTERDAY
  MAXIMUM         47    425 PM  75    2000  41      6       72
                                      1977
  MINIMUM         26   1058 PM  -9    1975  23      3       46
  AVERAGE         37                        32      5       59

PRECIPITATION (IN)
  YESTERDAY        0.00          1.03 1998   0.06  -0.06     0.01
  MONTH TO DATE    0.53                      0.44   0.09     0.29
  SINCE MAR 1      0.53                      0.44   0.09     0.29
  SINCE JAN 1      4.46                      2.26   2.20     2.06

SNOWFALL (IN)
  YESTERDAY        0.0          10.0  1998   0.2   -0.2      0.0
  MONTH TO DATE    T                         1.5   -1.5      2.9
  SINCE MAR 1      T                         1.5   -1.5      2.9
  SINCE JUL 1     15.6                      30.4  -14.8     46.0
  SNOW DEPTH       0

DEGREE DAYS
 HEATING
  YESTERDAY       28                        33     -5        6
  MONTH TO DATE  209                       275    -66      245
  SINCE MAR 1    209                       275    -66      245
  SINCE JUL 1   4671                      5694  -1023     4945

 COOLING
  YESTERDAY        0                         0      0        0
  MONTH TO DATE    0                         0      0        0
  SINCE MAR 1      0                         0      0        0
  SINCE JAN 1      0                         0      0        0
..................................................................


WIND (MPH)
  HIGHEST WIND SPEED    32   HIGHEST WIND DIRECTION     W (270)
  HIGHEST GUST SPEED    44   HIGHEST GUST DIRECTION     W (260)
  AVERAGE WIND SPEED    17.8


SKY COVER
  POSSIBLE SUNSHINE  MM
  AVERAGE SKY COVER 0.1


WEATHER CONDITIONS
 THE FOLLOWING WEATHER WAS RECORDED YESTERDAY.
  NO SIGNIFICANT WEATHER WAS OBSERVED.


RELATIVE HUMIDITY (PERCENT)
 HIGHEST    69           900 PM
 LOWEST     27          1200 PM
 AVERAGE    48

..........................................................


THE WATERLOO IA CLIMATE NORMALS FOR TODAY
                         NORMAL    RECORD    YEAR
 MAXIMUM TEMPERATURE (F)   42        63      1990
 MINIMUM TEMPERATURE (F)   24       -12      1984


SUNRISE AND SUNSET
MARCH  9 2017.........SUNRISE   631 AM CST   SUNSET   609 PM CST
MARCH 10 2017.........SUNRISE   630 AM CST   SUNSET   611 PM CST


-  INDICATES NEGATIVE NUMBERS.
R  INDICATES RECORD WAS SET OR TIED.
MM INDICATES DATA IS MISSING.
T  INDICATES TRACE AMOUNT.




$$
