000
CDUS43 KDMX 272328 RRA
CLIALO

CLIMATE REPORT
NATIONAL WEATHER SERVICE DES MOINES IA
527 PM CST WED JAN 27 2016


...................................

...THE WATERLOO IA CLIMATE SUMMARY FOR JANUARY 27 2016...
VALID TODAY AS OF 0500 PM LOCAL TIME.

CLIMATE NORMAL PERIOD 1981 TO 2010
CLIMATE RECORD PERIOD 1895 TO 2016


WEATHER ITEM   OBSERVED TIME   RECORD YEAR NORMAL DEPARTURE LAST
                VALUE   (LST)  VALUE       VALUE  FROM      YEAR
                                                  NORMAL
..................................................................
TEMPERATURE (F)
 TODAY
  MAXIMUM         36    455 PM  60    2002  28      8       34
                                      1944
  MINIMUM         20    747 AM -23    1904  10     10       28
  AVERAGE         28                        19      9       31

PRECIPITATION (IN)
  TODAY            0.00          0.60 1916   0.03  -0.03     0.00
  MONTH TO DATE    0.78                      0.71   0.07     0.64
  SINCE DEC 1      6.70                      1.91   4.79     2.28
  SINCE JAN 1      0.78                      0.71   0.07     0.64

SNOWFALL (IN)
  TODAY            0.0           3.0  1923   0.3   -0.3      0.0
  MONTH TO DATE    3.5                       7.0   -3.5      8.7
  SINCE DEC 1     17.5                      16.9    0.6      9.2
  SINCE JUL 1     30.2                      20.3    9.9     14.6
  SNOW DEPTH       5

DEGREE DAYS
 HEATING
  TODAY           37                        46     -9       34
  MONTH TO DATE 1285                      1262     23     1216
  SINCE DEC 1   2241                      2590   -349     2356
  SINCE JUL 1   3456                      4073   -617     4105

 COOLING
  TODAY            0                         0      0        0
  MONTH TO DATE    0                         0      0        0
  SINCE DEC 1      0                         0      0        0
  SINCE JAN 1      0                         0      0        0
..................................................................


WIND (MPH)
  HIGHEST WIND SPEED    25   HIGHEST WIND DIRECTION     S (200)
  HIGHEST GUST SPEED    30   HIGHEST GUST DIRECTION    SW (220)
  AVERAGE WIND SPEED    10.7


SKY COVER
  POSSIBLE SUNSHINE  MM
  AVERAGE SKY COVER 0.6


WEATHER CONDITIONS
 THE FOLLOWING WEATHER WAS RECORDED TODAY.
  NO SIGNIFICANT WEATHER WAS OBSERVED.


RELATIVE HUMIDITY (PERCENT)
 HIGHEST    88           900 AM
 LOWEST     69           200 PM
 AVERAGE    79

..........................................................


THE WATERLOO IA CLIMATE NORMALS FOR TOMORROW
                         NORMAL    RECORD    YEAR
 MAXIMUM TEMPERATURE (F)   28        51      1931
 MINIMUM TEMPERATURE (F)   10       -29      1915


SUNRISE AND SUNSET
JANUARY 27 2016.......SUNRISE   729 AM CST   SUNSET   516 PM CST
JANUARY 28 2016.......SUNRISE   728 AM CST   SUNSET   517 PM CST


-  INDICATES NEGATIVE NUMBERS.
R  INDICATES RECORD WAS SET OR TIED.
MM INDICATES DATA IS MISSING.
T  INDICATES TRACE AMOUNT.

$$
