000
CDUS43 KDMX 020703
CLIALO

CLIMATE REPORT
NATIONAL WEATHER SERVICE DES MOINES IA
1253 AM CST FRI FEB 2 2018

...................................

...THE WATERLOO IA CLIMATE SUMMARY FOR FEBRUARY 1 2018...

CLIMATE NORMAL PERIOD 1981 TO 2010
CLIMATE RECORD PERIOD 1895 TO 2018

WEATHER ITEM   OBSERVED TIME   RECORD YEAR NORMAL DEPARTURE LAST
                VALUE   (LST)  VALUE       VALUE  FROM      YEAR
                                                  NORMAL
..................................................................
TEMPERATURE (F)
 YESTERDAY
  MAXIMUM         25   1201 AM  52    1911  29     -4       34
  MINIMUM          2   1159 PM -30    1918  10     -8       17
  AVERAGE         14                        20     -6       26

PRECIPITATION (IN)
  YESTERDAY        0.00          1.08 1973   0.03  -0.03     0.00
  MONTH TO DATE    0.00                      0.03  -0.03     0.00
  SINCE DEC 1      2.70                      2.06   0.64     4.76
  SINCE JAN 1      2.24                      0.86   1.38     2.89

SNOWFALL (IN)
  YESTERDAY        0.0           6.3  2015   0.3   -0.3      0.0
  MONTH TO DATE    0.0                       0.3   -0.3      0.0
  SINCE DEC 1     10.0                      18.4   -8.4     14.2
  SINCE JUL 1     10.0                      21.8  -11.8     14.2
  SNOW DEPTH       0

DEGREE DAYS
 HEATING
  YESTERDAY       51                        46      5       39
  MONTH TO DATE   51                        46      5       39
  SINCE DEC 1   2842                      2817     25     2639
  SINCE JUL 1   4233                      4300    -67     3628

 COOLING
  YESTERDAY        0                         0      0        0
  MONTH TO DATE    0                         0      0        0
  SINCE DEC 1      0                         0      0        0
  SINCE JAN 1      0                         0      0        0
..................................................................

WIND (MPH)
  HIGHEST WIND SPEED    33   HIGHEST WIND DIRECTION    NW (320)
  HIGHEST GUST SPEED    43   HIGHEST GUST DIRECTION    NW (320)
  AVERAGE WIND SPEED    18.2

SKY COVER
  POSSIBLE SUNSHINE  MM
  AVERAGE SKY COVER 0.0

WEATHER CONDITIONS
 THE FOLLOWING WEATHER WAS RECORDED YESTERDAY.
  NO SIGNIFICANT WEATHER WAS OBSERVED.

RELATIVE HUMIDITY (PERCENT)
 HIGHEST    76           800 PM
 LOWEST     45          1200 PM
 AVERAGE    61
..........................................................

THE WATERLOO IA CLIMATE NORMALS FOR TODAY
                         NORMAL    RECORD    YEAR
 MAXIMUM TEMPERATURE (F)   29        59      1924
 MINIMUM TEMPERATURE (F)   11       -31      1996

SUNRISE AND SUNSET
FEBRUARY  2 2018......SUNRISE   722 AM CST   SUNSET   525 PM CST
FEBRUARY  3 2018......SUNRISE   721 AM CST   SUNSET   526 PM CST

-  INDICATES NEGATIVE NUMBERS.
R  INDICATES RECORD WAS SET OR TIED.
MM INDICATES DATA IS MISSING.
T  INDICATES TRACE AMOUNT.

$$

FAB
