000
CDUS43 KDMX 182226 RRA
CLIALO

CLIMATE REPORT
NATIONAL WEATHER SERVICE DES MOINES IA
525 PM CDT THU JUN 18 2015


...................................

...THE WATERLOO IA CLIMATE SUMMARY FOR JUNE 18 2015...
VALID TODAY AS OF 0500 PM LOCAL TIME.

CLIMATE NORMAL PERIOD 1981 TO 2010
CLIMATE RECORD PERIOD 1895 TO 2015


WEATHER ITEM   OBSERVED TIME   RECORD YEAR NORMAL DEPARTURE LAST
                VALUE   (LST)  VALUE       VALUE  FROM      YEAR
                                                  NORMAL
..................................................................
TEMPERATURE (F)
 TODAY
  MAXIMUM         80    303 PM  98    1953  82     -2       82
                                      1940
  MINIMUM         60    543 AM  44    1965  60      0       66
  AVERAGE         70                        71     -1       74

PRECIPITATION (IN)
  TODAY            0.00          2.17 1946   0.16  -0.16     0.40
  MONTH TO DATE    2.42                      2.93  -0.51     4.18
  SINCE JUN 1      2.42                      2.93  -0.51     4.18
  SINCE JAN 1     13.29                     15.05  -1.76    18.21

SNOWFALL (IN)
  TODAY            0.0          MM      MM   0.0    0.0      0.0
  MONTH TO DATE    0.0                       0.0    0.0      0.0
  SINCE JUN 1      0.0                       0.0    0.0      0.0
  SINCE JUL 1     29.2                      35.3   -6.1     57.1
  SNOW DEPTH       0

DEGREE DAYS
 HEATING
  TODAY            0                         1     -1        0
  MONTH TO DATE   12                        23    -11        7
  SINCE JUN 1     12                        23    -11        7
  SINCE JUL 1   7304                      7027    277     8325

 COOLING
  TODAY            5                         7     -2        9
  MONTH TO DATE   89                        85      4       75
  SINCE JUN 1     89                        85      4       75
  SINCE JAN 1    136                       141     -5      142
..................................................................


WIND (MPH)
  HIGHEST WIND SPEED    15   HIGHEST WIND DIRECTION     N (350)
  HIGHEST GUST SPEED    19   HIGHEST GUST DIRECTION     N (350)
  AVERAGE WIND SPEED     8.4


SKY COVER
  POSSIBLE SUNSHINE  MM
  AVERAGE SKY COVER 0.1


WEATHER CONDITIONS
 THE FOLLOWING WEATHER WAS RECORDED TODAY.
  FOG


RELATIVE HUMIDITY (PERCENT)
 HIGHEST    97           400 AM
 LOWEST     48           400 PM
 AVERAGE    73

..........................................................


THE WATERLOO IA CLIMATE NORMALS FOR TOMORROW
                         NORMAL    RECORD    YEAR
 MAXIMUM TEMPERATURE (F)   82        98      1953
                                             1933
 MINIMUM TEMPERATURE (F)   60        43      1970
                                             1926


SUNRISE AND SUNSET
JUNE 18 2015..........SUNRISE   532 AM CDT   SUNSET   850 PM CDT
JUNE 19 2015..........SUNRISE   532 AM CDT   SUNSET   850 PM CDT


-  INDICATES NEGATIVE NUMBERS.
R  INDICATES RECORD WAS SET OR TIED.
MM INDICATES DATA IS MISSING.
T  INDICATES TRACE AMOUNT.

$$
