000
CDUS43 KDMX 070646 RRA
CLIALO

CLIMATE REPORT
NATIONAL WEATHER SERVICE DES MOINES IA
1244 AM CST FRI NOV 7 2014

...................................

...THE WATERLOO IA CLIMATE SUMMARY FOR NOVEMBER 6 2014...

CLIMATE NORMAL PERIOD 1981 TO 2010
CLIMATE RECORD PERIOD 1895 TO 2014


WEATHER ITEM   OBSERVED TIME   RECORD YEAR NORMAL DEPARTURE LAST
                VALUE   (LST)  VALUE       VALUE  FROM      YEAR
                                                  NORMAL
..................................................................
TEMPERATURE (F)
 YESTERDAY
  MAXIMUM         47    152 PM  75    2001  52     -5       45
  MINIMUM         22   1114 PM   5    1991  32    -10       25
  AVERAGE         35                        42     -7       35

PRECIPITATION (IN)
  YESTERDAY        T             1.68 2000   0.07  -0.07     0.06
  MONTH TO DATE    0.02                      0.44  -0.42     1.21
  SINCE SEP 1      5.33                      5.55  -0.22     4.83
  SINCE JAN 1     32.62                     31.83   0.79    39.05

SNOWFALL (IN)
  YESTERDAY        0.0           1.5  1896   0.0    0.0       T
  MONTH TO DATE    0.0                       0.2   -0.2       T
  SINCE SEP 1      T                         0.5   -0.5      1.0
  SINCE JUL 1      T                         0.5   -0.5      1.0
  SNOW DEPTH       0

DEGREE DAYS
 HEATING
  YESTERDAY       30                        23      7       30
  MONTH TO DATE  139                       132      7      145
  SINCE SEP 1    782                       735     47      725
  SINCE JUL 1    799                       755     44      745

 COOLING
  YESTERDAY        0                         0      0        0
  MONTH TO DATE    0                         0      0        0
  SINCE SEP 1     51                        87    -36      141
  SINCE JAN 1    658                       799   -141      837
..................................................................


WIND (MPH)
  HIGHEST WIND SPEED    33   HIGHEST WIND DIRECTION    NW (330)
  HIGHEST GUST SPEED    41   HIGHEST GUST DIRECTION    NW (330)
  AVERAGE WIND SPEED    16.2


SKY COVER
  POSSIBLE SUNSHINE  MM
  AVERAGE SKY COVER 0.6


WEATHER CONDITIONS
 THE FOLLOWING WEATHER WAS RECORDED YESTERDAY.
  LIGHT RAIN


RELATIVE HUMIDITY (PERCENT)
 HIGHEST    85           400 AM
 LOWEST     49           200 PM
 AVERAGE    67

..........................................................


THE WATERLOO IA CLIMATE NORMALS FOR TODAY
                         NORMAL    RECORD    YEAR
 MAXIMUM TEMPERATURE (F)   51        79      1915
 MINIMUM TEMPERATURE (F)   31        -1      1991


SUNRISE AND SUNSET
NOVEMBER  7 2014......SUNRISE   651 AM CST   SUNSET   455 PM CST
NOVEMBER  8 2014......SUNRISE   652 AM CST   SUNSET   454 PM CST


-  INDICATES NEGATIVE NUMBERS.
R  INDICATES RECORD WAS SET OR TIED.
MM INDICATES DATA IS MISSING.
T  INDICATES TRACE AMOUNT.




$$
