000
CDUS43 KDMX 090649 RRA
CLIALO

CLIMATE REPORT
NATIONAL WEATHER SERVICE DES MOINES IA
148 AM CDT MON MAY 9 2016


...................................

...THE WATERLOO IA CLIMATE SUMMARY FOR MAY 8 2016...

CLIMATE NORMAL PERIOD 1981 TO 2010
CLIMATE RECORD PERIOD 1895 TO 2016


WEATHER ITEM   OBSERVED TIME   RECORD YEAR NORMAL DEPARTURE LAST
                VALUE   (LST)  VALUE       VALUE  FROM      YEAR
                                                  NORMAL
..................................................................
TEMPERATURE (F)
 YESTERDAY
  MAXIMUM         72    351 PM  90    1934  70      2       66
  MINIMUM         38    358 AM  28    1976  46     -8       56
  AVERAGE         55                        58     -3       61

PRECIPITATION (IN)
  YESTERDAY        T             1.47 1988   0.14  -0.14     0.00
  MONTH TO DATE    0.16                      1.11  -0.95     0.87
  SINCE MAR 1      5.64                      6.88  -1.24     4.83
  SINCE JAN 1      7.36                      8.70  -1.34     6.86

SNOWFALL (IN)
  YESTERDAY        0.0          MM      MM   0.0    0.0      0.0
  MONTH TO DATE    0.0                       0.0    0.0      0.0
  SINCE MAR 1      2.9                       6.4   -3.5      0.7
  SINCE JUL 1     46.0                      35.3   10.7     29.2
  SNOW DEPTH       0

DEGREE DAYS
 HEATING
  YESTERDAY       10                         8      2        4
  MONTH TO DATE   87                        73     14       27
  SINCE MAR 1   1306                      1470   -164     1390
  SINCE JUL 1   6005                      6889   -884     7151

 COOLING
  YESTERDAY        0                         1     -1        0
  MONTH TO DATE    4                         8     -4       13
  SINCE MAR 1      7                        16     -9       13
  SINCE JAN 1      7                        16     -9       13
..................................................................


WIND (MPH)
  HIGHEST WIND SPEED    17   HIGHEST WIND DIRECTION    SE (120)
  HIGHEST GUST SPEED    23   HIGHEST GUST DIRECTION    SE (130)
  AVERAGE WIND SPEED     7.5


SKY COVER
  POSSIBLE SUNSHINE  MM
  AVERAGE SKY COVER 0.3


WEATHER CONDITIONS
 THE FOLLOWING WEATHER WAS RECORDED YESTERDAY.
  LIGHT RAIN


RELATIVE HUMIDITY (PERCENT)
 HIGHEST    85           300 AM
 LOWEST     22           100 PM
 AVERAGE    54

..........................................................


THE WATERLOO IA CLIMATE NORMALS FOR TODAY
                         NORMAL    RECORD    YEAR
 MAXIMUM TEMPERATURE (F)   70        95      1934
 MINIMUM TEMPERATURE (F)   47        27      1945


SUNRISE AND SUNSET
MAY  9 2016...........SUNRISE   554 AM CDT   SUNSET   819 PM CDT
MAY 10 2016...........SUNRISE   552 AM CDT   SUNSET   820 PM CDT


-  INDICATES NEGATIVE NUMBERS.
R  INDICATES RECORD WAS SET OR TIED.
MM INDICATES DATA IS MISSING.
T  INDICATES TRACE AMOUNT.




$$
