000
CDUS43 KDMX 130649
CLIALO

CLIMATE REPORT
NATIONAL WEATHER SERVICE DES MOINES IA
1246 AM CST THU NOV 13 2014


...................................

...THE WATERLOO IA CLIMATE SUMMARY FOR NOVEMBER 12 2014...

CLIMATE NORMAL PERIOD 1981 TO 2010
CLIMATE RECORD PERIOD 1895 TO 2014


WEATHER ITEM   OBSERVED TIME   RECORD YEAR NORMAL DEPARTURE LAST
                VALUE   (LST)  VALUE       VALUE  FROM      YEAR
                                                  NORMAL
..................................................................
TEMPERATURE (F)
 YESTERDAY
  MAXIMUM         26   1155 AM  70    1909  48    -22       26
  MINIMUM         19    939 AM   0    1921  29    -10        8
  AVERAGE         23                        38    -15       17

PRECIPITATION (IN)
  YESTERDAY        T             1.27 1965   0.07  -0.07     0.00
  MONTH TO DATE    0.02                      0.87  -0.85     1.27
  SINCE SEP 1      5.33                      5.98  -0.65     4.89
  SINCE JAN 1     32.62                     32.26   0.36    39.11

SNOWFALL (IN)
  YESTERDAY        T             3.0  1959   0.1   -0.1      0.0
  MONTH TO DATE    0.4                       0.6   -0.2      1.0
  SINCE SEP 1      0.4                       0.9   -0.5      2.0
  SINCE JUL 1      0.4                       0.9   -0.5      2.0
  SNOW DEPTH       0

DEGREE DAYS
 HEATING
  YESTERDAY       42                        27     15       48
  MONTH TO DATE  308                       283     25      343
  SINCE SEP 1    951                       886     65      923
  SINCE JUL 1    968                       906     62      943

 COOLING
  YESTERDAY        0                         0      0        0
  MONTH TO DATE    0                         0      0        0
  SINCE SEP 1     51                        87    -36      141
  SINCE JAN 1    658                       799   -141      837
..................................................................


WIND (MPH)
  HIGHEST WIND SPEED    21   HIGHEST WIND DIRECTION    NW (320)
  HIGHEST GUST SPEED    27   HIGHEST GUST DIRECTION    NW (320)
  AVERAGE WIND SPEED    12.2


SKY COVER
  POSSIBLE SUNSHINE  MM
  AVERAGE SKY COVER 1.0


WEATHER CONDITIONS
 THE FOLLOWING WEATHER WAS RECORDED YESTERDAY.
  LIGHT SNOW
  HAZE


RELATIVE HUMIDITY (PERCENT)
 HIGHEST    81          1000 PM
 LOWEST     55          1200 PM
 AVERAGE    68

..........................................................


THE WATERLOO IA CLIMATE NORMALS FOR TODAY
                         NORMAL    RECORD    YEAR
 MAXIMUM TEMPERATURE (F)   48        79      1999
 MINIMUM TEMPERATURE (F)   28        -1      1986


SUNRISE AND SUNSET
NOVEMBER 13 2014......SUNRISE   658 AM CST   SUNSET   449 PM CST
NOVEMBER 14 2014......SUNRISE   700 AM CST   SUNSET   448 PM CST


-  INDICATES NEGATIVE NUMBERS.
R  INDICATES RECORD WAS SET OR TIED.
MM INDICATES DATA IS MISSING.
T  INDICATES TRACE AMOUNT.

$$
