000
CDUS43 KDMX 160712
CLIALO

CLIMATE REPORT
NATIONAL WEATHER SERVICE DES MOINES IA
111 AM CST MON FEB 16 2015


...................................

...THE WATERLOO IA CLIMATE SUMMARY FOR FEBRUARY 15 2015...

CLIMATE NORMAL PERIOD 1981 TO 2010
CLIMATE RECORD PERIOD 1895 TO 2015


WEATHER ITEM   OBSERVED TIME   RECORD YEAR NORMAL DEPARTURE LAST
                VALUE   (LST)  VALUE       VALUE  FROM      YEAR
                                                  NORMAL
..................................................................
TEMPERATURE (F)
 YESTERDAY
  MAXIMUM         10    443 PM  71    1921  32    -22       20
  MINIMUM          0    236 AM -22    1930  15    -15      -10
  AVERAGE          5                        23    -18        5

PRECIPITATION (IN)
  YESTERDAY        0.00          0.30 1983   0.03  -0.03     0.26
  MONTH TO DATE    0.58                      0.46   0.12     0.76
  SINCE DEC 1      3.22                      2.49   0.73     2.36
  SINCE JAN 1      1.58                      1.29   0.29     1.42

SNOWFALL (IN)
  YESTERDAY        0.0           3.6  2014   0.2   -0.2      3.6
  MONTH TO DATE    6.7                       4.3    2.4     12.2
  SINCE DEC 1     17.9                      22.4   -4.5     36.6
  SINCE JUL 1     23.3                      25.8   -2.5     42.5
  SNOW DEPTH       2

DEGREE DAYS
 HEATING
  YESTERDAY       60                        42     18       60
  MONTH TO DATE  753                       657     96      910
  SINCE DEC 1   3259                      3428   -169     4155
  SINCE JUL 1   5008                      4911     97     5761

 COOLING
  YESTERDAY        0                         0      0        0
  MONTH TO DATE    0                         0      0        0
  SINCE DEC 1      0                         0      0        0
  SINCE JAN 1      0                         0      0        0
..................................................................


WIND (MPH)
  HIGHEST WIND SPEED    16   HIGHEST WIND DIRECTION     E (80)
  HIGHEST GUST SPEED    19   HIGHEST GUST DIRECTION     E (80)
  AVERAGE WIND SPEED     9.2


SKY COVER
  POSSIBLE SUNSHINE  MM
  AVERAGE SKY COVER 0.8


WEATHER CONDITIONS
 THE FOLLOWING WEATHER WAS RECORDED YESTERDAY.
  NO SIGNIFICANT WEATHER WAS OBSERVED.


RELATIVE HUMIDITY (PERCENT)
 HIGHEST    69          1000 PM
 LOWEST     46           400 PM
 AVERAGE    58

..........................................................


THE WATERLOO IA CLIMATE NORMALS FOR TODAY
                         NORMAL    RECORD    YEAR
 MAXIMUM TEMPERATURE (F)   32        62      1981
 MINIMUM TEMPERATURE (F)   15       -18      1958


SUNRISE AND SUNSET
FEBRUARY 16 2015......SUNRISE   705 AM CST   SUNSET   543 PM CST
FEBRUARY 17 2015......SUNRISE   704 AM CST   SUNSET   544 PM CST


-  INDICATES NEGATIVE NUMBERS.
R  INDICATES RECORD WAS SET OR TIED.
MM INDICATES DATA IS MISSING.
T  INDICATES TRACE AMOUNT.




$$
