000
CDUS43 KDMX 112234 RRA
CLIALO

CLIMATE REPORT
NATIONAL WEATHER SERVICE DES MOINES IA
533 PM CDT MON APR 11 2016


...................................

...THE WATERLOO IA CLIMATE SUMMARY FOR APRIL 11 2016...
VALID TODAY AS OF 0500 PM LOCAL TIME.

CLIMATE NORMAL PERIOD 1981 TO 2010
CLIMATE RECORD PERIOD 1895 TO 2016


WEATHER ITEM   OBSERVED TIME   RECORD YEAR NORMAL DEPARTURE LAST
                VALUE   (LST)  VALUE       VALUE  FROM      YEAR
                                                  NORMAL
..................................................................
TEMPERATURE (F)
 TODAY
  MAXIMUM         48    248 PM  87    1930  59    -11       69
  MINIMUM         32    625 AM  16    2004  35     -3       27
  AVERAGE         40                        47     -7       48

PRECIPITATION (IN)
  TODAY            0.00          1.15 1961   0.12  -0.12     0.00
  MONTH TO DATE    0.61                      1.14  -0.53     1.53
  SINCE MAR 1      3.49                      3.20   0.29     2.13
  SINCE JAN 1      5.21                      5.02   0.19     4.16

SNOWFALL (IN)
  TODAY            0.0           4.3  2007   0.1   -0.1      0.0
  MONTH TO DATE    T                         1.0   -1.0       T
  SINCE MAR 1      2.9                       5.6   -2.7      0.7
  SINCE JUL 1     46.0                      34.5   11.5     29.2
  SNOW DEPTH       0

DEGREE DAYS
 HEATING
  TODAY           25                        18      7       17
  MONTH TO DATE  276                       222     54      193
  SINCE MAR 1   1022                      1128   -106     1102
  SINCE JUL 1   5721                      6547   -826     6863

 COOLING
  TODAY            0                         0      0        0
  MONTH TO DATE    0                         0      0        0
  SINCE MAR 1      0                         0      0        0
  SINCE JAN 1      0                         0      0        0
..................................................................


WIND (MPH)
  HIGHEST WIND SPEED    31   HIGHEST WIND DIRECTION    NW (330)
  HIGHEST GUST SPEED    37   HIGHEST GUST DIRECTION    NW (330)
  AVERAGE WIND SPEED    18.5


SKY COVER
  POSSIBLE SUNSHINE  MM
  AVERAGE SKY COVER 0.0


WEATHER CONDITIONS
 THE FOLLOWING WEATHER WAS RECORDED TODAY.
  NO SIGNIFICANT WEATHER WAS OBSERVED.


RELATIVE HUMIDITY (PERCENT)
 HIGHEST    59           600 AM
 LOWEST     28           100 PM
 AVERAGE    44

..........................................................


THE WATERLOO IA CLIMATE NORMALS FOR TOMORROW
                         NORMAL    RECORD    YEAR
 MAXIMUM TEMPERATURE (F)   59        87      1925
 MINIMUM TEMPERATURE (F)   36        18      1940
                                             1939


SUNRISE AND SUNSET
APRIL 11 2016.........SUNRISE   634 AM CDT   SUNSET   748 PM CDT
APRIL 12 2016.........SUNRISE   632 AM CDT   SUNSET   749 PM CDT


-  INDICATES NEGATIVE NUMBERS.
R  INDICATES RECORD WAS SET OR TIED.
MM INDICATES DATA IS MISSING.
T  INDICATES TRACE AMOUNT.




$$
