000
CDUS43 KDMX 270650
CLIALO

CLIMATE REPORT
NATIONAL WEATHER SERVICE DES MOINES IA
1249 AM CST WED JAN 27 2016

...................................

...THE WATERLOO IA CLIMATE SUMMARY FOR JANUARY 26 2016...

CLIMATE NORMAL PERIOD 1981 TO 2010
CLIMATE RECORD PERIOD 1895 TO 2016


WEATHER ITEM   OBSERVED TIME   RECORD YEAR NORMAL DEPARTURE LAST
                VALUE   (LST)  VALUE       VALUE  FROM      YEAR
                                                  NORMAL
..................................................................
TEMPERATURE (F)
 YESTERDAY
  MAXIMUM         28    307 PM  65    2002  28      0       46
  MINIMUM         22   1145 PM -25    1930  10     12       24
  AVERAGE         25                        19      6       35

PRECIPITATION (IN)
  YESTERDAY        T             0.75 1950   0.02  -0.02     0.01
  MONTH TO DATE    0.78                      0.68   0.10     0.64
  SINCE DEC 1      6.70                      1.88   4.82     2.28
  SINCE JAN 1      0.78                      0.68   0.10     0.64

SNOWFALL (IN)
  YESTERDAY        T            10.4  1996   0.3   -0.3      0.2
  MONTH TO DATE    3.5                       6.7   -3.2      8.7
  SINCE DEC 1     17.5                      16.6    0.9      9.2
  SINCE JUL 1     30.2                      20.0   10.2     14.6
  SNOW DEPTH       5

DEGREE DAYS
 HEATING
  YESTERDAY       40                        46     -6       30
  MONTH TO DATE 1248                      1216     32     1182
  SINCE DEC 1   2204                      2544   -340     2322
  SINCE JUL 1   3419                      4027   -608     4071

 COOLING
  YESTERDAY        0                         0      0        0
  MONTH TO DATE    0                         0      0        0
  SINCE DEC 1      0                         0      0        0
  SINCE JAN 1      0                         0      0        0
..................................................................


WIND (MPH)
  HIGHEST WIND SPEED    24   HIGHEST WIND DIRECTION    NW (310)
  HIGHEST GUST SPEED    34   HIGHEST GUST DIRECTION    NW (310)
  AVERAGE WIND SPEED    12.0


SKY COVER
  POSSIBLE SUNSHINE  MM
  AVERAGE SKY COVER 0.9


WEATHER CONDITIONS
 THE FOLLOWING WEATHER WAS RECORDED YESTERDAY.
  FOG
  HAZE


RELATIVE HUMIDITY (PERCENT)
 HIGHEST    88          1200 AM
 LOWEST     63           200 PM
 AVERAGE    76

..........................................................


THE WATERLOO IA CLIMATE NORMALS FOR TODAY
                         NORMAL    RECORD    YEAR
 MAXIMUM TEMPERATURE (F)   28        60      2002
                                             1944
 MINIMUM TEMPERATURE (F)   10       -23      1904


SUNRISE AND SUNSET
JANUARY 27 2016.......SUNRISE   729 AM CST   SUNSET   516 PM CST
JANUARY 28 2016.......SUNRISE   728 AM CST   SUNSET   517 PM CST


-  INDICATES NEGATIVE NUMBERS.
R  INDICATES RECORD WAS SET OR TIED.
MM INDICATES DATA IS MISSING.
T  INDICATES TRACE AMOUNT.

$$

SMALL
