000
CDUS43 KDMX 080636 RRA
CLIALO

CLIMATE REPORT
NATIONAL WEATHER SERVICE DES MOINES IA
1234 AM CST WED FEB 8 2017


...................................

...THE WATERLOO IA CLIMATE SUMMARY FOR FEBRUARY 7 2017...

CLIMATE NORMAL PERIOD 1981 TO 2010
CLIMATE RECORD PERIOD 1895 TO 2017


WEATHER ITEM   OBSERVED TIME   RECORD YEAR NORMAL DEPARTURE LAST
                VALUE   (LST)  VALUE       VALUE  FROM      YEAR
                                                  NORMAL
..................................................................
TEMPERATURE (F)
 YESTERDAY
  MAXIMUM         40   1243 AM  52    1987  30     10       40
  MINIMUM         20   1159 PM -21    1905  12      8       25
  AVERAGE         30                        21      9       33

PRECIPITATION (IN)
  YESTERDAY        0.00          0.80 1900   0.03  -0.03      T
  MONTH TO DATE    0.00                      0.21  -0.21     0.67
  SINCE DEC 1      4.76                      2.24   2.52     7.37
  SINCE JAN 1      2.89                      1.04   1.85     1.45

SNOWFALL (IN)
  YESTERDAY        0.0           5.0  1901   0.3   -0.3       T
  MONTH TO DATE    0.0                       2.1   -2.1      7.7
  SINCE DEC 1     14.2                      20.2   -6.0     25.2
  SINCE JUL 1     14.2                      23.6   -9.4     37.9
  SNOW DEPTH       0

DEGREE DAYS
 HEATING
  YESTERDAY       35                        44     -9       32
  MONTH TO DATE  277                       314    -37      280
  SINCE DEC 1   2877                      3085   -208     2662
  SINCE JUL 1   3866                      4568   -702     3877

 COOLING
  YESTERDAY        0                         0      0        0
  MONTH TO DATE    0                         0      0        0
  SINCE DEC 1      0                         0      0        0
  SINCE JAN 1      0                         0      0        0
..................................................................


WIND (MPH)
  HIGHEST WIND SPEED    26   HIGHEST WIND DIRECTION    NW (330)
  HIGHEST GUST SPEED    35   HIGHEST GUST DIRECTION    NW (310)
  AVERAGE WIND SPEED    12.7


SKY COVER
  POSSIBLE SUNSHINE  MM
  AVERAGE SKY COVER 1.0


WEATHER CONDITIONS
 THE FOLLOWING WEATHER WAS RECORDED YESTERDAY.
  THUNDERSTORM
  FOG
  FOG W/VISIBILITY <= 1/4 MILE
  HAZE


RELATIVE HUMIDITY (PERCENT)
 HIGHEST   100           600 AM
 LOWEST     71          1000 PM
 AVERAGE    86

..........................................................


THE WATERLOO IA CLIMATE NORMALS FOR TODAY
                         NORMAL    RECORD    YEAR
 MAXIMUM TEMPERATURE (F)   30        55      1999
 MINIMUM TEMPERATURE (F)   12       -27      1971


SUNRISE AND SUNSET
FEBRUARY  8 2017......SUNRISE   715 AM CST   SUNSET   533 PM CST
FEBRUARY  9 2017......SUNRISE   714 AM CST   SUNSET   534 PM CST


-  INDICATES NEGATIVE NUMBERS.
R  INDICATES RECORD WAS SET OR TIED.
MM INDICATES DATA IS MISSING.
T  INDICATES TRACE AMOUNT.




$$
