000
CDUS43 KDMX 112228
CLIALO

CLIMATE REPORT
NATIONAL WEATHER SERVICE DES MOINES IA
526 PM CDT MON SEP 11 2017

...................................

...THE WATERLOO IA CLIMATE SUMMARY FOR SEPTEMBER 11 2017...
VALID TODAY AS OF 0500 PM LOCAL TIME.

CLIMATE NORMAL PERIOD 1981 TO 2010
CLIMATE RECORD PERIOD 1895 TO 2017


WEATHER ITEM   OBSERVED TIME   RECORD YEAR NORMAL DEPARTURE LAST
                VALUE   (LST)  VALUE       VALUE  FROM      YEAR
                                                  NORMAL
..................................................................
TEMPERATURE (F)
 TODAY
  MAXIMUM         80    359 PM  98    2000  77      3       77
  MINIMUM         49    254 AM  32    1917  53     -4       48
  AVERAGE         65                        65      0       63

PRECIPITATION (IN)
  TODAY            0.00          2.35 2006   0.09  -0.09     0.00
  MONTH TO DATE    T                         1.04  -1.04     1.37
  SINCE SEP 1      T                         1.04  -1.04     1.37
  SINCE JAN 1     22.68                     27.32  -4.64    30.06

SNOWFALL (IN)
  TODAY            0.0          MM      MM   0.0    0.0      0.0
  MONTH TO DATE    0.0                       0.0    0.0      0.0
  SINCE SEP 1      0.0                       0.0    0.0      0.0
  SINCE JUL 1      0.0                       0.0    0.0      0.0
  SNOW DEPTH       0

DEGREE DAYS
 HEATING
  TODAY            0                         3     -3        2
  MONTH TO DATE   36                        23     13        7
  SINCE SEP 1     36                        23     13        7
  SINCE JUL 1     53                        43     10       12

 COOLING
  TODAY            0                         3     -3        0
  MONTH TO DATE    6                        44    -38       57
  SINCE SEP 1      6                        44    -38       57
  SINCE JAN 1    597                       756   -159      810
..................................................................


WIND (MPH)
  HIGHEST WIND SPEED    12   HIGHEST WIND DIRECTION     S (170)
  HIGHEST GUST SPEED    17   HIGHEST GUST DIRECTION     S (170)
  AVERAGE WIND SPEED     6.4


SKY COVER
  POSSIBLE SUNSHINE  MM
  AVERAGE SKY COVER 0.0


WEATHER CONDITIONS
 THE FOLLOWING WEATHER WAS RECORDED TODAY.
  NO SIGNIFICANT WEATHER WAS OBSERVED.


RELATIVE HUMIDITY (PERCENT)
 HIGHEST    93           300 AM
 LOWEST     39           100 PM
 AVERAGE    66

..........................................................


THE WATERLOO IA CLIMATE NORMALS FOR TOMORROW
                         NORMAL    RECORD    YEAR
 MAXIMUM TEMPERATURE (F)   77        97      1927
 MINIMUM TEMPERATURE (F)   53        32      1955


SUNRISE AND SUNSET
SEPTEMBER 11 2017.....SUNRISE   645 AM CDT   SUNSET   726 PM CDT
SEPTEMBER 12 2017.....SUNRISE   647 AM CDT   SUNSET   724 PM CDT


-  INDICATES NEGATIVE NUMBERS.
R  INDICATES RECORD WAS SET OR TIED.
MM INDICATES DATA IS MISSING.
T  INDICATES TRACE AMOUNT.

$$
