000
CDUS43 KDMX 242228 RRA
CLIALO

CLIMATE REPORT
NATIONAL WEATHER SERVICE DES MOINES IA
527 PM CDT MON MAR 24 2014


...................................

...THE WATERLOO IA CLIMATE SUMMARY FOR MARCH 24 2014...
VALID TODAY AS OF 0500 PM LOCAL TIME.

CLIMATE NORMAL PERIOD 1981 TO 2010
CLIMATE RECORD PERIOD 1895 TO 2014


WEATHER ITEM   OBSERVED TIME   RECORD YEAR NORMAL DEPARTURE LAST
                VALUE   (LST)  VALUE       VALUE  FROM      YEAR
                                                  NORMAL
..................................................................
TEMPERATURE (F)
 TODAY
  MAXIMUM         32    345 PM  86    1910  50    -18       33
  MINIMUM         19    627 AM  -5    1974  29    -10       28
  AVERAGE         26                        39    -13       31

PRECIPITATION (IN)
  TODAY            0.04          1.33 1904   0.08  -0.04     0.04
  MONTH TO DATE    0.73                      1.49  -0.76     2.49
  SINCE MAR 1      0.73                      1.49  -0.76     2.49
  SINCE JAN 1      3.36                      3.31   0.05     5.57

SNOWFALL (IN)
  TODAY            0.2           2.0  1903   0.1    0.1      1.1
                                      1969
  MONTH TO DATE    5.8                       3.8    2.0     11.2
  SINCE MAR 1      5.8                       3.8    2.0     11.2
  SINCE JUL 1     57.6                      32.7   24.9     48.3
  SNOW DEPTH       0

DEGREE DAYS
 HEATING
  TODAY           39                        26     13       34
  MONTH TO DATE  943                       738    205      975
  SINCE MAR 1    943                       738    205      975
  SINCE JUL 1   7351                      6157   1194     6185

 COOLING
  TODAY            0                         0      0        0
  MONTH TO DATE    0                         0      0        0
  SINCE MAR 1      0                         0      0        0
  SINCE JAN 1      0                         0      0        0
..................................................................


WIND (MPH)
  HIGHEST WIND SPEED    14   HIGHEST WIND DIRECTION    SW (240)
  HIGHEST GUST SPEED    17   HIGHEST GUST DIRECTION    SW (230)
  AVERAGE WIND SPEED     7.0


SKY COVER
  POSSIBLE SUNSHINE  MM
  AVERAGE SKY COVER 1.0


WEATHER CONDITIONS
 THE FOLLOWING WEATHER WAS RECORDED TODAY.
  LIGHT SNOW
  FOG
  HAZE


RELATIVE HUMIDITY (PERCENT)
 HIGHEST    92           400 AM
 LOWEST     65          1200 AM
 AVERAGE    79

..........................................................


THE WATERLOO IA CLIMATE NORMALS FOR TOMORROW
                         NORMAL    RECORD    YEAR
 MAXIMUM TEMPERATURE (F)   50        82      2007
 MINIMUM TEMPERATURE (F)   29         3      1960


SUNRISE AND SUNSET
MARCH 24 2014.........SUNRISE   706 AM CDT   SUNSET   727 PM CDT
MARCH 25 2014.........SUNRISE   704 AM CDT   SUNSET   728 PM CDT


-  INDICATES NEGATIVE NUMBERS.
R  INDICATES RECORD WAS SET OR TIED.
MM INDICATES DATA IS MISSING.
T  INDICATES TRACE AMOUNT.




$$
