000
CDUS43 KDMX 242227 RRA
CLIALO

CLIMATE REPORT
NATIONAL WEATHER SERVICE DES MOINES IA
526 PM CDT MON AUG 24 2015


...................................

...THE WATERLOO IA CLIMATE SUMMARY FOR AUGUST 24 2015...
VALID TODAY AS OF 0500 PM LOCAL TIME.

CLIMATE NORMAL PERIOD 1981 TO 2010
CLIMATE RECORD PERIOD 1895 TO 2015


WEATHER ITEM   OBSERVED TIME   RECORD YEAR NORMAL DEPARTURE LAST
                VALUE   (LST)  VALUE       VALUE  FROM      YEAR
                                                  NORMAL
..................................................................
TEMPERATURE (F)
 TODAY
  MAXIMUM         71    321 PM 100    1936  82    -11       93
  MINIMUM         50    602 AM  41    1942  59     -9       70
                                      1934
  AVERAGE         61                        70     -9       82

PRECIPITATION (IN)
  TODAY            0.00          1.20 2007   0.13  -0.13     0.00
  MONTH TO DATE    1.41                      3.40  -1.99     0.60
  SINCE JUN 1     10.23                     13.29  -3.06    11.37
  SINCE JAN 1     21.10                     25.41  -4.31    25.40

SNOWFALL (IN)
  TODAY            0.0          MM      MM   0.0    0.0      0.0
  MONTH TO DATE    0.0                       0.0    0.0      0.0
  SINCE JUN 1      0.0                       0.0    0.0      0.0
  SINCE JUL 1      0.0                       0.0    0.0      0.0
  SNOW DEPTH       0

DEGREE DAYS
 HEATING
  TODAY            4                         1      3        0
  MONTH TO DATE    9                         7      2        0
  SINCE JUN 1     32                        37     -5       24
  SINCE JUL 1     20                        11      9       17

 COOLING
  TODAY            0                         6     -6       17
  MONTH TO DATE  139                       170    -31      171
  SINCE JUN 1    521                       618    -97      490
  SINCE JAN 1    568                       674   -106      557
..................................................................


WIND (MPH)
  HIGHEST WIND SPEED    26   HIGHEST WIND DIRECTION    NW (330)
  HIGHEST GUST SPEED    35   HIGHEST GUST DIRECTION    NW (320)
  AVERAGE WIND SPEED    13.1


SKY COVER
  POSSIBLE SUNSHINE  MM
  AVERAGE SKY COVER 0.0


WEATHER CONDITIONS
 THE FOLLOWING WEATHER WAS RECORDED TODAY.
  NO SIGNIFICANT WEATHER WAS OBSERVED.


RELATIVE HUMIDITY (PERCENT)
 HIGHEST    86           500 AM
 LOWEST     44          1200 PM
 AVERAGE    65

..........................................................


THE WATERLOO IA CLIMATE NORMALS FOR TOMORROW
                         NORMAL    RECORD    YEAR
 MAXIMUM TEMPERATURE (F)   82        98      2003
                                             1910
 MINIMUM TEMPERATURE (F)   59        39      1915


SUNRISE AND SUNSET
AUGUST 24 2015........SUNRISE   626 AM CDT   SUNSET   757 PM CDT
AUGUST 25 2015........SUNRISE   627 AM CDT   SUNSET   756 PM CDT


-  INDICATES NEGATIVE NUMBERS.
R  INDICATES RECORD WAS SET OR TIED.
MM INDICATES DATA IS MISSING.
T  INDICATES TRACE AMOUNT.




$$
