000
CDUS43 KDMX 050710
CLIALO

CLIMATE REPORT
NATIONAL WEATHER SERVICE DES MOINES IA
146 AM CDT TUE JUL 5 2016

...................................

...THE WATERLOO IA CLIMATE SUMMARY FOR JULY 4 2016...

CLIMATE NORMAL PERIOD 1981 TO 2010
CLIMATE RECORD PERIOD 1895 TO 2016

WEATHER ITEM   OBSERVED TIME   RECORD YEAR NORMAL DEPARTURE LAST
               VALUE   (LST)  VALUE       VALUE  FROM      YEAR
                                                NORMAL
..................................................................
TEMPERATURE (F)
 YESTERDAY
  MAXIMUM         73    400 PM 100    2012  85    -12       81
                                      1901
  MINIMUM         57    117 AM  43    1967  63     -6       54
                                      1922
  AVERAGE         65                        74     -9       68

PRECIPITATION (IN)
  YESTERDAY        0.00          1.25 1994   0.17  -0.17     0.00
  MONTH TO DATE    0.00                      0.69  -0.69      T
  SINCE JUN 1      8.97                      5.67   3.30     5.47
  SINCE JAN 1     19.41                     17.79   1.62    16.33

SNOWFALL (IN)
  YESTERDAY        0.0          MM      MM   0.0    0.0      0.0
  MONTH TO DATE    0.0                       0.0    0.0      0.0
  SINCE JUN 1      0.0                       0.0    0.0      0.0
  SINCE JUL 1      0.0                       0.0    0.0      0.0
  SNOW DEPTH       0

DEGREE DAYS
 HEATING
  YESTERDAY        0                         0      0        0
  MONTH TO DATE    2                         0      2        6
  SINCE JUN 1      6                        26    -20       18
  SINCE JUL 1      2                         0      2        6

 COOLING
  YESTERDAY        0                         9     -9        3
  MONTH TO DATE    0                        36    -36        3
  SINCE JUN 1    217                       213      4      152
  SINCE JAN 1    280                       269     11      199
..................................................................

WIND (MPH)
  HIGHEST WIND SPEED    10   HIGHEST WIND DIRECTION    SW (230)
  HIGHEST GUST SPEED    12   HIGHEST GUST DIRECTION    SW (230)
  AVERAGE WIND SPEED     4.7

SKY COVER
  POSSIBLE SUNSHINE  MM
  AVERAGE SKY COVER 0.9

WEATHER CONDITIONS
 THE FOLLOWING WEATHER WAS RECORDED YESTERDAY.
  FOG
  HAZE

RELATIVE HUMIDITY (PERCENT)
 HIGHEST    93           100 AM
 LOWEST     73           200 PM
 AVERAGE    83
..........................................................

THE WATERLOO IA CLIMATE NORMALS FOR TODAY
                         NORMAL    RECORD    YEAR
 MAXIMUM TEMPERATURE (F)   85       109      1911
 MINIMUM TEMPERATURE (F)   63        45      1972
                                             1967

SUNRISE AND SUNSET
JULY  5 2016..........SUNRISE   539 AM CDT   SUNSET   850 PM CDT
JULY  6 2016..........SUNRISE   539 AM CDT   SUNSET   849 PM CDT

-  INDICATES NEGATIVE NUMBERS.
R  INDICATES RECORD WAS SET OR TIED.
MM INDICATES DATA IS MISSING.
T  INDICATES TRACE AMOUNT.

$$

FAB
