168
CDUS43 KDMX 160632
CLIALO

CLIMATE REPORT
NATIONAL WEATHER SERVICE DES MOINES IA
131 AM CDT SUN JUL 16 2017

...................................

...THE WATERLOO IA CLIMATE SUMMARY FOR JULY 15 2017...

CLIMATE NORMAL PERIOD 1981 TO 2010
CLIMATE RECORD PERIOD 1895 TO 2017


WEATHER ITEM   OBSERVED TIME   RECORD YEAR NORMAL DEPARTURE LAST
                VALUE   (LST)  VALUE       VALUE  FROM      YEAR
                                                  NORMAL
..................................................................
TEMPERATURE (F)
 YESTERDAY
  MAXIMUM         88    507 PM 106    1936  85      3       76
  MINIMUM         60    353 AM  44    1967  63     -3       57
  AVERAGE         74                        74      0       67

PRECIPITATION (IN)
  YESTERDAY        0.00          0.77 1952   0.17  -0.17     0.00
  MONTH TO DATE    0.80                      2.52  -1.72     1.85
  SINCE JUN 1      6.55                      7.50  -0.95    10.82
  SINCE JAN 1     19.57                     19.62  -0.05    21.31

SNOWFALL (IN)
  YESTERDAY        0.0          MM      MM   0.0    0.0      0.0
  MONTH TO DATE    0.0                       0.0    0.0      0.0
  SINCE JUN 1      0.0                       0.0    0.0      0.0
  SINCE JUL 1      0.0                       0.0    0.0      0.0
  SNOW DEPTH       0

DEGREE DAYS
 HEATING
  YESTERDAY        0                         0      0        0
  MONTH TO DATE    0                         0      0        2
  SINCE JUN 1     17                        26     -9        6
  SINCE JUL 1      0                         0      0        2

 COOLING
  YESTERDAY        9                         9      0        2
  MONTH TO DATE  122                       135    -13       96
  SINCE JUN 1    325                       312     13      313
  SINCE JAN 1    361                       368     -7      376
..................................................................


WIND (MPH)
  HIGHEST WIND SPEED    16   HIGHEST WIND DIRECTION    SW (230)
  HIGHEST GUST SPEED    24   HIGHEST GUST DIRECTION    SW (220)
  AVERAGE WIND SPEED     7.3


SKY COVER
  POSSIBLE SUNSHINE  MM
  AVERAGE SKY COVER 0.2


WEATHER CONDITIONS
 THE FOLLOWING WEATHER WAS RECORDED YESTERDAY.
  HAZE


RELATIVE HUMIDITY (PERCENT)
 HIGHEST    94          1100 PM
 LOWEST     59           400 PM
 AVERAGE    77

..........................................................


THE WATERLOO IA CLIMATE NORMALS FOR TODAY
                         NORMAL    RECORD    YEAR
 MAXIMUM TEMPERATURE (F)   85       103      1901
 MINIMUM TEMPERATURE (F)   63        48      1912


SUNRISE AND SUNSET
JULY 16 2017..........SUNRISE   547 AM CDT   SUNSET   844 PM CDT
JULY 17 2017..........SUNRISE   548 AM CDT   SUNSET   844 PM CDT


-  INDICATES NEGATIVE NUMBERS.
R  INDICATES RECORD WAS SET OR TIED.
MM INDICATES DATA IS MISSING.
T  INDICATES TRACE AMOUNT.

$$

SMALL
