000
CDUS43 KDMX 062329
CLIALO

CLIMATE REPORT
NATIONAL WEATHER SERVICE DES MOINES IA
527 PM CST MON MAR 6 2017


...................................

...THE WATERLOO IA CLIMATE SUMMARY FOR MARCH 6 2017...
VALID TODAY AS OF 0500 PM LOCAL TIME.

CLIMATE NORMAL PERIOD 1981 TO 2010
CLIMATE RECORD PERIOD 1895 TO 2017


WEATHER ITEM   OBSERVED TIME   RECORD YEAR NORMAL DEPARTURE LAST
                VALUE   (LST)  VALUE       VALUE  FROM      YEAR
                                                  NORMAL
..................................................................
TEMPERATURE (F)
 TODAY
  MAXIMUM         72R   413 PM  72    2005  40     32       60
                                      2000
  MINIMUM         52    233 AM -11    1960  22     30       30
  AVERAGE         62                        31     31       45

PRECIPITATION (IN)
  TODAY            0.00          1.07 1946   0.05  -0.05     0.00
  MONTH TO DATE    0.03                      0.32  -0.29     0.28
  SINCE MAR 1      0.03                      0.32  -0.29     0.28
  SINCE JAN 1      3.96                      2.14   1.82     2.05

SNOWFALL (IN)
  TODAY            0.0           5.7  1995   0.1   -0.1      0.0
  MONTH TO DATE    T                         1.1   -1.1      2.9
  SINCE MAR 1      T                         1.1   -1.1      2.9
  SINCE JUL 1     15.6                      30.0  -14.4     46.0
  SNOW DEPTH       0

DEGREE DAYS
 HEATING
  TODAY            3                        34    -31       20
  MONTH TO DATE  156                       209    -53      232
  SINCE MAR 1    156                       209    -53      232
  SINCE JUL 1   4618                      5628  -1010     4932

 COOLING
  TODAY            0                         0      0        0
  MONTH TO DATE    0                         0      0        0
  SINCE MAR 1      0                         0      0        0
  SINCE JAN 1      0                         0      0        0
..................................................................


WIND (MPH)
  HIGHEST WIND SPEED    33   HIGHEST WIND DIRECTION     S (180)
  HIGHEST GUST SPEED    47   HIGHEST GUST DIRECTION     S (190)
  AVERAGE WIND SPEED    20.6


SKY COVER
  POSSIBLE SUNSHINE  MM
  AVERAGE SKY COVER 1.0


WEATHER CONDITIONS
 THE FOLLOWING WEATHER WAS RECORDED TODAY.
  NO SIGNIFICANT WEATHER WAS OBSERVED.


RELATIVE HUMIDITY (PERCENT)
 HIGHEST    89           200 AM
 LOWEST     53           400 PM
 AVERAGE    71

..........................................................


THE WATERLOO IA CLIMATE NORMALS FOR TOMORROW
                         NORMAL    RECORD    YEAR
 MAXIMUM TEMPERATURE (F)   41        79      2000
 MINIMUM TEMPERATURE (F)   23       -19      1960


SUNRISE AND SUNSET
MARCH  6 2017.........SUNRISE   636 AM CST   SUNSET   606 PM CST
MARCH  7 2017.........SUNRISE   635 AM CST   SUNSET   607 PM CST


-  INDICATES NEGATIVE NUMBERS.
R  INDICATES RECORD WAS SET OR TIED.
MM INDICATES DATA IS MISSING.
T  INDICATES TRACE AMOUNT.

$$
