000
CDUS43 KDMX 132229
CLIALO

CLIMATE REPORT
NATIONAL WEATHER SERVICE DES MOINES IA
527 PM CDT TUE SEP 13 2016


...................................

...THE WATERLOO IA CLIMATE SUMMARY FOR SEPTEMBER 13 2016...
VALID TODAY AS OF 0500 PM LOCAL TIME.

CLIMATE NORMAL PERIOD 1981 TO 2010
CLIMATE RECORD PERIOD 1895 TO 2016


WEATHER ITEM   OBSERVED TIME   RECORD YEAR NORMAL DEPARTURE LAST
                VALUE   (LST)  VALUE       VALUE  FROM      YEAR
                                                  NORMAL
..................................................................
TEMPERATURE (F)
 TODAY
  MAXIMUM         71    237 PM  97    1939  77     -6       73
                                      1897
  MINIMUM         64    841 AM  31    1975  52     12       41
  AVERAGE         68                        64      4       57

PRECIPITATION (IN)
  TODAY            0.14          1.60 1978   0.09   0.05     0.00
  MONTH TO DATE    1.51                      1.22   0.29     0.47
  SINCE SEP 1      1.51                      1.22   0.29     0.47
  SINCE JAN 1     30.20                     27.50   2.70    25.70

SNOWFALL (IN)
  TODAY            0.0          MM      MM   0.0    0.0      0.0
  MONTH TO DATE    0.0                       0.0    0.0      0.0
  SINCE SEP 1      0.0                       0.0    0.0      0.0
  SINCE JUL 1      0.0                       0.0    0.0      0.0
  SNOW DEPTH       0

DEGREE DAYS
 HEATING
  TODAY            0                         4     -4        8
  MONTH TO DATE    7                        30    -23       25
  SINCE SEP 1      7                        30    -23       25
  SINCE JUL 1     12                        50    -38       56

 COOLING
  TODAY            3                         3      0        0
  MONTH TO DATE   65                        50     15      106
  SINCE SEP 1     65                        50     15      106
  SINCE JAN 1    818                       762     56      680
..................................................................


WIND (MPH)
  HIGHEST WIND SPEED    20   HIGHEST WIND DIRECTION     N (350)
  HIGHEST GUST SPEED    24   HIGHEST GUST DIRECTION     N (350)
  AVERAGE WIND SPEED     9.5


SKY COVER
  POSSIBLE SUNSHINE  MM
  AVERAGE SKY COVER 0.9


WEATHER CONDITIONS
 THE FOLLOWING WEATHER WAS RECORDED TODAY.
  THUNDERSTORM
  LIGHT RAIN


RELATIVE HUMIDITY (PERCENT)
 HIGHEST    93           800 AM
 LOWEST     66           200 PM
 AVERAGE    80

..........................................................


THE WATERLOO IA CLIMATE NORMALS FOR TOMORROW
                         NORMAL    RECORD    YEAR
 MAXIMUM TEMPERATURE (F)   76        98      1939
 MINIMUM TEMPERATURE (F)   52        30      1923


SUNRISE AND SUNSET
SEPTEMBER 13 2016.....SUNRISE   648 AM CDT   SUNSET   722 PM CDT
SEPTEMBER 14 2016.....SUNRISE   649 AM CDT   SUNSET   720 PM CDT


-  INDICATES NEGATIVE NUMBERS.
R  INDICATES RECORD WAS SET OR TIED.
MM INDICATES DATA IS MISSING.
T  INDICATES TRACE AMOUNT.




$$
