000
CDUS43 KDMX 122326 RRA
CLIALO

CLIMATE REPORT
NATIONAL WEATHER SERVICE DES MOINES IA
525 PM CST SAT NOV 12 2016

...................................

...THE WATERLOO IA CLIMATE SUMMARY FOR NOVEMBER 12 2016...
VALID TODAY AS OF 0500 PM LOCAL TIME.

CLIMATE NORMAL PERIOD 1981 TO 2010
CLIMATE RECORD PERIOD 1895 TO 2016


WEATHER ITEM   OBSERVED TIME   RECORD YEAR NORMAL DEPARTURE LAST
                VALUE   (LST)  VALUE       VALUE  FROM      YEAR
                                                  NORMAL
..................................................................
TEMPERATURE (F)
 TODAY
  MAXIMUM         53    321 PM  70    1909  48      5       49
  MINIMUM         24    419 AM   0    1921  29     -5       36
  AVERAGE         39                        38      1       43

PRECIPITATION (IN)
  TODAY            0.00          1.27 1965   0.07  -0.07     0.04
  MONTH TO DATE    0.01                      0.87  -0.86     0.85
  SINCE SEP 1      9.81                      5.98   3.83     5.11
  SINCE JAN 1     38.50                     32.26   6.24    30.34

SNOWFALL (IN)
  TODAY            0.0           3.0  1959   0.1   -0.1      0.0
  MONTH TO DATE    0.0                       0.6   -0.6      0.0
  SINCE SEP 1      0.0                       0.9   -0.9      0.0
  SINCE JUL 1      0.0                       0.9   -0.9      0.0
  SNOW DEPTH       0

DEGREE DAYS
 HEATING
  TODAY           26                        27     -1       22
  MONTH TO DATE  181                       283   -102      192
  SINCE SEP 1    534                       886   -352      654
  SINCE JUL 1    539                       906   -367      685

 COOLING
  TODAY            0                         0      0        0
  MONTH TO DATE    0                         0      0        0
  SINCE SEP 1    116                        87     29      172
  SINCE JAN 1    869                       799     70      746
..................................................................


WIND (MPH)
  HIGHEST WIND SPEED    18   HIGHEST WIND DIRECTION    SW (220)
  HIGHEST GUST SPEED    24   HIGHEST GUST DIRECTION    SW (220)
  AVERAGE WIND SPEED     7.2


SKY COVER
  POSSIBLE SUNSHINE  MM
  AVERAGE SKY COVER 0.0


WEATHER CONDITIONS
 THE FOLLOWING WEATHER WAS RECORDED TODAY.
  NO SIGNIFICANT WEATHER WAS OBSERVED.


RELATIVE HUMIDITY (PERCENT)
 HIGHEST    92          1200 AM
 LOWEST     46           200 PM
 AVERAGE    69

..........................................................


THE WATERLOO IA CLIMATE NORMALS FOR TOMORROW
                         NORMAL    RECORD    YEAR
 MAXIMUM TEMPERATURE (F)   48        79      1999
 MINIMUM TEMPERATURE (F)   28        -1      1986


SUNRISE AND SUNSET
NOVEMBER 12 2016......SUNRISE   658 AM CST   SUNSET   449 PM CST
NOVEMBER 13 2016......SUNRISE   659 AM CST   SUNSET   448 PM CST


-  INDICATES NEGATIVE NUMBERS.
R  INDICATES RECORD WAS SET OR TIED.
MM INDICATES DATA IS MISSING.
T  INDICATES TRACE AMOUNT.




$$
