958
CDUS43 KDMX 080639
CLIALO

CLIMATE REPORT
NATIONAL WEATHER SERVICE DES MOINES IA
1237 AM CST WED NOV 8 2017

...................................

...THE WATERLOO IA CLIMATE SUMMARY FOR NOVEMBER 7 2017...

CLIMATE NORMAL PERIOD 1981 TO 2010
CLIMATE RECORD PERIOD 1895 TO 2017


WEATHER ITEM   OBSERVED TIME   RECORD YEAR NORMAL DEPARTURE LAST
                VALUE   (LST)  VALUE       VALUE  FROM      YEAR
                                                  NORMAL
..................................................................
TEMPERATURE (F)
 YESTERDAY
  MAXIMUM         43    253 PM  79    1915  51     -8       66
  MINIMUM         19   1128 PM  -1    1991  31    -12       36
  AVERAGE         31                        41    -10       51

PRECIPITATION (IN)
  YESTERDAY        0.00          0.88 1943   0.07  -0.07     0.00
  MONTH TO DATE    0.03                      0.51  -0.48     0.01
  SINCE SEP 1      6.37                      5.62   0.75     9.81
  SINCE JAN 1     29.05                     31.90  -2.85    38.50

SNOWFALL (IN)
  YESTERDAY        0.0           1.3  1938   0.1   -0.1      0.0
  MONTH TO DATE    T                         0.3   -0.3      0.0
  SINCE SEP 1      T                         0.6   -0.6      0.0
  SINCE JUL 1      T                         0.6   -0.6      0.0
  SNOW DEPTH       0

DEGREE DAYS
 HEATING
  YESTERDAY       34                        24     10       14
  MONTH TO DATE  203                       156     47       78
  SINCE SEP 1    678                       759    -81      431
  SINCE JUL 1    695                       779    -84      436

 COOLING
  YESTERDAY        0                         0      0        0
  MONTH TO DATE    0                         0      0        0
  SINCE SEP 1    129                        87     42      116
  SINCE JAN 1    720                       799    -79      869
..................................................................


WIND (MPH)
  HIGHEST WIND SPEED    15   HIGHEST WIND DIRECTION     N (10)
  HIGHEST GUST SPEED    18   HIGHEST GUST DIRECTION     N (340)
  AVERAGE WIND SPEED     6.8


SKY COVER
  POSSIBLE SUNSHINE  MM
  AVERAGE SKY COVER 0.4


WEATHER CONDITIONS
 THE FOLLOWING WEATHER WAS RECORDED YESTERDAY.
  NO SIGNIFICANT WEATHER WAS OBSERVED.


RELATIVE HUMIDITY (PERCENT)
 HIGHEST    92          1100 PM
 LOWEST     49           200 PM
 AVERAGE    71

..........................................................


THE WATERLOO IA CLIMATE NORMALS FOR TODAY
                         NORMAL    RECORD    YEAR
 MAXIMUM TEMPERATURE (F)   51        80      1999
 MINIMUM TEMPERATURE (F)   31         3      1991


SUNRISE AND SUNSET
NOVEMBER  8 2017......SUNRISE   652 AM CST   SUNSET   454 PM CST
NOVEMBER  9 2017......SUNRISE   654 AM CST   SUNSET   453 PM CST


-  INDICATES NEGATIVE NUMBERS.
R  INDICATES RECORD WAS SET OR TIED.
MM INDICATES DATA IS MISSING.
T  INDICATES TRACE AMOUNT.

$$

ANSORGE
