000
CDUS43 KDMX 090651 RRA
CLIALO

CLIMATE REPORT
NATIONAL WEATHER SERVICE DES MOINES IA
150 AM CDT THU OCT 9 2014


...................................

...THE WATERLOO IA CLIMATE SUMMARY FOR OCTOBER 8 2014...

CLIMATE NORMAL PERIOD 1981 TO 2010
CLIMATE RECORD PERIOD 1895 TO 2014


WEATHER ITEM   OBSERVED TIME   RECORD YEAR NORMAL DEPARTURE LAST
                VALUE   (LST)  VALUE       VALUE  FROM      YEAR
                                                  NORMAL
..................................................................
TEMPERATURE (F)
 YESTERDAY
  MAXIMUM         69        MM  90    1916  66      3       77
  MINIMUM         36        MM  21    1976  41     -5       45
  AVERAGE         53                        53      0       61

PRECIPITATION (IN)
  YESTERDAY        0.08          1.63 1970   0.08   0.00     0.00
  MONTH TO DATE    0.68                      0.70  -0.02     0.93
  SINCE SEP 1      2.34                      3.33  -0.99     2.41
  SINCE JAN 1     29.63                     29.61   0.02    36.63

SNOWFALL (IN)
  YESTERDAY        0.0          MM      MM   0.0    0.0      0.0
  MONTH TO DATE    T                         0.0    0.0      0.0
  SINCE SEP 1      T                         0.0    0.0      0.0
  SINCE JUL 1      T                         0.0    0.0      0.0
  SNOW DEPTH       0

DEGREE DAYS
 HEATING
  YESTERDAY       12                        12      0        4
  MONTH TO DATE  108                        88     20       42
  SINCE SEP 1    259                       226     33      144
  SINCE JUL 1    276                       246     30      164

 COOLING
  YESTERDAY        0                         1     -1        0
  MONTH TO DATE    0                         8     -8        7
  SINCE SEP 1     51                        86    -35      140
  SINCE JAN 1    658                       798   -140      836
..................................................................


WIND (MPH)
  HIGHEST WIND SPEED     8   HIGHEST WIND DIRECTION     W (270)
  HIGHEST GUST SPEED    MM   HIGHEST GUST DIRECTION    MM
  AVERAGE WIND SPEED     5.9


SKY COVER
  POSSIBLE SUNSHINE  MM
  AVERAGE SKY COVER 0.0


WEATHER CONDITIONS
 THE FOLLOWING WEATHER WAS RECORDED YESTERDAY.
  LIGHT RAIN


RELATIVE HUMIDITY (PERCENT)
 HIGHEST    85           100 AM
 LOWEST     59           900 AM
 AVERAGE    72

..........................................................


THE WATERLOO IA CLIMATE NORMALS FOR TODAY
                         NORMAL    RECORD    YEAR
 MAXIMUM TEMPERATURE (F)   65        88      2010
 MINIMUM TEMPERATURE (F)   41        19      2000


SUNRISE AND SUNSET
OCTOBER  9 2014.......SUNRISE   716 AM CDT   SUNSET   637 PM CDT
OCTOBER 10 2014.......SUNRISE   717 AM CDT   SUNSET   636 PM CDT


-  INDICATES NEGATIVE NUMBERS.
R  INDICATES RECORD WAS SET OR TIED.
MM INDICATES DATA IS MISSING.
T  INDICATES TRACE AMOUNT.




$$
