000
CDUS43 KDMX 110651
CLIALO

CLIMATE REPORT
NATIONAL WEATHER SERVICE DES MOINES IA
150 AM CDT THU SEP 11 2014

...................................

...THE WATERLOO IA CLIMATE SUMMARY FOR SEPTEMBER 10 2014...

CLIMATE NORMAL PERIOD 1981 TO 2010
CLIMATE RECORD PERIOD 1895 TO 2014


WEATHER ITEM   OBSERVED TIME   RECORD YEAR NORMAL DEPARTURE LAST
                VALUE   (LST)  VALUE       VALUE  FROM      YEAR
                                                  NORMAL
..................................................................
TEMPERATURE (F)
 YESTERDAY
  MAXIMUM         71   1001 AM  98    1931  78     -7       97
  MINIMUM         49   1159 PM  35    1976  53     -4       68
  AVERAGE         60                        66     -6       83

PRECIPITATION (IN)
  YESTERDAY        0.04          1.75 2006   0.09  -0.05     0.00
  MONTH TO DATE    0.97                      0.95   0.02     0.01
  SINCE SEP 1      0.97                      0.95   0.02     0.01
  SINCE JAN 1     28.26                     27.23   1.03    34.23

SNOWFALL (IN)
  YESTERDAY        0.0          MM      MM   0.0    0.0      0.0
  MONTH TO DATE    0.0                       0.0    0.0      0.0
  SINCE SEP 1      0.0                       0.0    0.0      0.0
  SINCE JUL 1      0.0                       0.0    0.0      0.0
  SNOW DEPTH       0

DEGREE DAYS
 HEATING
  YESTERDAY        5                         3      2        0
  MONTH TO DATE   15                        20     -5        8
  SINCE SEP 1     15                        20     -5        8
  SINCE JUL 1     32                        40     -8       28

 COOLING
  YESTERDAY        0                         3     -3       18
  MONTH TO DATE   36                        41     -5       91
  SINCE SEP 1     36                        41     -5       91
  SINCE JAN 1    643                       753   -110      787
..................................................................


WIND (MPH)
  HIGHEST WIND SPEED    26   HIGHEST WIND DIRECTION    NW (320)
  HIGHEST GUST SPEED    37   HIGHEST GUST DIRECTION    SE (150)
  AVERAGE WIND SPEED    15.3


SKY COVER
  POSSIBLE SUNSHINE  MM
  AVERAGE SKY COVER 1.0


WEATHER CONDITIONS
 THE FOLLOWING WEATHER WAS RECORDED YESTERDAY.
  LIGHT RAIN
  FOG


RELATIVE HUMIDITY (PERCENT)
 HIGHEST   100           600 AM
 LOWEST     73           100 PM
 AVERAGE    87

..........................................................


THE WATERLOO IA CLIMATE NORMALS FOR TODAY
                         NORMAL    RECORD    YEAR
 MAXIMUM TEMPERATURE (F)   77        98      2000
 MINIMUM TEMPERATURE (F)   53        32      1917


SUNRISE AND SUNSET
SEPTEMBER 11 2014.....SUNRISE   645 AM CDT   SUNSET   726 PM CDT
SEPTEMBER 12 2014.....SUNRISE   646 AM CDT   SUNSET   725 PM CDT


-  INDICATES NEGATIVE NUMBERS.
R  INDICATES RECORD WAS SET OR TIED.
MM INDICATES DATA IS MISSING.
T  INDICATES TRACE AMOUNT.

$$

SMALL
