000
CDUS43 KDMX 030106
CLIALO

CLIMATE REPORT
NATIONAL WEATHER SERVICE DES MOINES IA
545 PM CST TUE FEB 2 2016


...................................

...THE WATERLOO IA CLIMATE SUMMARY FOR FEBRUARY 2 2016...
VALID TODAY AS OF 0500 PM LOCAL TIME.

CLIMATE NORMAL PERIOD 1981 TO 2010
CLIMATE RECORD PERIOD 1895 TO 2016


WEATHER ITEM   OBSERVED TIME   RECORD YEAR NORMAL DEPARTURE LAST
                VALUE   (LST)  VALUE       VALUE  FROM      YEAR
                                                  NORMAL
..................................................................
TEMPERATURE (F)
 TODAY
  MAXIMUM         35    232 PM  59    1924  29      6       10
  MINIMUM         30    109 AM -31    1996  11     19      -10
  AVERAGE         33                        20     13        0

PRECIPITATION (IN)
  TODAY            0.28          0.45 1983   0.03   0.25     0.00
                                      1915
  MONTH TO DATE    0.28                      0.06   0.22     0.55
  SINCE DEC 1      6.98                      2.09   4.89     3.19
  SINCE JAN 1      1.06                      0.89   0.17     1.55

SNOWFALL (IN)
  TODAY           MM             5.9  1983   0.3   MM        0.0
  MONTH TO DATE    0.0                       0.6   -0.6      6.3
  SINCE DEC 1     17.5                      18.7   -1.2     17.5
  SINCE JUL 1     30.2                      22.1    8.1     22.9
  SNOW DEPTH       0

DEGREE DAYS
 HEATING
  TODAY           32                        45    -13       65
  MONTH TO DATE   66                        91    -25      112
  SINCE DEC 1   2448                      2862   -414     2618
  SINCE JUL 1   3663                      4345   -682     4367

 COOLING
  TODAY            0                         0      0        0
  MONTH TO DATE    0                         0      0        0
  SINCE DEC 1      0                         0      0        0
  SINCE JAN 1      0                         0      0        0
..................................................................


WIND (MPH)
  HIGHEST WIND SPEED    33   HIGHEST WIND DIRECTION     E (80)
  HIGHEST GUST SPEED    39   HIGHEST GUST DIRECTION     E (80)
  AVERAGE WIND SPEED    17.8


SKY COVER
  POSSIBLE SUNSHINE  MM
  AVERAGE SKY COVER 1.0


WEATHER CONDITIONS
 THE FOLLOWING WEATHER WAS RECORDED TODAY.
  THUNDERSTORM
  HEAVY SNOW
  SNOW
  LIGHT SNOW
  FOG
  FOG W/VISIBILITY <= 1/4 MILE


RELATIVE HUMIDITY (PERCENT)
 HIGHEST   100           100 PM
 LOWEST     85           700 AM
 AVERAGE    93

..........................................................


THE WATERLOO IA CLIMATE NORMALS FOR TOMORROW
                         NORMAL    RECORD    YEAR
 MAXIMUM TEMPERATURE (F)   29        54      1934
                                             1928
 MINIMUM TEMPERATURE (F)   11       -31      1996


SUNRISE AND SUNSET
FEBRUARY  2 2016......SUNRISE   723 AM CST   SUNSET   524 PM CST
FEBRUARY  3 2016......SUNRISE   722 AM CST   SUNSET   525 PM CST


-  INDICATES NEGATIVE NUMBERS.
R  INDICATES RECORD WAS SET OR TIED.
MM INDICATES DATA IS MISSING.
T  INDICATES TRACE AMOUNT.




$$
