000
CDUS43 KDMX 170639
CLIALO

CLIMATE REPORT
NATIONAL WEATHER SERVICE DES MOINES IA
137 AM CDT MON AUG 17 2015

...................................

...THE WATERLOO IA CLIMATE SUMMARY FOR AUGUST 16 2015...

CLIMATE NORMAL PERIOD 1981 TO 2010
CLIMATE RECORD PERIOD 1895 TO 2015


WEATHER ITEM   OBSERVED TIME   RECORD YEAR NORMAL DEPARTURE LAST
                VALUE   (LST)  VALUE       VALUE  FROM      YEAR
                                                  NORMAL
..................................................................
TEMPERATURE (F)
 YESTERDAY
  MAXIMUM         87    219 PM 105    1937  82      5       83
  MINIMUM         68    552 AM  43    1992  61      7       64
                                      1976
  AVERAGE         78                        71      7       74

PRECIPITATION (IN)
  YESTERDAY        0.00          1.94 1965   0.15  -0.15     0.00
  MONTH TO DATE    0.39                      2.29  -1.90      T
  SINCE JUN 1      9.21                     12.18  -2.97    10.77
  SINCE JAN 1     20.08                     24.30  -4.22    24.80

SNOWFALL (IN)
  YESTERDAY        0.0          MM      MM   0.0    0.0      0.0
  MONTH TO DATE    0.0                       0.0    0.0      0.0
  SINCE JUN 1      0.0                       0.0    0.0      0.0
  SINCE JUL 1      0.0                       0.0    0.0      0.0
  SNOW DEPTH       0

DEGREE DAYS
 HEATING
  YESTERDAY        0                         0      0        0
  MONTH TO DATE    0                         0      0        0
  SINCE JUN 1     23                        30     -7       24
  SINCE JUL 1     11                         4      7       17

 COOLING
  YESTERDAY       13                         7      6        9
  MONTH TO DATE  118                       118      0       82
  SINCE JUN 1    500                       566    -66      401
  SINCE JAN 1    547                       622    -75      468
..................................................................


WIND (MPH)
  HIGHEST WIND SPEED    17   HIGHEST WIND DIRECTION     S (190)
  HIGHEST GUST SPEED    21   HIGHEST GUST DIRECTION    SW (210)
  AVERAGE WIND SPEED     8.9


SKY COVER
  POSSIBLE SUNSHINE  MM
  AVERAGE SKY COVER 0.0


WEATHER CONDITIONS
 THE FOLLOWING WEATHER WAS RECORDED YESTERDAY.
  NO SIGNIFICANT WEATHER WAS OBSERVED.


RELATIVE HUMIDITY (PERCENT)
 HIGHEST    90          1200 AM
 LOWEST     55          1200 PM
 AVERAGE    73

..........................................................


THE WATERLOO IA CLIMATE NORMALS FOR TODAY
                         NORMAL    RECORD    YEAR
 MAXIMUM TEMPERATURE (F)   82       105      1988
 MINIMUM TEMPERATURE (F)   60        46      1962


SUNRISE AND SUNSET
AUGUST 17 2015........SUNRISE   618 AM CDT   SUNSET   808 PM CDT
AUGUST 18 2015........SUNRISE   619 AM CDT   SUNSET   807 PM CDT


-  INDICATES NEGATIVE NUMBERS.
R  INDICATES RECORD WAS SET OR TIED.
MM INDICATES DATA IS MISSING.
T  INDICATES TRACE AMOUNT.




$$
