000
CDUS43 KDMX 142243 RRA
CLIALO

CLIMATE REPORT
NATIONAL WEATHER SERVICE DES MOINES IA
542 PM CDT SAT MAR 14 2015


...................................

...THE WATERLOO IA CLIMATE SUMMARY FOR MARCH 14 2015...
VALID TODAY AS OF 0500 PM LOCAL TIME.

CLIMATE NORMAL PERIOD 1981 TO 2010
CLIMATE RECORD PERIOD 1895 TO 2015


WEATHER ITEM   OBSERVED TIME   RECORD YEAR NORMAL DEPARTURE LAST
                VALUE   (LST)  VALUE       VALUE  FROM      YEAR
                                                  NORMAL
..................................................................
TEMPERATURE (F)
 TODAY
  MAXIMUM         62    304 PM  77    2012  45     17       46
  MINIMUM         32    602 AM -10    1960  25      7       31
  AVERAGE         47                        35     12       39

PRECIPITATION (IN)
  TODAY            0.00          1.19 1913   0.06  -0.06     0.00
  MONTH TO DATE    0.06                      0.79  -0.73     0.32
  SINCE MAR 1      0.06                      0.79  -0.73     0.32
  SINCE JAN 1      2.10                      2.61  -0.51     2.95

SNOWFALL (IN)
  TODAY            0.0           5.2  1959   0.2   -0.2      0.0
  MONTH TO DATE    0.2                       2.5   -2.3      4.1
  SINCE MAR 1      0.2                       2.5   -2.3      4.1
  SINCE JUL 1     28.7                      31.4   -2.7     55.0
  SNOW DEPTH       0

DEGREE DAYS
 HEATING
  TODAY           18                        30    -12       26
  MONTH TO DATE  489                       461     28      598
  SINCE MAR 1    489                       461     28      598
  SINCE JUL 1   6250                      5880    370     7006

 COOLING
  TODAY            0                         0      0        0
  MONTH TO DATE    0                         0      0        0
  SINCE MAR 1      0                         0      0        0
  SINCE JAN 1      0                         0      0        0
..................................................................


WIND (MPH)
  HIGHEST WIND SPEED    21   HIGHEST WIND DIRECTION    NW (330)
  HIGHEST GUST SPEED    26   HIGHEST GUST DIRECTION     N (360)
  AVERAGE WIND SPEED    11.3


SKY COVER
  POSSIBLE SUNSHINE  MM
  AVERAGE SKY COVER 0.0


WEATHER CONDITIONS
 THE FOLLOWING WEATHER WAS RECORDED TODAY.
  NO SIGNIFICANT WEATHER WAS OBSERVED.


RELATIVE HUMIDITY (PERCENT)
 HIGHEST    92           200 AM
 LOWEST     36           300 PM
 AVERAGE    64

..........................................................


THE WATERLOO IA CLIMATE NORMALS FOR TOMORROW
                         NORMAL    RECORD    YEAR
 MAXIMUM TEMPERATURE (F)   45        79      2012
 MINIMUM TEMPERATURE (F)   26         1      1925


SUNRISE AND SUNSET
MARCH 14 2015.........SUNRISE   724 AM CDT   SUNSET   715 PM CDT
MARCH 15 2015.........SUNRISE   722 AM CDT   SUNSET   716 PM CDT


-  INDICATES NEGATIVE NUMBERS.
R  INDICATES RECORD WAS SET OR TIED.
MM INDICATES DATA IS MISSING.
T  INDICATES TRACE AMOUNT.




$$
