239
CDUS43 KDMX 082328
CLIALO

CLIMATE REPORT
NATIONAL WEATHER SERVICE DES MOINES IA
527 PM CST WED FEB 8 2017


...................................

...THE WATERLOO IA CLIMATE SUMMARY FOR FEBRUARY 8 2017...
VALID TODAY AS OF 0500 PM LOCAL TIME.

CLIMATE NORMAL PERIOD 1981 TO 2010
CLIMATE RECORD PERIOD 1895 TO 2017


WEATHER ITEM   OBSERVED TIME   RECORD YEAR NORMAL DEPARTURE LAST
                VALUE   (LST)  VALUE       VALUE  FROM      YEAR
                                                  NORMAL
..................................................................
TEMPERATURE (F)
 TODAY
  MAXIMUM         20   1230 AM  55    1999  30    -10       25
  MINIMUM         15   1039 AM -27    1971  12      3       13
  AVERAGE         18                        21     -3       19

PRECIPITATION (IN)
  TODAY            0.01          1.16 1966   0.03  -0.02     0.05
  MONTH TO DATE    0.01                      0.24  -0.23     0.72
  SINCE DEC 1      4.77                      2.27   2.50     7.42
  SINCE JAN 1      2.90                      1.07   1.83     1.50

SNOWFALL (IN)
  TODAY           MM             5.4  2010   0.3   MM        0.8
  MONTH TO DATE    0.0                       2.4   -2.4      8.5
  SINCE DEC 1     14.2                      20.5   -6.3     26.0
  SINCE JUL 1     14.2                      23.9   -9.7     38.7
  SNOW DEPTH       0

DEGREE DAYS
 HEATING
  TODAY           47                        44      3       46
  MONTH TO DATE  324                       358    -34      326
  SINCE DEC 1   2924                      3129   -205     2708
  SINCE JUL 1   3913                      4612   -699     3923

 COOLING
  TODAY            0                         0      0        0
  MONTH TO DATE    0                         0      0        0
  SINCE DEC 1      0                         0      0        0
  SINCE JAN 1      0                         0      0        0
..................................................................


WIND (MPH)
  HIGHEST WIND SPEED    23   HIGHEST WIND DIRECTION     N (350)
  HIGHEST GUST SPEED    27   HIGHEST GUST DIRECTION     N (350)
  AVERAGE WIND SPEED    16.1


SKY COVER
  POSSIBLE SUNSHINE  MM
  AVERAGE SKY COVER 0.6


WEATHER CONDITIONS
 THE FOLLOWING WEATHER WAS RECORDED TODAY.
  LIGHT SNOW
  FOG


RELATIVE HUMIDITY (PERCENT)
 HIGHEST    80           600 AM
 LOWEST     45           300 PM
 AVERAGE    63

..........................................................


THE WATERLOO IA CLIMATE NORMALS FOR TOMORROW
                         NORMAL    RECORD    YEAR
 MAXIMUM TEMPERATURE (F)   30        57      1976
 MINIMUM TEMPERATURE (F)   12       -27      1951
                                             1899


SUNRISE AND SUNSET
FEBRUARY  8 2017......SUNRISE   715 AM CST   SUNSET   533 PM CST
FEBRUARY  9 2017......SUNRISE   714 AM CST   SUNSET   534 PM CST


-  INDICATES NEGATIVE NUMBERS.
R  INDICATES RECORD WAS SET OR TIED.
MM INDICATES DATA IS MISSING.
T  INDICATES TRACE AMOUNT.




$$
