000
CDUS43 KDMX 152230 RRA
CLIALO

CLIMATE REPORT
NATIONAL WEATHER SERVICE DES MOINES IA
529 PM CDT WED JUL 15 2015


...................................

...THE WATERLOO IA CLIMATE SUMMARY FOR JULY 15 2015...
VALID TODAY AS OF 0500 PM LOCAL TIME.

CLIMATE NORMAL PERIOD 1981 TO 2010
CLIMATE RECORD PERIOD 1895 TO 2015


WEATHER ITEM   OBSERVED TIME   RECORD YEAR NORMAL DEPARTURE LAST
                VALUE   (LST)  VALUE       VALUE  FROM      YEAR
                                                  NORMAL
..................................................................
TEMPERATURE (F)
 TODAY
  MAXIMUM         77    250 PM 106    1936  85     -8       71
  MINIMUM         64    544 AM  44    1967  63      1       52
  AVERAGE         71                        74     -3       62

PRECIPITATION (IN)
  TODAY            0.00          0.77 1952   0.17  -0.17     0.00
  MONTH TO DATE    0.67                      2.52  -1.85     0.43
  SINCE JUN 1      6.14                      7.50  -1.36    10.06
  SINCE JAN 1     17.01                     19.62  -2.61    24.09

SNOWFALL (IN)
  TODAY            0.0          MM      MM   0.0    0.0      0.0
  MONTH TO DATE    0.0                       0.0    0.0      0.0
  SINCE JUN 1      0.0                       0.0    0.0      0.0
  SINCE JUL 1      0.0                       0.0    0.0      0.0
  SNOW DEPTH       0

DEGREE DAYS
 HEATING
  TODAY            0                         0      0        3
  MONTH TO DATE   11                         0     11       15
  SINCE JUN 1     23                        26     -3       22
  SINCE JUL 1     11                         0     11       15

 COOLING
  TODAY            6                         9     -3        0
  MONTH TO DATE   82                       135    -53       60
  SINCE JUN 1    232                       312    -80      231
  SINCE JAN 1    279                       368    -89      298
..................................................................


WIND (MPH)
  HIGHEST WIND SPEED    13   HIGHEST WIND DIRECTION     E (100)
  HIGHEST GUST SPEED    24   HIGHEST GUST DIRECTION     E (110)
  AVERAGE WIND SPEED     5.7


SKY COVER
  POSSIBLE SUNSHINE  MM
  AVERAGE SKY COVER 0.4


WEATHER CONDITIONS
 THE FOLLOWING WEATHER WAS RECORDED TODAY.
  FOG


RELATIVE HUMIDITY (PERCENT)
 HIGHEST    93          1200 AM
 LOWEST     74           400 PM
 AVERAGE    84

..........................................................


THE WATERLOO IA CLIMATE NORMALS FOR TOMORROW
                         NORMAL    RECORD    YEAR
 MAXIMUM TEMPERATURE (F)   85       103      1901
 MINIMUM TEMPERATURE (F)   63        48      1912


SUNRISE AND SUNSET
JULY 15 2015..........SUNRISE   545 AM CDT   SUNSET   845 PM CDT
JULY 16 2015..........SUNRISE   546 AM CDT   SUNSET   845 PM CDT


-  INDICATES NEGATIVE NUMBERS.
R  INDICATES RECORD WAS SET OR TIED.
MM INDICATES DATA IS MISSING.
T  INDICATES TRACE AMOUNT.




$$
