000
CDUS43 KDMX 180629 RRA
CLIALO

CLIMATE REPORT
NATIONAL WEATHER SERVICE DES MOINES IA
128 AM CDT THU JUN 18 2015

...................................

...THE WATERLOO IA CLIMATE SUMMARY FOR JUNE 17 2015...

CLIMATE NORMAL PERIOD 1981 TO 2010
CLIMATE RECORD PERIOD 1895 TO 2015


WEATHER ITEM   OBSERVED TIME   RECORD YEAR NORMAL DEPARTURE LAST
                VALUE   (LST)  VALUE       VALUE  FROM      YEAR
                                                  NORMAL
..................................................................
TEMPERATURE (F)
 YESTERDAY
  MAXIMUM         78    328 PM  97    1933  82     -4       85
                                      1918
                                      1897
  MINIMUM         64    826 AM  40    1915  60      4       62
  AVERAGE         71                        71      0       74

PRECIPITATION (IN)
  YESTERDAY        0.11          2.58 1993   0.16  -0.05     0.66
  MONTH TO DATE    2.42                      2.77  -0.35     3.78
  SINCE JUN 1      2.42                      2.77  -0.35     3.78
  SINCE JAN 1     13.29                     14.89  -1.60    17.81

SNOWFALL (IN)
  YESTERDAY        0.0          MM      MM   0.0    0.0      0.0
  MONTH TO DATE    0.0                       0.0    0.0      0.0
  SINCE JUN 1      0.0                       0.0    0.0      0.0
  SINCE JUL 1     29.2                      35.3   -6.1     57.1
  SNOW DEPTH       0

DEGREE DAYS
 HEATING
  YESTERDAY        0                         1     -1        0
  MONTH TO DATE   12                        22    -10        7
  SINCE JUN 1     12                        22    -10        7
  SINCE JUL 1   7304                      7026    278     8325

 COOLING
  YESTERDAY        6                         6      0        9
  MONTH TO DATE   84                        78      6       66
  SINCE JUN 1     84                        78      6       66
  SINCE JAN 1    131                       134     -3      133
..................................................................


WIND (MPH)
  HIGHEST WIND SPEED    14   HIGHEST WIND DIRECTION    SW (220)
  HIGHEST GUST SPEED    18   HIGHEST GUST DIRECTION    SE (130)
  AVERAGE WIND SPEED     7.7


SKY COVER
  POSSIBLE SUNSHINE  MM
  AVERAGE SKY COVER 0.7


WEATHER CONDITIONS
 THE FOLLOWING WEATHER WAS RECORDED YESTERDAY.
  LIGHT RAIN
  FOG
  HAZE


RELATIVE HUMIDITY (PERCENT)
 HIGHEST   100           500 AM
 LOWEST     71           300 PM
 AVERAGE    86

..........................................................


THE WATERLOO IA CLIMATE NORMALS FOR TODAY
                         NORMAL    RECORD    YEAR
 MAXIMUM TEMPERATURE (F)   82        98      1953
                                             1940
 MINIMUM TEMPERATURE (F)   60        44      1965


SUNRISE AND SUNSET
JUNE 18 2015..........SUNRISE   532 AM CDT   SUNSET   850 PM CDT
JUNE 19 2015..........SUNRISE   532 AM CDT   SUNSET   850 PM CDT


-  INDICATES NEGATIVE NUMBERS.
R  INDICATES RECORD WAS SET OR TIED.
MM INDICATES DATA IS MISSING.
T  INDICATES TRACE AMOUNT.

$$

REV
