000
CDUS43 KDMX 240900
CLIALO

CLIMATE REPORT
NATIONAL WEATHER SERVICE DES MOINES IA
316 AM CDT MON MAR 24 2014

...................................

...THE WATERLOO IA CLIMATE SUMMARY FOR MARCH 23 2014...

CLIMATE NORMAL PERIOD 1981 TO 2010
CLIMATE RECORD PERIOD 1895 TO 2014

WEATHER ITEM   OBSERVED TIME   RECORD YEAR NORMAL DEPARTURE LAST
                VALUE   (LST)  VALUE       VALUE  FROM      YEAR
                                                  NORMAL
..................................................................
TEMPERATURE (F)
 YESTERDAY
  MAXIMUM         29    338 PM  83    1939  49    -20       39
                                      1928
  MINIMUM         12    618 AM   0    1965  29    -17       21
  AVERAGE         21                        39    -18       30

PRECIPITATION (IN)
  YESTERDAY        0.00          1.12 1979   0.07  -0.07     0.00
  MONTH TO DATE    0.69                      1.41  -0.72     2.45
  SINCE MAR 1      0.69                      1.41  -0.72     2.45
  SINCE JAN 1      3.32                      3.23   0.09     5.53

SNOWFALL (IN)
  YESTERDAY        0.0           6.0  1903   0.2   -0.2      0.0
  MONTH TO DATE    5.6                       3.7    1.9     10.1
  SINCE MAR 1      5.6                       3.7    1.9     10.1
  SINCE JUL 1     57.4                      32.6   24.8     47.2
  SNOW DEPTH       0

DEGREE DAYS
 HEATING
  YESTERDAY       44                        26     18       35
  MONTH TO DATE  904                       712    192      941
  SINCE MAR 1    904                       712    192      941
  SINCE JUL 1   7312                      6131   1181     6151

 COOLING
  YESTERDAY        0                         0      0        0
  MONTH TO DATE    0                         0      0        0
  SINCE MAR 1      0                         0      0        0
  SINCE JAN 1      0                         0      0        0
..................................................................

WIND (MPH)
  HIGHEST WIND SPEED    17   HIGHEST WIND DIRECTION     N (360)
  HIGHEST GUST SPEED    21   HIGHEST GUST DIRECTION    NW (330)
  AVERAGE WIND SPEED     8.6

SKY COVER
  POSSIBLE SUNSHINE  MM
  AVERAGE SKY COVER 0.3

WEATHER CONDITIONS
 THE FOLLOWING WEATHER WAS RECORDED YESTERDAY.
  NO SIGNIFICANT WEATHER WAS OBSERVED.

RELATIVE HUMIDITY (PERCENT)
 HIGHEST    76           600 AM
 LOWEST     39           300 PM
 AVERAGE    58
..........................................................

THE WATERLOO IA CLIMATE NORMALS FOR TODAY
                         NORMAL    RECORD    YEAR
 MAXIMUM TEMPERATURE (F)   50        86      1910
 MINIMUM TEMPERATURE (F)   29        -5      1974

SUNRISE AND SUNSET
MARCH 24 2014.........SUNRISE   706 AM CDT   SUNSET   727 PM CDT
MARCH 25 2014.........SUNRISE   704 AM CDT   SUNSET   728 PM CDT

-  INDICATES NEGATIVE NUMBERS.
R  INDICATES RECORD WAS SET OR TIED.
MM INDICATES DATA IS MISSING.
T  INDICATES TRACE AMOUNT.

$$

FAB
