000
CDUS43 KDMX 110636 RRA
CLIALO

CLIMATE REPORT
NATIONAL WEATHER SERVICE DES MOINES IA
1236 AM CST WED JAN 11 2017

...................................

...THE WATERLOO IA CLIMATE SUMMARY FOR JANUARY 10 2017...

CLIMATE NORMAL PERIOD 1981 TO 2010
CLIMATE RECORD PERIOD 1895 TO 2017


WEATHER ITEM   OBSERVED TIME   RECORD YEAR NORMAL DEPARTURE LAST
                VALUE   (LST)  VALUE       VALUE  FROM      YEAR
                                                  NORMAL
..................................................................
TEMPERATURE (F)
 YESTERDAY
  MAXIMUM         37   1103 AM  55    1928  27     10        1
  MINIMUM         19   1117 PM -27    1982   9     10       -8
  AVERAGE         28                        18     10       -3

PRECIPITATION (IN)
  YESTERDAY        0.77R         0.33 1924   0.03   0.74     0.00
  MONTH TO DATE    1.27                      0.27   1.00     0.52
  SINCE DEC 1      3.14                      1.47   1.67     6.44
  SINCE JAN 1      1.27                      0.27   1.00     0.52

SNOWFALL (IN)
  YESTERDAY        0.1           5.0  1901   0.3   -0.2      0.0
  MONTH TO DATE    0.1                       2.5   -2.4      0.1
  SINCE DEC 1     10.6                      12.4   -1.8     14.1
  SINCE JUL 1     10.6                      15.8   -5.2     26.8
  SNOW DEPTH       0

DEGREE DAYS
 HEATING
  YESTERDAY       37                        47    -10       68
  MONTH TO DATE  492                       466     26      439
  SINCE DEC 1   1815                      1794     21     1395
  SINCE JUL 1   2804                      3277   -473     2610

 COOLING
  YESTERDAY        0                         0      0        0
  MONTH TO DATE    0                         0      0        0
  SINCE DEC 1      0                         0      0        0
  SINCE JAN 1      0                         0      0        0
..................................................................


WIND (MPH)
  HIGHEST WIND SPEED    33   HIGHEST WIND DIRECTION    NW (300)
  HIGHEST GUST SPEED    41   HIGHEST GUST DIRECTION     W (290)
  AVERAGE WIND SPEED    14.7


SKY COVER
  POSSIBLE SUNSHINE  MM
  AVERAGE SKY COVER 0.8


WEATHER CONDITIONS
 THE FOLLOWING WEATHER WAS RECORDED YESTERDAY.
  RAIN
  LIGHT RAIN
  SNOW
  LIGHT SNOW
  FOG
  HAZE


RELATIVE HUMIDITY (PERCENT)
 HIGHEST    92           700 AM
 LOWEST     67          1000 PM
 AVERAGE    80

..........................................................


THE WATERLOO IA CLIMATE NORMALS FOR TODAY
                         NORMAL    RECORD    YEAR
 MAXIMUM TEMPERATURE (F)   27        51      2002
                                             1992
 MINIMUM TEMPERATURE (F)    9       -26      1977


SUNRISE AND SUNSET
JANUARY 11 2017.......SUNRISE   738 AM CST   SUNSET   458 PM CST
JANUARY 12 2017.......SUNRISE   738 AM CST   SUNSET   459 PM CST


-  INDICATES NEGATIVE NUMBERS.
R  INDICATES RECORD WAS SET OR TIED.
MM INDICATES DATA IS MISSING.
T  INDICATES TRACE AMOUNT.

$$

SMALL
