170
CDUS43 KDMX 252334
CLIALO

CLIMATE REPORT
NATIONAL WEATHER SERVICE DES MOINES IA
533 PM CST FRI NOV 25 2016


...................................

...THE WATERLOO IA CLIMATE SUMMARY FOR NOVEMBER 25 2016...
VALID TODAY AS OF 0500 PM LOCAL TIME.

CLIMATE NORMAL PERIOD 1981 TO 2010
CLIMATE RECORD PERIOD 1895 TO 2016


WEATHER ITEM   OBSERVED TIME   RECORD YEAR NORMAL DEPARTURE LAST
                VALUE   (LST)  VALUE       VALUE  FROM      YEAR
                                                  NORMAL
..................................................................
TEMPERATURE (F)
 TODAY
  MAXIMUM         38    459 PM  72    1896  40     -2       50
  MINIMUM         36    411 AM  -9    1977  22     14       39
  AVERAGE         37                        31      6       45

PRECIPITATION (IN)
  TODAY            0.00          0.78 1992   0.06  -0.06     0.03
  MONTH TO DATE    0.51                      1.72  -1.21     2.25
  SINCE SEP 1     10.31                      6.83   3.48     6.51
  SINCE JAN 1     39.00                     33.11   5.89    31.74

SNOWFALL (IN)
  TODAY            0.0           7.8  1992   0.1   -0.1      0.0
  MONTH TO DATE    0.0                       2.1   -2.1     12.7
  SINCE SEP 1      0.0                       2.4   -2.4     12.7
  SINCE JUL 1      0.0                       2.4   -2.4     12.7
  SNOW DEPTH       0

DEGREE DAYS
 HEATING
  TODAY           28                        34     -6       20
  MONTH TO DATE  498                       680   -182      558
  SINCE SEP 1    851                      1283   -432     1020
  SINCE JUL 1    856                      1303   -447     1051

 COOLING
  TODAY            0                         0      0        0
  MONTH TO DATE    0                         0      0        0
  SINCE SEP 1    116                        87     29      172
  SINCE JAN 1    869                       799     70      746
..................................................................


WIND (MPH)
  HIGHEST WIND SPEED    14   HIGHEST WIND DIRECTION    NW (310)
  HIGHEST GUST SPEED    17   HIGHEST GUST DIRECTION    NW (320)
  AVERAGE WIND SPEED     7.5


SKY COVER
  POSSIBLE SUNSHINE  MM
  AVERAGE SKY COVER 1.0


WEATHER CONDITIONS
 THE FOLLOWING WEATHER WAS RECORDED TODAY.
  NO SIGNIFICANT WEATHER WAS OBSERVED.


RELATIVE HUMIDITY (PERCENT)
 HIGHEST    85           200 AM
 LOWEST     76          1000 AM
 AVERAGE    81

..........................................................


THE WATERLOO IA CLIMATE NORMALS FOR TOMORROW
                         NORMAL    RECORD    YEAR
 MAXIMUM TEMPERATURE (F)   39        67      1998
 MINIMUM TEMPERATURE (F)   21       -17      1977


SUNRISE AND SUNSET
NOVEMBER 25 2016......SUNRISE   714 AM CST   SUNSET   440 PM CST
NOVEMBER 26 2016......SUNRISE   715 AM CST   SUNSET   439 PM CST


-  INDICATES NEGATIVE NUMBERS.
R  INDICATES RECORD WAS SET OR TIED.
MM INDICATES DATA IS MISSING.
T  INDICATES TRACE AMOUNT.

$$
