072
CDUS43 KDMX 130630 RRA
CLIALO

CLIMATE REPORT
NATIONAL WEATHER SERVICE DES MOINES IA
129 AM CDT SAT MAY 13 2017


...................................

...THE WATERLOO IA CLIMATE SUMMARY FOR MAY 12 2017...

CLIMATE NORMAL PERIOD 1981 TO 2010
CLIMATE RECORD PERIOD 1895 TO 2017


WEATHER ITEM   OBSERVED TIME   RECORD YEAR NORMAL DEPARTURE LAST
                VALUE   (LST)  VALUE       VALUE  FROM      YEAR
                                                  NORMAL
..................................................................
TEMPERATURE (F)
 YESTERDAY
  MAXIMUM         74    433 PM  89    1900  71      3       62
  MINIMUM         44    446 AM  30    1928  48     -4       46
                                      1895
  AVERAGE         59                        59      0       54

PRECIPITATION (IN)
  YESTERDAY        0.00          2.40 2010   0.14  -0.14     0.00
  MONTH TO DATE    0.95                      1.68  -0.73     0.68
  SINCE MAR 1      6.52                      7.45  -0.93     6.16
  SINCE JAN 1     10.45                      9.27   1.18     7.93

SNOWFALL (IN)
  YESTERDAY        0.0          MM      MM   0.0    0.0      0.0
  MONTH TO DATE    0.0                       0.0    0.0      0.0
  SINCE MAR 1     10.6                       6.4    4.2      2.9
  SINCE JUL 1     26.2                      35.3   -9.1     46.0
  SNOW DEPTH       0

DEGREE DAYS
 HEATING
  YESTERDAY        6                         7     -1       11
  MONTH TO DATE  125                       102     23      118
  SINCE MAR 1   1454                      1499    -45     1337
  SINCE JUL 1   5916                      6918  -1002     6037

 COOLING
  YESTERDAY        0                         1     -1        0
  MONTH TO DATE    0                        12    -12        4
  SINCE MAR 1      6                        20    -14        7
  SINCE JAN 1      6                        20    -14        7
..................................................................


WIND (MPH)
  HIGHEST WIND SPEED    17   HIGHEST WIND DIRECTION     N (10)
  HIGHEST GUST SPEED    25   HIGHEST GUST DIRECTION    NE (30)
  AVERAGE WIND SPEED     6.0


SKY COVER
  POSSIBLE SUNSHINE  MM
  AVERAGE SKY COVER 0.0


WEATHER CONDITIONS
 THE FOLLOWING WEATHER WAS RECORDED YESTERDAY.
  NO SIGNIFICANT WEATHER WAS OBSERVED.


RELATIVE HUMIDITY (PERCENT)
 HIGHEST    80          1200 AM
 LOWEST     29           300 PM
 AVERAGE    55

..........................................................


THE WATERLOO IA CLIMATE NORMALS FOR TODAY
                         NORMAL    RECORD    YEAR
 MAXIMUM TEMPERATURE (F)   71        91      1940
 MINIMUM TEMPERATURE (F)   48        30      1953


SUNRISE AND SUNSET
MAY 13 2017...........SUNRISE   549 AM CDT   SUNSET   823 PM CDT
MAY 14 2017...........SUNRISE   548 AM CDT   SUNSET   824 PM CDT


-  INDICATES NEGATIVE NUMBERS.
R  INDICATES RECORD WAS SET OR TIED.
MM INDICATES DATA IS MISSING.
T  INDICATES TRACE AMOUNT.




$$
