000
CDUS43 KDMX 162327 RRA
CLIALO

CLIMATE REPORT
NATIONAL WEATHER SERVICE DES MOINES IA
526 PM CST THU NOV 16 2017


...................................

...THE WATERLOO IA CLIMATE SUMMARY FOR NOVEMBER 16 2017...
VALID TODAY AS OF 0500 PM LOCAL TIME.

CLIMATE NORMAL PERIOD 1981 TO 2010
CLIMATE RECORD PERIOD 1895 TO 2017


WEATHER ITEM   OBSERVED TIME   RECORD YEAR NORMAL DEPARTURE LAST
                VALUE   (LST)  VALUE       VALUE  FROM      YEAR
                                                  NORMAL
..................................................................
TEMPERATURE (F)
 TODAY
  MAXIMUM         34    459 PM  71    1931  46    -12       61
  MINIMUM         22    233 AM   0    1959  27     -5       27
  AVERAGE         28                        36     -8       44

PRECIPITATION (IN)
  TODAY            0.00          1.03 1961   0.07  -0.07     0.00
  MONTH TO DATE    0.31                      1.16  -0.85     0.01
  SINCE SEP 1      6.65                      6.27   0.38     9.81
  SINCE JAN 1     29.33                     32.55  -3.22    38.50

SNOWFALL (IN)
  TODAY            0.0           1.9  1978   0.1   -0.1      0.0
  MONTH TO DATE    T                         0.9   -0.9      0.0
  SINCE SEP 1      T                         1.2   -1.2      0.0
  SINCE JUL 1      T                         1.2   -1.2      0.0
  SNOW DEPTH       0

DEGREE DAYS
 HEATING
  TODAY           37                        29      8       21
  MONTH TO DATE  499                       395    104      256
  SINCE SEP 1    974                       998    -24      609
  SINCE JUL 1    991                      1018    -27      614

 COOLING
  TODAY            0                         0      0        0
  MONTH TO DATE    0                         0      0        0
  SINCE SEP 1    129                        87     42      116
  SINCE JAN 1    720                       799    -79      869
..................................................................


WIND (MPH)
  HIGHEST WIND SPEED    17   HIGHEST WIND DIRECTION    NW (330)
  HIGHEST GUST SPEED    21   HIGHEST GUST DIRECTION    NW (320)
  AVERAGE WIND SPEED     8.2


SKY COVER
  POSSIBLE SUNSHINE  MM
  AVERAGE SKY COVER 0.6


WEATHER CONDITIONS
 THE FOLLOWING WEATHER WAS RECORDED TODAY.
  NO SIGNIFICANT WEATHER WAS OBSERVED.


RELATIVE HUMIDITY (PERCENT)
 HIGHEST    88           200 AM
 LOWEST     69           200 PM
 AVERAGE    79

..........................................................


THE WATERLOO IA CLIMATE NORMALS FOR TOMORROW
                         NORMAL    RECORD    YEAR
 MAXIMUM TEMPERATURE (F)   45        74      1941
 MINIMUM TEMPERATURE (F)   26        -3      1959


SUNRISE AND SUNSET
NOVEMBER 16 2017......SUNRISE   702 AM CST   SUNSET   446 PM CST
NOVEMBER 17 2017......SUNRISE   704 AM CST   SUNSET   445 PM CST


-  INDICATES NEGATIVE NUMBERS.
R  INDICATES RECORD WAS SET OR TIED.
MM INDICATES DATA IS MISSING.
T  INDICATES TRACE AMOUNT.




$$
