000
CDUS43 KDMX 260644 RRA
CLIALO

CLIMATE REPORT
NATIONAL WEATHER SERVICE DES MOINES IA
145 AM CDT THU MAR 26 2015

...................................

...THE WATERLOO IA CLIMATE SUMMARY FOR MARCH 25 2015...

CLIMATE NORMAL PERIOD 1981 TO 2010
CLIMATE RECORD PERIOD 1895 TO 2015


WEATHER ITEM   OBSERVED TIME   RECORD YEAR NORMAL DEPARTURE LAST
                VALUE   (LST)  VALUE       VALUE  FROM      YEAR
                                                  NORMAL
..................................................................
TEMPERATURE (F)
 YESTERDAY
  MAXIMUM         43    406 PM  82    2007  50     -7       26
  MINIMUM         30    257 AM   3    1960  29      1       13
  AVERAGE         37                        40     -3       20

PRECIPITATION (IN)
  YESTERDAY        0.02          1.26 1963   0.07  -0.05     0.00
  MONTH TO DATE    0.55                      1.56  -1.01     0.72
  SINCE MAR 1      0.55                      1.56  -1.01     0.72
  SINCE JAN 1      2.59                      3.38  -0.79     3.35

SNOWFALL (IN)
  YESTERDAY        T             5.1  1964   0.1   -0.1      0.0
  MONTH TO DATE    0.7                       3.9   -3.2      5.8
  SINCE MAR 1      0.7                       3.9   -3.2      5.8
  SINCE JUL 1     29.2                      32.8   -3.6     56.7
  SNOW DEPTH       T

DEGREE DAYS
 HEATING
  YESTERDAY       28                        25      3       45
  MONTH TO DATE  759                       763     -4      987
  SINCE MAR 1    759                       763     -4      987
  SINCE JUL 1   6520                      6182    338     7395

 COOLING
  YESTERDAY        0                         0      0        0
  MONTH TO DATE    0                         0      0        0
  SINCE MAR 1      0                         0      0        0
  SINCE JAN 1      0                         0      0        0
..................................................................


WIND (MPH)
  HIGHEST WIND SPEED    23   HIGHEST WIND DIRECTION    NW (320)
  HIGHEST GUST SPEED    30   HIGHEST GUST DIRECTION    NW (300)
  AVERAGE WIND SPEED    12.7


SKY COVER
  POSSIBLE SUNSHINE  MM
  AVERAGE SKY COVER 0.9


WEATHER CONDITIONS
 THE FOLLOWING WEATHER WAS RECORDED YESTERDAY.
  LIGHT SNOW
  FOG


RELATIVE HUMIDITY (PERCENT)
 HIGHEST   100          1200 AM
 LOWEST     62           300 PM
 AVERAGE    81

..........................................................


THE WATERLOO IA CLIMATE NORMALS FOR TODAY
                         NORMAL    RECORD    YEAR
 MAXIMUM TEMPERATURE (F)   51        84      1991
 MINIMUM TEMPERATURE (F)   30         4      1964
                                             1955


SUNRISE AND SUNSET
MARCH 26 2015.........SUNRISE   703 AM CDT   SUNSET   729 PM CDT
MARCH 27 2015.........SUNRISE   701 AM CDT   SUNSET   730 PM CDT


-  INDICATES NEGATIVE NUMBERS.
R  INDICATES RECORD WAS SET OR TIED.
MM INDICATES DATA IS MISSING.
T  INDICATES TRACE AMOUNT.




$$
