000
CDUS43 KDMX 270629 RRA
CLIALO

CLIMATE REPORT
NATIONAL WEATHER SERVICE DES MOINES IA
125 AM CDT SAT MAY 27 2017

...................................

...THE WATERLOO IA CLIMATE SUMMARY FOR MAY 26 2017...

CLIMATE NORMAL PERIOD 1981 TO 2010
CLIMATE RECORD PERIOD 1895 TO 2017


WEATHER ITEM   OBSERVED TIME   RECORD YEAR NORMAL DEPARTURE LAST
                VALUE   (LST)  VALUE       VALUE  FROM      YEAR
                                                  NORMAL
..................................................................
TEMPERATURE (F)
 YESTERDAY
  MAXIMUM         73    339 PM  94    1967  75     -2       82
  MINIMUM         52    233 AM  33    1961  53     -1       58
  AVERAGE         63                        64     -1       70

PRECIPITATION (IN)
  YESTERDAY        T             1.61 1986   0.15  -0.15     0.62
  MONTH TO DATE    3.44                      3.76  -0.32     1.54
  SINCE MAR 1      9.01                      9.53  -0.52     7.02
  SINCE JAN 1     12.94                     11.35   1.59     8.79

SNOWFALL (IN)
  YESTERDAY        0.0          MM      MM   0.0    0.0      0.0
  MONTH TO DATE    0.0                       0.0    0.0      0.0
  SINCE MAR 1     10.6                       6.4    4.2      2.9
  SINCE JUL 1     26.2                      35.3   -9.1     46.0
  SNOW DEPTH       0

DEGREE DAYS
 HEATING
  YESTERDAY        2                         4     -2        0
  MONTH TO DATE  225                       173     52      210
  SINCE MAR 1   1554                      1570    -16     1429
  SINCE JUL 1   6016                      6989   -973     6129

 COOLING
  YESTERDAY        0                         2     -2        5
  MONTH TO DATE   30                        36     -6       34
  SINCE MAR 1     36                        44     -8       37
  SINCE JAN 1     36                        44     -8       37
..................................................................


WIND (MPH)
  HIGHEST WIND SPEED    14   HIGHEST WIND DIRECTION    SE (140)
  HIGHEST GUST SPEED    18   HIGHEST GUST DIRECTION    SE (150)
  AVERAGE WIND SPEED     6.4


SKY COVER
  POSSIBLE SUNSHINE  MM
  AVERAGE SKY COVER 0.4


WEATHER CONDITIONS
 THE FOLLOWING WEATHER WAS RECORDED YESTERDAY.
  FOG


RELATIVE HUMIDITY (PERCENT)
 HIGHEST    93          1100 PM
 LOWEST     66           300 PM
 AVERAGE    80

..........................................................


THE WATERLOO IA CLIMATE NORMALS FOR TODAY
                         NORMAL    RECORD    YEAR
 MAXIMUM TEMPERATURE (F)   76        93      1900
 MINIMUM TEMPERATURE (F)   53        32      1971


SUNRISE AND SUNSET
MAY 27 2017...........SUNRISE   537 AM CDT   SUNSET   837 PM CDT
MAY 28 2017...........SUNRISE   537 AM CDT   SUNSET   838 PM CDT


-  INDICATES NEGATIVE NUMBERS.
R  INDICATES RECORD WAS SET OR TIED.
MM INDICATES DATA IS MISSING.
T  INDICATES TRACE AMOUNT.

$$

ANSORGE
