000
CDUS43 KDMX 300640
CLIALO

CLIMATE REPORT
NATIONAL WEATHER SERVICE DES MOINES IA
136 AM CDT SAT APR 30 2016

...................................

...THE WATERLOO IA CLIMATE SUMMARY FOR APRIL 29 2016...

CLIMATE NORMAL PERIOD 1981 TO 2010
CLIMATE RECORD PERIOD 1895 TO 2016

WEATHER ITEM   OBSERVED TIME   RECORD YEAR NORMAL DEPARTURE LAST
                VALUE   (LST)  VALUE       VALUE  FROM      YEAR
                                                  NORMAL
..................................................................
TEMPERATURE (F)
 YESTERDAY
  MAXIMUM         49    557 PM  89    2007  66    -17       72
                                      1952
  MINIMUM         42    713 AM  25    2011  43     -1       41
                                      2008
                                      1958
  AVERAGE         46                        54     -8       57

PRECIPITATION (IN)
  YESTERDAY        0.00          1.83 1984   0.14  -0.14     0.00
  MONTH TO DATE    1.80                      3.56  -1.76     3.36
  SINCE MAR 1      4.68                      5.62  -0.94     3.96
  SINCE JAN 1      6.40                      7.44  -1.04     5.99

SNOWFALL (IN)
  YESTERDAY        0.0           T    1956   0.0    0.0      0.0
  MONTH TO DATE    T                         1.8   -1.8       T
  SINCE MAR 1      2.9                       6.4   -3.5      0.7
  SINCE JUL 1     46.0                      35.3   10.7     29.2
  SNOW DEPTH       0

DEGREE DAYS
 HEATING
  YESTERDAY       19                        11      8        8
  MONTH TO DATE  454                       481    -27      440
  SINCE MAR 1   1200                      1387   -187     1349
  SINCE JUL 1   5899                      6806   -907     7110

 COOLING
  YESTERDAY        0                         0      0        0
  MONTH TO DATE    3                         0      3        0
  SINCE MAR 1      3                         0      3        0
  SINCE JAN 1      3                         0      3        0
..................................................................

WIND (MPH)
  HIGHEST WIND SPEED    21   HIGHEST WIND DIRECTION    NE (30)
  HIGHEST GUST SPEED    23   HIGHEST GUST DIRECTION    NE (30)
  AVERAGE WIND SPEED     8.5

SKY COVER
  POSSIBLE SUNSHINE  MM
  AVERAGE SKY COVER 1.0

WEATHER CONDITIONS
 THE FOLLOWING WEATHER WAS RECORDED YESTERDAY.
  FOG

RELATIVE HUMIDITY (PERCENT)
 HIGHEST    89          1200 AM
 LOWEST     66          1200 PM
 AVERAGE    78
..........................................................

THE WATERLOO IA CLIMATE NORMALS FOR TODAY
                         NORMAL    RECORD    YEAR
 MAXIMUM TEMPERATURE (F)   67        92      1910
 MINIMUM TEMPERATURE (F)   43        26      1956

SUNRISE AND SUNSET
APRIL 30 2016.........SUNRISE   605 AM CDT   SUNSET   809 PM CDT
MAY  1 2016...........SUNRISE   604 AM CDT   SUNSET   810 PM CDT

-  INDICATES NEGATIVE NUMBERS.
R  INDICATES RECORD WAS SET OR TIED.
MM INDICATES DATA IS MISSING.
T  INDICATES TRACE AMOUNT.

$$

FAB
