629
CDUS43 KDMX 292246 RRA
CLIALO

CLIMATE REPORT
NATIONAL WEATHER SERVICE DES MOINES IA
539 PM CDT MON AUG 29 2016


...................................

...THE WATERLOO IA CLIMATE SUMMARY FOR AUGUST 29 2016...
VALID TODAY AS OF 0500 PM LOCAL TIME.

CLIMATE NORMAL PERIOD 1981 TO 2010
CLIMATE RECORD PERIOD 1895 TO 2016


WEATHER ITEM   OBSERVED TIME   RECORD YEAR NORMAL DEPARTURE LAST
                VALUE   (LST)  VALUE       VALUE  FROM      YEAR
                                                  NORMAL
..................................................................
TEMPERATURE (F)
 TODAY
  MAXIMUM         81    154 PM  98    1984  81      0       73
  MINIMUM         65    143 AM  37    1946  58      7       58
  AVERAGE         73                        69      4       66

PRECIPITATION (IN)
  TODAY            T             2.87 1993   0.12  -0.12     0.05
  MONTH TO DATE    5.20                      4.02   1.18     5.55
  SINCE JUN 1     18.18                     13.91   4.27    14.37
  SINCE JAN 1     28.62                     26.03   2.59    25.23

SNOWFALL (IN)
  TODAY            0.0          MM      MM   0.0    0.0      0.0
  MONTH TO DATE    0.0                       0.0    0.0      0.0
  SINCE JUN 1      0.0                       0.0    0.0      0.0
  SINCE JUL 1      0.0                       0.0    0.0      0.0
  SNOW DEPTH       0

DEGREE DAYS
 HEATING
  TODAY            0                         1     -1        0
  MONTH TO DATE    3                        12     -9       19
  SINCE JUN 1      9                        42    -33       42
  SINCE JUL 1      5                        16    -11       30

 COOLING
  TODAY            8                         5      3        1
  MONTH TO DATE  216                       198     18      140
  SINCE JUN 1    683                       646     37      521
  SINCE JAN 1    746                       702     44      568
..................................................................


WIND (MPH)
  HIGHEST WIND SPEED    12   HIGHEST WIND DIRECTION    SE (140)
  HIGHEST GUST SPEED    14   HIGHEST GUST DIRECTION    SE (150)
  AVERAGE WIND SPEED     4.8


SKY COVER
  POSSIBLE SUNSHINE  MM
  AVERAGE SKY COVER 0.1


WEATHER CONDITIONS
 THE FOLLOWING WEATHER WAS RECORDED TODAY.
  THUNDERSTORM
  LIGHT RAIN


RELATIVE HUMIDITY (PERCENT)
 HIGHEST    93           100 AM
 LOWEST     74           100 PM
 AVERAGE    84

..........................................................


THE WATERLOO IA CLIMATE NORMALS FOR TOMORROW
                         NORMAL    RECORD    YEAR
 MAXIMUM TEMPERATURE (F)   81        96      2012
                                             1937
 MINIMUM TEMPERATURE (F)   58        34      1915


SUNRISE AND SUNSET
AUGUST 29 2016........SUNRISE   632 AM CDT   SUNSET   748 PM CDT
AUGUST 30 2016........SUNRISE   633 AM CDT   SUNSET   746 PM CDT


-  INDICATES NEGATIVE NUMBERS.
R  INDICATES RECORD WAS SET OR TIED.
MM INDICATES DATA IS MISSING.
T  INDICATES TRACE AMOUNT.




$$
