000
CDUS43 KDMX 290636
CLIALO

CLIMATE REPORT
NATIONAL WEATHER SERVICE DES MOINES IA
1234 AM CST FRI JAN 29 2016


...................................

...THE WATERLOO IA CLIMATE SUMMARY FOR JANUARY 28 2016...

CLIMATE NORMAL PERIOD 1981 TO 2010
CLIMATE RECORD PERIOD 1895 TO 2016


WEATHER ITEM   OBSERVED TIME   RECORD YEAR NORMAL DEPARTURE LAST
                VALUE   (LST)  VALUE       VALUE  FROM      YEAR
                                                  NORMAL
..................................................................
TEMPERATURE (F)
 YESTERDAY
  MAXIMUM         37    119 PM  51    1931  28      9       37
  MINIMUM         22   1129 PM -29    1915  10     12       26
  AVERAGE         30                        19     11       32

PRECIPITATION (IN)
  YESTERDAY        0.00          1.20 1949   0.03  -0.03     0.00
  MONTH TO DATE    0.78                      0.74   0.04     0.64
  SINCE DEC 1      6.70                      1.94   4.76     2.28
  SINCE JAN 1      0.78                      0.74   0.04     0.64

SNOWFALL (IN)
  YESTERDAY        0.0          12.0  1949   0.3   -0.3      0.0
  MONTH TO DATE    3.5                       7.3   -3.8      8.7
  SINCE DEC 1     17.5                      17.2    0.3      9.2
  SINCE JUL 1     30.2                      20.6    9.6     14.6
  SNOW DEPTH       4

DEGREE DAYS
 HEATING
  YESTERDAY       35                        46    -11       33
  MONTH TO DATE 1320                      1308     12     1249
  SINCE DEC 1   2276                      2636   -360     2389
  SINCE JUL 1   3491                      4119   -628     4138

 COOLING
  YESTERDAY        0                         0      0        0
  MONTH TO DATE    0                         0      0        0
  SINCE DEC 1      0                         0      0        0
  SINCE JAN 1      0                         0      0        0
..................................................................


WIND (MPH)
  HIGHEST WIND SPEED    29   HIGHEST WIND DIRECTION    NW (320)
  HIGHEST GUST SPEED    36   HIGHEST GUST DIRECTION    NW (320)
  AVERAGE WIND SPEED    13.8


SKY COVER
  POSSIBLE SUNSHINE  MM
  AVERAGE SKY COVER 0.6


WEATHER CONDITIONS
 THE FOLLOWING WEATHER WAS RECORDED YESTERDAY.
  NO SIGNIFICANT WEATHER WAS OBSERVED.


RELATIVE HUMIDITY (PERCENT)
 HIGHEST    81          1100 PM
 LOWEST     59           100 PM
 AVERAGE    70

..........................................................


THE WATERLOO IA CLIMATE NORMALS FOR TODAY
                         NORMAL    RECORD    YEAR
 MAXIMUM TEMPERATURE (F)   28        54      1919
 MINIMUM TEMPERATURE (F)   10       -26      1966


SUNRISE AND SUNSET
JANUARY 29 2016.......SUNRISE   727 AM CST   SUNSET   519 PM CST
JANUARY 30 2016.......SUNRISE   726 AM CST   SUNSET   520 PM CST


-  INDICATES NEGATIVE NUMBERS.
R  INDICATES RECORD WAS SET OR TIED.
MM INDICATES DATA IS MISSING.
T  INDICATES TRACE AMOUNT.




$$
