000
CDUS43 KDMX 020640 RRA
CLIALO

CLIMATE REPORT
NATIONAL WEATHER SERVICE DES MOINES IA
1239 AM CST THU MAR 2 2017


...................................

...THE WATERLOO IA CLIMATE SUMMARY FOR MARCH 1 2017...

CLIMATE NORMAL PERIOD 1981 TO 2010
CLIMATE RECORD PERIOD 1895 TO 2017


WEATHER ITEM   OBSERVED TIME   RECORD YEAR NORMAL DEPARTURE LAST
                VALUE   (LST)  VALUE       VALUE  FROM      YEAR
                                                  NORMAL
..................................................................
TEMPERATURE (F)
 YESTERDAY
  MAXIMUM         38    103 AM  67    1923  38      0       25
  MINIMUM         27   1159 PM -34    1962  20      7        7
  AVERAGE         33                        29      4       16

PRECIPITATION (IN)
  YESTERDAY        0.03          0.96 1965   0.05  -0.02     0.19
  MONTH TO DATE    0.03                      0.05  -0.02     0.19
  SINCE MAR 1      0.03                      0.05  -0.02     0.19
  SINCE JAN 1      3.96                      1.87   2.09     1.96

SNOWFALL (IN)
  YESTERDAY        T             3.9  2002   0.2   -0.2      2.1
  MONTH TO DATE    T                         0.2   -0.2      2.1
  SINCE MAR 1      T                         0.2   -0.2      2.1
  SINCE JUL 1     15.6                      29.1  -13.5     45.2
  SNOW DEPTH       0

DEGREE DAYS
 HEATING
  YESTERDAY       32                        36     -4       49
  MONTH TO DATE   32                        36     -4       49
  SINCE MAR 1     32                        36     -4       49
  SINCE JUL 1   4494                      5455   -961     4749

 COOLING
  YESTERDAY        0                         0      0        0
  MONTH TO DATE    0                         0      0        0
  SINCE MAR 1      0                         0      0        0
  SINCE JAN 1      0                         0      0        0
..................................................................


WIND (MPH)
  HIGHEST WIND SPEED    31   HIGHEST WIND DIRECTION    NW (330)
  HIGHEST GUST SPEED    36   HIGHEST GUST DIRECTION    NW (330)
  AVERAGE WIND SPEED    18.2


SKY COVER
  POSSIBLE SUNSHINE  MM
  AVERAGE SKY COVER 0.9


WEATHER CONDITIONS
 THE FOLLOWING WEATHER WAS RECORDED YESTERDAY.
  LIGHT SNOW
  FOG
  HAZE


RELATIVE HUMIDITY (PERCENT)
 HIGHEST    92          1200 AM
 LOWEST     63          1100 PM
 AVERAGE    78

..........................................................


THE WATERLOO IA CLIMATE NORMALS FOR TODAY
                         NORMAL    RECORD    YEAR
 MAXIMUM TEMPERATURE (F)   38        71      1923
 MINIMUM TEMPERATURE (F)   21       -15      2014


SUNRISE AND SUNSET
MARCH  2 2017.........SUNRISE   643 AM CST   SUNSET   601 PM CST
MARCH  3 2017.........SUNRISE   641 AM CST   SUNSET   602 PM CST


-  INDICATES NEGATIVE NUMBERS.
R  INDICATES RECORD WAS SET OR TIED.
MM INDICATES DATA IS MISSING.
T  INDICATES TRACE AMOUNT.




$$
