000
CDUS43 KDMX 172242
CLIALO

CLIMATE REPORT
NATIONAL WEATHER SERVICE DES MOINES IA
541 PM CDT FRI JUL 17 2015


...................................

...THE WATERLOO IA CLIMATE SUMMARY FOR JULY 17 2015...
VALID TODAY AS OF 0500 PM LOCAL TIME.

CLIMATE NORMAL PERIOD 1981 TO 2010
CLIMATE RECORD PERIOD 1895 TO 2015


WEATHER ITEM   OBSERVED TIME   RECORD YEAR NORMAL DEPARTURE LAST
                VALUE   (LST)  VALUE       VALUE  FROM      YEAR
                                                  NORMAL
..................................................................
TEMPERATURE (F)
 TODAY
  MAXIMUM         93    310 PM 105    1936  85      8       79
  MINIMUM         71    220 AM  48    1976  63      8       50
                                      1911
  AVERAGE         82                        74      8       65

PRECIPITATION (IN)
  TODAY            0.00          4.06 1968   0.17  -0.17     0.00
  MONTH TO DATE    1.12                      2.85  -1.73     0.43
  SINCE JUN 1      6.59                      7.83  -1.24    10.06
  SINCE JAN 1     17.46                     19.95  -2.49    24.09

SNOWFALL (IN)
  TODAY            0.0          MM      MM   0.0    0.0      0.0
  MONTH TO DATE    0.0                       0.0    0.0      0.0
  SINCE JUN 1      0.0                       0.0    0.0      0.0
  SINCE JUL 1      0.0                       0.0    0.0      0.0
  SNOW DEPTH       0

DEGREE DAYS
 HEATING
  TODAY            0                         0      0        0
  MONTH TO DATE   11                         0     11       17
  SINCE JUN 1     23                        26     -3       24
  SINCE JUL 1     11                         0     11       17

 COOLING
  TODAY           17                         9      8        0
  MONTH TO DATE  107                       153    -46       60
  SINCE JUN 1    257                       330    -73      231
  SINCE JAN 1    304                       386    -82      298
..................................................................


WIND (MPH)
  HIGHEST WIND SPEED    13   HIGHEST WIND DIRECTION    SW (210)
  HIGHEST GUST SPEED    16   HIGHEST GUST DIRECTION    SW (220)
  AVERAGE WIND SPEED     5.0


SKY COVER
  POSSIBLE SUNSHINE  MM
  AVERAGE SKY COVER 0.3


WEATHER CONDITIONS
 THE FOLLOWING WEATHER WAS RECORDED TODAY.
  FOG
  FOG W/VISIBILITY <= 1/4 MILE


RELATIVE HUMIDITY (PERCENT)
 HIGHEST   100          1200 AM
 LOWEST     47           300 PM
 AVERAGE    74

..........................................................


THE WATERLOO IA CLIMATE NORMALS FOR TOMORROW
                         NORMAL    RECORD    YEAR
 MAXIMUM TEMPERATURE (F)   85       102      1940
 MINIMUM TEMPERATURE (F)   63        49      1914


SUNRISE AND SUNSET
JULY 17 2015..........SUNRISE   547 AM CDT   SUNSET   844 PM CDT
JULY 18 2015..........SUNRISE   548 AM CDT   SUNSET   843 PM CDT


-  INDICATES NEGATIVE NUMBERS.
R  INDICATES RECORD WAS SET OR TIED.
MM INDICATES DATA IS MISSING.
T  INDICATES TRACE AMOUNT.




$$
