000
CDUS43 KDMX 152226 RRA
CLIALO

CLIMATE REPORT
NATIONAL WEATHER SERVICE DES MOINES IA
525 PM CDT FRI JUL 15 2016


...................................

...THE WATERLOO IA CLIMATE SUMMARY FOR JULY 15 2016...
VALID TODAY AS OF 0500 PM LOCAL TIME.

CLIMATE NORMAL PERIOD 1981 TO 2010
CLIMATE RECORD PERIOD 1895 TO 2016


WEATHER ITEM   OBSERVED TIME   RECORD YEAR NORMAL DEPARTURE LAST
                VALUE   (LST)  VALUE       VALUE  FROM      YEAR
                                                  NORMAL
..................................................................
TEMPERATURE (F)
 TODAY
  MAXIMUM         76    226 PM 106    1936  85     -9       77
  MINIMUM         58    251 AM  44    1967  63     -5       64
  AVERAGE         67                        74     -7       71

PRECIPITATION (IN)
  TODAY            0.00          0.77 1952   0.17  -0.17     0.00
  MONTH TO DATE    1.85                      2.52  -0.67     0.67
  SINCE JUN 1     10.82                      7.50   3.32     6.14
  SINCE JAN 1     21.26                     19.62   1.64    17.00

SNOWFALL (IN)
  TODAY            0.0          MM      MM   0.0    0.0      0.0
  MONTH TO DATE    0.0                       0.0    0.0      0.0
  SINCE JUN 1      0.0                       0.0    0.0      0.0
  SINCE JUL 1      0.0                       0.0    0.0      0.0
  SNOW DEPTH       0

DEGREE DAYS
 HEATING
  TODAY            0                         0      0        0
  MONTH TO DATE    2                         0      2       11
  SINCE JUN 1      6                        26    -20       23
  SINCE JUL 1      2                         0      2       11

 COOLING
  TODAY            2                         9     -7        6
  MONTH TO DATE   96                       135    -39       82
  SINCE JUN 1    313                       312      1      231
  SINCE JAN 1    376                       368      8      278
..................................................................


WIND (MPH)
  HIGHEST WIND SPEED    17   HIGHEST WIND DIRECTION     N (360)
  HIGHEST GUST SPEED    21   HIGHEST GUST DIRECTION    NW (330)
  AVERAGE WIND SPEED     8.7


SKY COVER
  POSSIBLE SUNSHINE  MM
  AVERAGE SKY COVER 0.5


WEATHER CONDITIONS
 THE FOLLOWING WEATHER WAS RECORDED TODAY.
  NO SIGNIFICANT WEATHER WAS OBSERVED.


RELATIVE HUMIDITY (PERCENT)
 HIGHEST    90           400 AM
 LOWEST     50           400 PM
 AVERAGE    70

..........................................................


THE WATERLOO IA CLIMATE NORMALS FOR TOMORROW
                         NORMAL    RECORD    YEAR
 MAXIMUM TEMPERATURE (F)   85       103      1901
 MINIMUM TEMPERATURE (F)   63        48      1912


SUNRISE AND SUNSET
JULY 15 2016..........SUNRISE   546 AM CDT   SUNSET   845 PM CDT
JULY 16 2016..........SUNRISE   547 AM CDT   SUNSET   844 PM CDT


-  INDICATES NEGATIVE NUMBERS.
R  INDICATES RECORD WAS SET OR TIED.
MM INDICATES DATA IS MISSING.
T  INDICATES TRACE AMOUNT.

$$
