000
CDUS43 KDMX 050630
CLIALO

CLIMATE REPORT
NATIONAL WEATHER SERVICE DES MOINES IA
127 AM CDT FRI AUG 5 2016


...................................

...THE WATERLOO IA CLIMATE SUMMARY FOR AUGUST 4 2016...

CLIMATE NORMAL PERIOD 1981 TO 2010
CLIMATE RECORD PERIOD 1895 TO 2016


WEATHER ITEM   OBSERVED TIME   RECORD YEAR NORMAL DEPARTURE LAST
                VALUE   (LST)  VALUE       VALUE  FROM      YEAR
                                                  NORMAL
..................................................................
TEMPERATURE (F)
 YESTERDAY
  MAXIMUM         89    359 PM  98    1947  83      6       81
  MINIMUM         70   1159 PM  45    1978  62      8       53
  AVERAGE         80                        72      8       67

PRECIPITATION (IN)
  YESTERDAY        1.59          2.13 1968   0.15   1.44     0.00
  MONTH TO DATE    1.59                      0.57   1.02     0.00
  SINCE JUN 1     14.57                     10.46   4.11     8.82
  SINCE JAN 1     25.01                     22.58   2.43    19.68

SNOWFALL (IN)
  YESTERDAY        0.0          MM      MM   0.0    0.0      0.0
  MONTH TO DATE    0.0                       0.0    0.0      0.0
  SINCE JUN 1      0.0                       0.0    0.0      0.0
  SINCE JUL 1      0.0                       0.0    0.0      0.0
  SNOW DEPTH       0

DEGREE DAYS
 HEATING
  YESTERDAY        0                         0      0        0
  MONTH TO DATE    0                         0      0        0
  SINCE JUN 1      6                        30    -24       23
  SINCE JUL 1      2                         4     -2       11

 COOLING
  YESTERDAY       15                         8      7        2
  MONTH TO DATE   48                        32     16       26
  SINCE JUN 1    515                       480     35      407
  SINCE JAN 1    578                       536     42      454
..................................................................


WIND (MPH)
  HIGHEST WIND SPEED    37   HIGHEST WIND DIRECTION    NW (330)
  HIGHEST GUST SPEED    46   HIGHEST GUST DIRECTION    NW (330)
  AVERAGE WIND SPEED    10.3


SKY COVER
  POSSIBLE SUNSHINE  MM
  AVERAGE SKY COVER 0.3


WEATHER CONDITIONS
 THE FOLLOWING WEATHER WAS RECORDED YESTERDAY.
  THUNDERSTORM
  HEAVY RAIN
  LIGHT RAIN
  FOG
  FOG W/VISIBILITY <= 1/4 MILE


RELATIVE HUMIDITY (PERCENT)
 HIGHEST    93           900 PM
 LOWEST     65          1000 AM
 AVERAGE    79

..........................................................


THE WATERLOO IA CLIMATE NORMALS FOR TODAY
                         NORMAL    RECORD    YEAR
 MAXIMUM TEMPERATURE (F)   83       104      1918
 MINIMUM TEMPERATURE (F)   62        44      1994


SUNRISE AND SUNSET
AUGUST  5 2016........SUNRISE   606 AM CDT   SUNSET   824 PM CDT
AUGUST  6 2016........SUNRISE   607 AM CDT   SUNSET   823 PM CDT


-  INDICATES NEGATIVE NUMBERS.
R  INDICATES RECORD WAS SET OR TIED.
MM INDICATES DATA IS MISSING.
T  INDICATES TRACE AMOUNT.




$$
