000
CDUS43 KDMX 040634
CLIALO

CLIMATE REPORT
NATIONAL WEATHER SERVICE DES MOINES IA
132 AM CDT FRI AUG 4 2017

...................................

...THE WATERLOO IA CLIMATE SUMMARY FOR AUGUST 3 2017...

CLIMATE NORMAL PERIOD 1981 TO 2010
CLIMATE RECORD PERIOD 1895 TO 2017


WEATHER ITEM   OBSERVED TIME   RECORD YEAR NORMAL DEPARTURE LAST
                VALUE   (LST)  VALUE       VALUE  FROM      YEAR
                                                  NORMAL
..................................................................
TEMPERATURE (F)
 YESTERDAY
  MAXIMUM         78   1222 PM 105    1930  83     -5       88
  MINIMUM         52   1159 PM  44    1927  62    -10       65
  AVERAGE         65                        72     -7       77

PRECIPITATION (IN)
  YESTERDAY        0.14          1.38 1915   0.14   0.00     0.00
  MONTH TO DATE    0.14                      0.42  -0.28     0.00
  SINCE JUN 1      8.50                     10.31  -1.81    12.98
  SINCE JAN 1     21.52                     22.43  -0.91    23.47

SNOWFALL (IN)
  YESTERDAY        0.0          MM      MM   0.0    0.0      0.0
  MONTH TO DATE    0.0                       0.0    0.0      0.0
  SINCE JUN 1      0.0                       0.0    0.0      0.0
  SINCE JUL 1      0.0                       0.0    0.0      0.0
  SNOW DEPTH       0

DEGREE DAYS
 HEATING
  YESTERDAY        0                         0      0        0
  MONTH TO DATE    0                         0      0        0
  SINCE JUN 1     17                        30    -13        6
  SINCE JUL 1      0                         4     -4        2

 COOLING
  YESTERDAY        0                         8     -8       12
  MONTH TO DATE   14                        24    -10       33
  SINCE JUN 1    480                       472      8      500
  SINCE JAN 1    516                       528    -12      563
..................................................................


WIND (MPH)
  HIGHEST WIND SPEED    28   HIGHEST WIND DIRECTION    NW (310)
  HIGHEST GUST SPEED    36   HIGHEST GUST DIRECTION    NW (310)
  AVERAGE WIND SPEED    11.6


SKY COVER
  POSSIBLE SUNSHINE  MM
  AVERAGE SKY COVER 0.5


WEATHER CONDITIONS
 THE FOLLOWING WEATHER WAS RECORDED YESTERDAY.
  THUNDERSTORM
  HEAVY RAIN
  RAIN
  LIGHT RAIN
  FOG


RELATIVE HUMIDITY (PERCENT)
 HIGHEST    93           200 AM
 LOWEST     57           300 PM
 AVERAGE    75

..........................................................


THE WATERLOO IA CLIMATE NORMALS FOR TODAY
                         NORMAL    RECORD    YEAR
 MAXIMUM TEMPERATURE (F)   83        98      1947
 MINIMUM TEMPERATURE (F)   62        45      1978


SUNRISE AND SUNSET
AUGUST  4 2017........SUNRISE   605 AM CDT   SUNSET   826 PM CDT
AUGUST  5 2017........SUNRISE   606 AM CDT   SUNSET   824 PM CDT


-  INDICATES NEGATIVE NUMBERS.
R  INDICATES RECORD WAS SET OR TIED.
MM INDICATES DATA IS MISSING.
T  INDICATES TRACE AMOUNT.

$$

ANSORGE
