000
CDUS43 KDMX 310632
CLIALO

CLIMATE REPORT
NATIONAL WEATHER SERVICE DES MOINES IA
1228 AM CST TUE JAN 31 2017

...................................

...THE WATERLOO IA CLIMATE SUMMARY FOR JANUARY 30 2017...

CLIMATE NORMAL PERIOD 1981 TO 2010
CLIMATE RECORD PERIOD 1895 TO 2017


WEATHER ITEM   OBSERVED TIME   RECORD YEAR NORMAL DEPARTURE LAST
                VALUE   (LST)  VALUE       VALUE  FROM      YEAR
                                                  NORMAL
..................................................................
TEMPERATURE (F)
 YESTERDAY
  MAXIMUM         40    657 PM  55    1924  28     12       42
  MINIMUM         10    343 AM -24    1951  10      0       20
  AVERAGE         25                        19      6       31

PRECIPITATION (IN)
  YESTERDAY        0.00          1.00 1947   0.03  -0.03      T
  MONTH TO DATE    2.89                      0.80   2.09     0.78
  SINCE DEC 1      4.76                      2.00   2.76     6.70
  SINCE JAN 1      2.89                      0.80   2.09     0.78

SNOWFALL (IN)
  YESTERDAY        0.0          10.0  1947   0.3   -0.3      0.0
  MONTH TO DATE    3.7                       7.9   -4.2      3.5
  SINCE DEC 1     14.2                      17.8   -3.6     17.5
  SINCE JUL 1     14.2                      21.2   -7.0     30.2
  SNOW DEPTH       2

DEGREE DAYS
 HEATING
  YESTERDAY       40                        46     -6       34
  MONTH TO DATE 1249                      1400   -151     1395
  SINCE DEC 1   2572                      2728   -156     2351
  SINCE JUL 1   3561                      4211   -650     3566

 COOLING
  YESTERDAY        0                         0      0        0
  MONTH TO DATE    0                         0      0        0
  SINCE DEC 1      0                         0      0        0
  SINCE JAN 1      0                         0      0        0
..................................................................


WIND (MPH)
  HIGHEST WIND SPEED    25   HIGHEST WIND DIRECTION     W (280)
  HIGHEST GUST SPEED    35   HIGHEST GUST DIRECTION     W (280)
  AVERAGE WIND SPEED    12.9


SKY COVER
  POSSIBLE SUNSHINE  MM
  AVERAGE SKY COVER 0.6


WEATHER CONDITIONS
 THE FOLLOWING WEATHER WAS RECORDED YESTERDAY.
  FOG


RELATIVE HUMIDITY (PERCENT)
 HIGHEST    92          1200 AM
 LOWEST     64           500 PM
 AVERAGE    78

..........................................................


THE WATERLOO IA CLIMATE NORMALS FOR TODAY
                         NORMAL    RECORD    YEAR
 MAXIMUM TEMPERATURE (F)   28        57      1989
 MINIMUM TEMPERATURE (F)   10       -27      1918


SUNRISE AND SUNSET
JANUARY 31 2017.......SUNRISE   724 AM CST   SUNSET   522 PM CST
FEBRUARY  1 2017......SUNRISE   723 AM CST   SUNSET   524 PM CST


-  INDICATES NEGATIVE NUMBERS.
R  INDICATES RECORD WAS SET OR TIED.
MM INDICATES DATA IS MISSING.
T  INDICATES TRACE AMOUNT.

$$

ANSORGE
