000
CDUS43 KDMX 160653 RRA
CLIALO

CLIMATE REPORT
NATIONAL WEATHER SERVICE DES MOINES IA
1252 AM CST FRI JAN 16 2015

...................................

...THE WATERLOO IA CLIMATE SUMMARY FOR JANUARY 15 2015...

CLIMATE NORMAL PERIOD 1981 TO 2010
CLIMATE RECORD PERIOD 1895 TO 2015


WEATHER ITEM   OBSERVED TIME   RECORD YEAR NORMAL DEPARTURE LAST
                VALUE   (LST)  VALUE       VALUE  FROM      YEAR
                                                  NORMAL
..................................................................
TEMPERATURE (F)
 YESTERDAY
  MAXIMUM         36    234 PM  55    1990  27      9       25
  MINIMUM         17    556 AM -28    1963   9      8        4
  AVERAGE         27                        18      9       15

PRECIPITATION (IN)
  YESTERDAY        0.00          0.62 1952   0.03  -0.03      T
  MONTH TO DATE    0.52                      0.40   0.12     0.22
  SINCE DEC 1      2.16                      1.60   0.56     1.16
  SINCE JAN 1      0.52                      0.40   0.12     0.22

SNOWFALL (IN)
  YESTERDAY        0.0           3.4  1997   0.2   -0.2      0.1
  MONTH TO DATE    7.5                       3.7    3.8      1.1
  SINCE DEC 1      8.0                      13.6   -5.6     19.0
  SINCE JUL 1     13.4                      17.0   -3.6     24.9
  SNOW DEPTH       4

DEGREE DAYS
 HEATING
  YESTERDAY       38                        47     -9       50
  MONTH TO DATE  823                       701    122      816
  SINCE DEC 1   1963                      2029    -66     2364
  SINCE JUL 1   3712                      3512    200     3970

 COOLING
  YESTERDAY        0                         0      0        0
  MONTH TO DATE    0                         0      0        0
  SINCE DEC 1      0                         0      0        0
  SINCE JAN 1      0                         0      0        0
..................................................................


WIND (MPH)
  HIGHEST WIND SPEED    17   HIGHEST WIND DIRECTION    NW (310)
  HIGHEST GUST SPEED    21   HIGHEST GUST DIRECTION    NW (320)
  AVERAGE WIND SPEED     6.9


SKY COVER
  POSSIBLE SUNSHINE  MM
  AVERAGE SKY COVER 0.1


WEATHER CONDITIONS
 THE FOLLOWING WEATHER WAS RECORDED YESTERDAY.
  FOG


RELATIVE HUMIDITY (PERCENT)
 HIGHEST   100          1000 PM
 LOWEST     64          1200 PM
 AVERAGE    82

..........................................................


THE WATERLOO IA CLIMATE NORMALS FOR TODAY
                         NORMAL    RECORD    YEAR
 MAXIMUM TEMPERATURE (F)   27        56      1914
 MINIMUM TEMPERATURE (F)    9       -34      2009


SUNRISE AND SUNSET
JANUARY 16 2015.......SUNRISE   736 AM CST   SUNSET   503 PM CST
JANUARY 17 2015.......SUNRISE   736 AM CST   SUNSET   504 PM CST


-  INDICATES NEGATIVE NUMBERS.
R  INDICATES RECORD WAS SET OR TIED.
MM INDICATES DATA IS MISSING.
T  INDICATES TRACE AMOUNT.




$$
