000
CDUS43 KDMX 200702 RRA
CLIALO

CLIMATE REPORT
NATIONAL WEATHER SERVICE DES MOINES IA
102 AM CST FRI FEB 20 2015

...................................

...THE WATERLOO IA CLIMATE SUMMARY FOR FEBRUARY 19 2015...

CLIMATE NORMAL PERIOD 1981 TO 2010
CLIMATE RECORD PERIOD 1895 TO 2015


WEATHER ITEM   OBSERVED TIME   RECORD YEAR NORMAL DEPARTURE LAST
                VALUE   (LST)  VALUE       VALUE  FROM      YEAR
                                                  NORMAL
..................................................................
TEMPERATURE (F)
 YESTERDAY
  MAXIMUM          9    335 PM  64    1930  33    -24       39
  MINIMUM         -9    739 AM -23    1936  16    -25       18
  AVERAGE          0                        25    -25       29

PRECIPITATION (IN)
  YESTERDAY        0.00          0.51 1971   0.04  -0.04     0.00
  MONTH TO DATE    0.58                      0.61  -0.03     1.15
  SINCE DEC 1      3.22                      2.64   0.58     2.75
  SINCE JAN 1      1.58                      1.44   0.14     1.81

SNOWFALL (IN)
  YESTERDAY        0.0           4.0  1898   0.3   -0.3      0.0
  MONTH TO DATE    6.7                       5.4    1.3     16.9
  SINCE DEC 1     17.9                      23.5   -5.6     41.3
  SINCE JUL 1     23.3                      26.9   -3.6     47.2
  SNOW DEPTH       1

DEGREE DAYS
 HEATING
  YESTERDAY       65                        40     25       36
  MONTH TO DATE  985                       820    165     1073
  SINCE DEC 1   3491                      3591   -100     4318
  SINCE JUL 1   5240                      5074    166     5924

 COOLING
  YESTERDAY        0                         0      0        0
  MONTH TO DATE    0                         0      0        0
  SINCE DEC 1      0                         0      0        0
  SINCE JAN 1      0                         0      0        0
..................................................................


WIND (MPH)
  HIGHEST WIND SPEED    14   HIGHEST WIND DIRECTION     S (160)
  HIGHEST GUST SPEED    17   HIGHEST GUST DIRECTION    NW (330)
  AVERAGE WIND SPEED     5.5


SKY COVER
  POSSIBLE SUNSHINE  MM
  AVERAGE SKY COVER 0.1


WEATHER CONDITIONS
 THE FOLLOWING WEATHER WAS RECORDED YESTERDAY.
  NO SIGNIFICANT WEATHER WAS OBSERVED.


RELATIVE HUMIDITY (PERCENT)
 HIGHEST    83           500 AM
 LOWEST     49          1200 PM
 AVERAGE    66

..........................................................


THE WATERLOO IA CLIMATE NORMALS FOR TODAY
                         NORMAL    RECORD    YEAR
 MAXIMUM TEMPERATURE (F)   34        60      1930
 MINIMUM TEMPERATURE (F)   17       -25      1929


SUNRISE AND SUNSET
FEBRUARY 20 2015......SUNRISE   659 AM CST   SUNSET   548 PM CST
FEBRUARY 21 2015......SUNRISE   658 AM CST   SUNSET   549 PM CST


-  INDICATES NEGATIVE NUMBERS.
R  INDICATES RECORD WAS SET OR TIED.
MM INDICATES DATA IS MISSING.
T  INDICATES TRACE AMOUNT.

$$

SMALL
