000
CDUS43 KDMX 050652
CLIALO

CLIMATE REPORT
NATIONAL WEATHER SERVICE DES MOINES IA
1245 AM CST FRI DEC 5 2014


...................................

...THE WATERLOO IA CLIMATE SUMMARY FOR DECEMBER 4 2014...

CLIMATE NORMAL PERIOD 1981 TO 2010
CLIMATE RECORD PERIOD 1895 TO 2014


WEATHER ITEM   OBSERVED TIME   RECORD YEAR NORMAL DEPARTURE LAST
                VALUE   (LST)  VALUE       VALUE  FROM      YEAR
                                                  NORMAL
..................................................................
TEMPERATURE (F)
 YESTERDAY
  MAXIMUM         34    254 PM  67    1998  35     -1       45
  MINIMUM         16    754 AM  -7    1991  17     -1       22
  AVERAGE         25                        26     -1       34

PRECIPITATION (IN)
  YESTERDAY        0.00          1.24 1973   0.05  -0.05     0.03
  MONTH TO DATE    0.00                      0.20  -0.20     0.03
  SINCE DEC 1      0.00                      0.20  -0.20     0.03
  SINCE JAN 1     33.25                     33.60  -0.35    39.90

SNOWFALL (IN)
  YESTERDAY        0.0           9.0  1897   0.3   -0.3      0.0
  MONTH TO DATE    0.0                       1.2   -1.2      0.0
  SINCE DEC 1      0.0                       1.2   -1.2      0.0
  SINCE JUL 1      5.4                       4.6    0.8      5.9
  SNOW DEPTH       0

DEGREE DAYS
 HEATING
  YESTERDAY       40                        39      1       31
  MONTH TO DATE  182                       152     30      128
  SINCE DEC 1    182                       152     30      128
  SINCE JUL 1   1931                      1635    296     1734

 COOLING
  YESTERDAY        0                         0      0        0
  MONTH TO DATE    0                         0      0        0
  SINCE DEC 1      0                         0      0        0
  SINCE JAN 1    658                       799   -141      837
..................................................................


WIND (MPH)
  HIGHEST WIND SPEED    18   HIGHEST WIND DIRECTION    SE (140)
  HIGHEST GUST SPEED    23   HIGHEST GUST DIRECTION    SE (140)
  AVERAGE WIND SPEED     9.4


SKY COVER
  POSSIBLE SUNSHINE  MM
  AVERAGE SKY COVER 0.6


WEATHER CONDITIONS
 THE FOLLOWING WEATHER WAS RECORDED YESTERDAY.
  NO SIGNIFICANT WEATHER WAS OBSERVED.


RELATIVE HUMIDITY (PERCENT)
 HIGHEST    88           800 AM
 LOWEST     38           100 PM
 AVERAGE    63

..........................................................


THE WATERLOO IA CLIMATE NORMALS FOR TODAY
                         NORMAL    RECORD    YEAR
 MAXIMUM TEMPERATURE (F)   35        67      2001
 MINIMUM TEMPERATURE (F)   17       -16      2005


SUNRISE AND SUNSET
DECEMBER  5 2014......SUNRISE   724 AM CST   SUNSET   437 PM CST
DECEMBER  6 2014......SUNRISE   725 AM CST   SUNSET   436 PM CST


-  INDICATES NEGATIVE NUMBERS.
R  INDICATES RECORD WAS SET OR TIED.
MM INDICATES DATA IS MISSING.
T  INDICATES TRACE AMOUNT.




$$
