000
CDUS43 KDMX 270138
CLIALO

CLIMATE REPORT
NATIONAL WEATHER SERVICE DES MOINES IA
837 PM CDT TUE APR 26 2016

...................................

...THE WATERLOO IA CLIMATE SUMMARY FOR APRIL 26 2016...
VALID TODAY AS OF 0500 PM LOCAL TIME.

CLIMATE NORMAL PERIOD 1981 TO 2010
CLIMATE RECORD PERIOD 1895 TO 2016


WEATHER ITEM   OBSERVED TIME   RECORD YEAR NORMAL DEPARTURE LAST
                VALUE   (LST)  VALUE       VALUE  FROM      YEAR
                                                  NORMAL
..................................................................
TEMPERATURE (F)
 TODAY
  MAXIMUM         59    332 PM  85    1986  65     -6       62
  MINIMUM         46    423 AM  23    1907  42      4       31
  AVERAGE         53                        53      0       47

PRECIPITATION (IN)
  TODAY            0.00          2.80 2009   0.14  -0.14     0.00
  MONTH TO DATE    1.18                      3.13  -1.95     3.36
  SINCE MAR 1      4.06                      5.19  -1.13     3.96
  SINCE JAN 1      5.78                      7.01  -1.23     5.99

SNOWFALL (IN)
  TODAY            0.0           0.4  1967   0.0    0.0      0.0
  MONTH TO DATE    T                         1.7   -1.7       T
  SINCE MAR 1      2.9                       6.3   -3.4      0.7
  SINCE JUL 1     46.0                      35.2   10.8     29.2
  SNOW DEPTH       0

DEGREE DAYS
 HEATING
  TODAY           12                        12      0       18
  MONTH TO DATE  397                       447    -50      405
  SINCE MAR 1   1143                      1353   -210     1314
  SINCE JUL 1   5842                      6772   -930     7075

 COOLING
  TODAY            0                         0      0        0
  MONTH TO DATE    3                         0      3        0
  SINCE MAR 1      3                         0      3        0
  SINCE JAN 1      3                         0      3        0
..................................................................


WIND (MPH)
  HIGHEST WIND SPEED    22   HIGHEST WIND DIRECTION     E (70)
  HIGHEST GUST SPEED    25   HIGHEST GUST DIRECTION     E (70)
  AVERAGE WIND SPEED    10.8


SKY COVER
  POSSIBLE SUNSHINE  MM
  AVERAGE SKY COVER 0.7


WEATHER CONDITIONS
 THE FOLLOWING WEATHER WAS RECORDED TODAY.
  FOG
  HAZE


RELATIVE HUMIDITY (PERCENT)
 HIGHEST    93           500 AM
 LOWEST     67           400 PM
 AVERAGE    80

..........................................................


THE WATERLOO IA CLIMATE NORMALS FOR TOMORROW
                         NORMAL    RECORD    YEAR
 MAXIMUM TEMPERATURE (F)   66        89      1981
 MINIMUM TEMPERATURE (F)   42        24      1928


SUNRISE AND SUNSET
APRIL 26 2016.........SUNRISE   611 AM CDT   SUNSET   805 PM CDT
APRIL 27 2016.........SUNRISE   609 AM CDT   SUNSET   806 PM CDT


-  INDICATES NEGATIVE NUMBERS.
R  INDICATES RECORD WAS SET OR TIED.
MM INDICATES DATA IS MISSING.
T  INDICATES TRACE AMOUNT.




$$
