000
CDUS43 KDMX 160635 RRB
CLIALO

CLIMATE REPORT
NATIONAL WEATHER SERVICE DES MOINES IA
1234 AM CST FRI FEB 16 2018


...................................

...THE WATERLOO IA CLIMATE SUMMARY FOR FEBRUARY 15 2018...

CLIMATE NORMAL PERIOD 1981 TO 2010
CLIMATE RECORD PERIOD 1895 TO 2018


WEATHER ITEM   OBSERVED TIME   RECORD YEAR NORMAL DEPARTURE LAST
                VALUE   (LST)  VALUE       VALUE  FROM      YEAR
                                                  NORMAL
..................................................................
TEMPERATURE (F)
 YESTERDAY
  MAXIMUM         39   1237 PM  71    1921  32      7       37
  MINIMUM         26   1159 PM -22    1930  15     11       23
  AVERAGE         33                        23     10       30

PRECIPITATION (IN)
  YESTERDAY        0.00          0.30 1983   0.03  -0.03     0.00
  MONTH TO DATE    1.22                      0.46   0.76     0.03
  SINCE DEC 1      3.92                      2.49   1.43     4.79
  SINCE JAN 1      3.46                      1.29   2.17     2.92

SNOWFALL (IN)
  YESTERDAY        0.0           3.6  2014   0.2   -0.2      0.0
  MONTH TO DATE   11.2                       4.3    6.9      0.2
  SINCE DEC 1     21.2                      22.4   -1.2     14.4
  SINCE JUL 1     21.2                      25.8   -4.6     14.4
  SNOW DEPTH       5

DEGREE DAYS
 HEATING
  YESTERDAY       32                        42    -10       35
  MONTH TO DATE  790                       657    133      556
  SINCE DEC 1   3581                      3428    153     3156
  SINCE JUL 1   4972                      4911     61     4145

 COOLING
  YESTERDAY        0                         0      0        0
  MONTH TO DATE    0                         0      0        0
  SINCE DEC 1      0                         0      0        0
  SINCE JAN 1      0                         0      0        0
..................................................................


WIND (MPH)
  HIGHEST WIND SPEED    26   HIGHEST WIND DIRECTION    NW (320)
  HIGHEST GUST SPEED    33   HIGHEST GUST DIRECTION    NW (330)
  AVERAGE WIND SPEED    10.6


SKY COVER
  POSSIBLE SUNSHINE  MM
  AVERAGE SKY COVER 0.4


WEATHER CONDITIONS
 THE FOLLOWING WEATHER WAS RECORDED YESTERDAY.
  FOG


RELATIVE HUMIDITY (PERCENT)
 HIGHEST   100           200 AM
 LOWEST     76          1200 PM
 AVERAGE    88

..........................................................


THE WATERLOO IA CLIMATE NORMALS FOR TODAY
                         NORMAL    RECORD    YEAR
 MAXIMUM TEMPERATURE (F)   32        62      1981
 MINIMUM TEMPERATURE (F)   15       -18      1958


SUNRISE AND SUNSET
FEBRUARY 16 2018......SUNRISE   705 AM CST   SUNSET   543 PM CST
FEBRUARY 17 2018......SUNRISE   703 AM CST   SUNSET   544 PM CST


-  INDICATES NEGATIVE NUMBERS.
R  INDICATES RECORD WAS SET OR TIED.
MM INDICATES DATA IS MISSING.
T  INDICATES TRACE AMOUNT.




$$
