000
CDUS43 KDMX 210709
CLIALO

CLIMATE REPORT
NATIONAL WEATHER SERVICE DES MOINES IA
208 AM CDT MON JUL 21 2014


...................................

...THE WATERLOO IA CLIMATE SUMMARY FOR JULY 20 2014...

CLIMATE NORMAL PERIOD 1981 TO 2010
CLIMATE RECORD PERIOD 1895 TO 2014


WEATHER ITEM   OBSERVED TIME   RECORD YEAR NORMAL DEPARTURE LAST
                VALUE   (LST)  VALUE       VALUE  FROM      YEAR
                                                  NORMAL
..................................................................
TEMPERATURE (F)
 YESTERDAY
  MAXIMUM         84    356 PM 104    1930  84      0       89
  MINIMUM         65    516 AM  47    1970  63      2       57
  AVERAGE         75                        74      1       73

PRECIPITATION (IN)
  YESTERDAY        0.00          1.93 1999   0.15  -0.15     0.00
  MONTH TO DATE    0.43                      3.30  -2.87     0.30
  SINCE JUN 1     10.06                      8.28   1.78     4.98
  SINCE JAN 1     24.09                     20.40   3.69    28.56

SNOWFALL (IN)
  YESTERDAY        0.0          MM      MM   0.0    0.0      0.0
  MONTH TO DATE    0.0                       0.0    0.0      0.0
  SINCE JUN 1      0.0                       0.0    0.0      0.0
  SINCE JUL 1      0.0                       0.0    0.0      0.0
  SNOW DEPTH       0

DEGREE DAYS
 HEATING
  YESTERDAY        0                         0      0        0
  MONTH TO DATE   17                         0     17        0
  SINCE JUN 1     24                        26     -2       38
  SINCE JUL 1     17                         0     17        0

 COOLING
  YESTERDAY       10                         9      1        8
  MONTH TO DATE   80                       180   -100      215
  SINCE JUN 1    251                       357   -106      383
  SINCE JAN 1    318                       413    -95      436
..................................................................


WIND (MPH)
  HIGHEST WIND SPEED    22   HIGHEST WIND DIRECTION     S (190)
  HIGHEST GUST SPEED    27   HIGHEST GUST DIRECTION     S (160)
  AVERAGE WIND SPEED    11.6


SKY COVER
  POSSIBLE SUNSHINE  MM
  AVERAGE SKY COVER 0.3


WEATHER CONDITIONS
 THE FOLLOWING WEATHER WAS RECORDED YESTERDAY.
  NO SIGNIFICANT WEATHER WAS OBSERVED.


RELATIVE HUMIDITY (PERCENT)
 HIGHEST    87           300 AM
 LOWEST     48           200 PM
 AVERAGE    68

..........................................................


THE WATERLOO IA CLIMATE NORMALS FOR TODAY
                         NORMAL    RECORD    YEAR
 MAXIMUM TEMPERATURE (F)   84       106      1901
 MINIMUM TEMPERATURE (F)   63        46      1944


SUNRISE AND SUNSET
JULY 21 2014..........SUNRISE   551 AM CDT   SUNSET   841 PM CDT
JULY 22 2014..........SUNRISE   552 AM CDT   SUNSET   840 PM CDT


-  INDICATES NEGATIVE NUMBERS.
R  INDICATES RECORD WAS SET OR TIED.
MM INDICATES DATA IS MISSING.
T  INDICATES TRACE AMOUNT.




$$
