000
CDUS43 KDMX 150649 RRA
CLIALO

CLIMATE REPORT
NATIONAL WEATHER SERVICE DES MOINES IA
149 AM CDT MON SEP 15 2014

...................................

...THE WATERLOO IA CLIMATE SUMMARY FOR SEPTEMBER 14 2014...

CLIMATE NORMAL PERIOD 1981 TO 2010
CLIMATE RECORD PERIOD 1895 TO 2014


WEATHER ITEM   OBSERVED TIME   RECORD YEAR NORMAL DEPARTURE LAST
                VALUE   (LST)  VALUE       VALUE  FROM      YEAR
                                                  NORMAL
..................................................................
TEMPERATURE (F)
 YESTERDAY
  MAXIMUM         68    403 PM  98    1939  76     -8       76
  MINIMUM         44    110 AM  30    1923  52     -8       39
  AVERAGE         56                        64     -8       58

PRECIPITATION (IN)
  YESTERDAY        0.00          1.69 1896   0.08  -0.08      T
  MONTH TO DATE    1.27                      1.30  -0.03     0.07
  SINCE SEP 1      1.27                      1.30  -0.03     0.07
  SINCE JAN 1     28.56                     27.58   0.98    34.29

SNOWFALL (IN)
  YESTERDAY        0.0          MM      MM   0.0    0.0      0.0
  MONTH TO DATE    0.0                       0.0    0.0      0.0
  SINCE SEP 1      0.0                       0.0    0.0      0.0
  SINCE JUL 1      0.0                       0.0    0.0      0.0
  SNOW DEPTH       0

DEGREE DAYS
 HEATING
  YESTERDAY        9                         4      5        7
  MONTH TO DATE   74                        34     40       25
  SINCE SEP 1     74                        34     40       25
  SINCE JUL 1     91                        54     37       45

 COOLING
  YESTERDAY        0                         3     -3        0
  MONTH TO DATE   36                        53    -17       99
  SINCE SEP 1     36                        53    -17       99
  SINCE JAN 1    643                       765   -122      795
..................................................................


WIND (MPH)
  HIGHEST WIND SPEED    20   HIGHEST WIND DIRECTION    SW (220)
  HIGHEST GUST SPEED    27   HIGHEST GUST DIRECTION     S (200)
  AVERAGE WIND SPEED     8.1


SKY COVER
  POSSIBLE SUNSHINE  MM
  AVERAGE SKY COVER 0.5


WEATHER CONDITIONS
 THE FOLLOWING WEATHER WAS RECORDED YESTERDAY.
  NO SIGNIFICANT WEATHER WAS OBSERVED.


RELATIVE HUMIDITY (PERCENT)
 HIGHEST    83          1200 AM
 LOWEST     45           400 PM
 AVERAGE    64

..........................................................


THE WATERLOO IA CLIMATE NORMALS FOR TODAY
                         NORMAL    RECORD    YEAR
 MAXIMUM TEMPERATURE (F)   76       100      1927
 MINIMUM TEMPERATURE (F)   51        30      2007


SUNRISE AND SUNSET
SEPTEMBER 15 2014.....SUNRISE   649 AM CDT   SUNSET   719 PM CDT
SEPTEMBER 16 2014.....SUNRISE   650 AM CDT   SUNSET   717 PM CDT


-  INDICATES NEGATIVE NUMBERS.
R  INDICATES RECORD WAS SET OR TIED.
MM INDICATES DATA IS MISSING.
T  INDICATES TRACE AMOUNT.

$$

SMALL
