000
CDUS43 KDMX 222231 RRA
CLIALO

CLIMATE REPORT
NATIONAL WEATHER SERVICE DES MOINES IA
530 PM CDT MON AUG 22 2016


...................................

...THE WATERLOO IA CLIMATE SUMMARY FOR AUGUST 22 2016...
VALID TODAY AS OF 0500 PM LOCAL TIME.

CLIMATE NORMAL PERIOD 1981 TO 2010
CLIMATE RECORD PERIOD 1895 TO 2016


WEATHER ITEM   OBSERVED TIME   RECORD YEAR NORMAL DEPARTURE LAST
                VALUE   (LST)  VALUE       VALUE  FROM      YEAR
                                                  NORMAL
..................................................................
TEMPERATURE (F)
 TODAY
  MAXIMUM         81    211 PM 100    1916  82     -1       81
  MINIMUM         55   1224 AM  40    1923  60     -5       62
  AVERAGE         68                        71     -3       72

PRECIPITATION (IN)
  TODAY            0.00          1.63 1988   0.13  -0.13     0.13
  MONTH TO DATE    4.86                      3.14   1.72     1.25
  SINCE JUN 1     17.84                     13.03   4.81    10.07
  SINCE JAN 1     28.28                     25.15   3.13    20.93

SNOWFALL (IN)
  TODAY            0.0          MM      MM   0.0    0.0      0.0
  MONTH TO DATE    0.0                       0.0    0.0      0.0
  SINCE JUN 1      0.0                       0.0    0.0      0.0
  SINCE JUL 1      0.0                       0.0    0.0      0.0
  SNOW DEPTH       0

DEGREE DAYS
 HEATING
  TODAY            0                         1     -1        0
  MONTH TO DATE    1                         5     -4        4
  SINCE JUN 1      7                        35    -28       27
  SINCE JUL 1      3                         9     -6       15

 COOLING
  TODAY            3                         6     -3        7
  MONTH TO DATE  177                       158     19      139
  SINCE JUN 1    644                       606     38      520
  SINCE JAN 1    707                       662     45      567
..................................................................


WIND (MPH)
  HIGHEST WIND SPEED    22   HIGHEST WIND DIRECTION     S (180)
  HIGHEST GUST SPEED    29   HIGHEST GUST DIRECTION     S (170)
  AVERAGE WIND SPEED    11.2


SKY COVER
  POSSIBLE SUNSHINE  MM
  AVERAGE SKY COVER 0.0


WEATHER CONDITIONS
 THE FOLLOWING WEATHER WAS RECORDED TODAY.
  NO SIGNIFICANT WEATHER WAS OBSERVED.


RELATIVE HUMIDITY (PERCENT)
 HIGHEST    86           100 AM
 LOWEST     45           400 PM
 AVERAGE    66

..........................................................


THE WATERLOO IA CLIMATE NORMALS FOR TOMORROW
                         NORMAL    RECORD    YEAR
 MAXIMUM TEMPERATURE (F)   82        99      1948
 MINIMUM TEMPERATURE (F)   59        43      1920


SUNRISE AND SUNSET
AUGUST 22 2016........SUNRISE   624 AM CDT   SUNSET   759 PM CDT
AUGUST 23 2016........SUNRISE   626 AM CDT   SUNSET   758 PM CDT


-  INDICATES NEGATIVE NUMBERS.
R  INDICATES RECORD WAS SET OR TIED.
MM INDICATES DATA IS MISSING.
T  INDICATES TRACE AMOUNT.

$$
