000
CDUS43 KDMX 262332 RRA
CLIALO

CLIMATE REPORT
NATIONAL WEATHER SERVICE DES MOINES IA
531 PM CST MON JAN 26 2015


...................................

...THE WATERLOO IA CLIMATE SUMMARY FOR JANUARY 26 2015...
VALID TODAY AS OF 0500 PM LOCAL TIME.

CLIMATE NORMAL PERIOD 1981 TO 2010
CLIMATE RECORD PERIOD 1895 TO 2015


WEATHER ITEM   OBSERVED TIME   RECORD YEAR NORMAL DEPARTURE LAST
                VALUE   (LST)  VALUE       VALUE  FROM      YEAR
                                                  NORMAL
..................................................................
TEMPERATURE (F)
 TODAY
  MAXIMUM         46    324 PM  65    2002  28     18       30
  MINIMUM         24    413 AM -25    1930  10     14       -2
  AVERAGE         35                        19     16       14

PRECIPITATION (IN)
  TODAY            0.01          0.75 1950   0.02  -0.01     0.14
  MONTH TO DATE    0.64                      0.68  -0.04     0.60
  SINCE DEC 1      2.28                      1.88   0.40     1.54
  SINCE JAN 1      0.64                      0.68  -0.04     0.60

SNOWFALL (IN)
  TODAY            0.2          10.4  1996   0.3   -0.1      0.9
  MONTH TO DATE    8.7                       6.7    2.0      5.7
  SINCE DEC 1      9.2                      16.6   -7.4     23.6
  SINCE JUL 1     14.6                      20.0   -5.4     29.5
  SNOW DEPTH       T

DEGREE DAYS
 HEATING
  TODAY           30                        46    -16       51
  MONTH TO DATE 1182                      1216    -34     1393
  SINCE DEC 1   2322                      2544   -222     2941
  SINCE JUL 1   4071                      4027     44     4547

 COOLING
  TODAY            0                         0      0        0
  MONTH TO DATE    0                         0      0        0
  SINCE DEC 1      0                         0      0        0
  SINCE JAN 1      0                         0      0        0
..................................................................


WIND (MPH)
  HIGHEST WIND SPEED    21   HIGHEST WIND DIRECTION     N (340)
  HIGHEST GUST SPEED    25   HIGHEST GUST DIRECTION    NW (330)
  AVERAGE WIND SPEED     8.8


SKY COVER
  POSSIBLE SUNSHINE  MM
  AVERAGE SKY COVER 0.9


WEATHER CONDITIONS
 THE FOLLOWING WEATHER WAS RECORDED TODAY.
  LIGHT SNOW
  FOG


RELATIVE HUMIDITY (PERCENT)
 HIGHEST    92           500 AM
 LOWEST     70           300 PM
 AVERAGE    81

..........................................................


THE WATERLOO IA CLIMATE NORMALS FOR TOMORROW
                         NORMAL    RECORD    YEAR
 MAXIMUM TEMPERATURE (F)   28        60      2002
                                             1944
 MINIMUM TEMPERATURE (F)   10       -23      1904


SUNRISE AND SUNSET
JANUARY 26 2015.......SUNRISE   729 AM CST   SUNSET   515 PM CST
JANUARY 27 2015.......SUNRISE   729 AM CST   SUNSET   516 PM CST


-  INDICATES NEGATIVE NUMBERS.
R  INDICATES RECORD WAS SET OR TIED.
MM INDICATES DATA IS MISSING.
T  INDICATES TRACE AMOUNT.




$$
