000
CDUS43 KDMX 260714
CLIALO

CLIMATE REPORT
NATIONAL WEATHER SERVICE DES MOINES IA
203 AM CDT SUN JUL 26 2015

...................................

...THE WATERLOO IA CLIMATE SUMMARY FOR JULY 25 2015...

CLIMATE NORMAL PERIOD 1981 TO 2010
CLIMATE RECORD PERIOD 1895 TO 2015

WEATHER ITEM   OBSERVED TIME   RECORD YEAR NORMAL DEPARTURE LAST
                VALUE   (LST)  VALUE       VALUE  FROM      YEAR
                                                  NORMAL
..................................................................
TEMPERATURE (F)
 YESTERDAY
  MAXIMUM         89    237 PM 104    2012  84      5       81
  MINIMUM         69    524 AM  46    2004  63      6       62
  AVERAGE         79                        73      6       72

PRECIPITATION (IN)
  YESTERDAY        0.00          3.09 2013   0.15  -0.15     0.70
  MONTH TO DATE    1.65                      4.06  -2.41     1.13
  SINCE JUN 1      7.12                      9.04  -1.92    10.76
  SINCE JAN 1     17.99                     21.16  -3.17    24.79

SNOWFALL (IN)
  YESTERDAY        0.0          MM      MM   0.0    0.0      0.0
  MONTH TO DATE    0.0                       0.0    0.0      0.0
  SINCE JUN 1      0.0                       0.0    0.0      0.0
  SINCE JUL 1      0.0                       0.0    0.0      0.0
  SNOW DEPTH       0

DEGREE DAYS
 HEATING
  YESTERDAY        0                         0      0        0
  MONTH TO DATE   11                         0     11       17
  SINCE JUN 1     23                        26     -3       24
  SINCE JUL 1     11                         0     11       17

 COOLING
  YESTERDAY       14                         8      6        7
  MONTH TO DATE  174                       223    -49      123
  SINCE JUN 1    324                       400    -76      294
  SINCE JAN 1    371                       456    -85      361
..................................................................

WIND (MPH)
  HIGHEST WIND SPEED    14   HIGHEST WIND DIRECTION     N (340)
  HIGHEST GUST SPEED    16   HIGHEST GUST DIRECTION     N (340)
  AVERAGE WIND SPEED     4.6

SKY COVER
  POSSIBLE SUNSHINE  MM
  AVERAGE SKY COVER 0.1

WEATHER CONDITIONS
 THE FOLLOWING WEATHER WAS RECORDED YESTERDAY.
  NO SIGNIFICANT WEATHER WAS OBSERVED.

RELATIVE HUMIDITY (PERCENT)
 HIGHEST   100           400 AM
 LOWEST     46           200 PM
 AVERAGE    73
..........................................................

THE WATERLOO IA CLIMATE NORMALS FOR TODAY
                         NORMAL    RECORD    YEAR
 MAXIMUM TEMPERATURE (F)   84       109      1936
 MINIMUM TEMPERATURE (F)   62        46      1911

SUNRISE AND SUNSET
JULY 26 2015..........SUNRISE   555 AM CDT   SUNSET   836 PM CDT
JULY 27 2015..........SUNRISE   556 AM CDT   SUNSET   835 PM CDT

-  INDICATES NEGATIVE NUMBERS.
R  INDICATES RECORD WAS SET OR TIED.
MM INDICATES DATA IS MISSING.
T  INDICATES TRACE AMOUNT.

$$

FAB
