000
CDUS43 KDMX 050643 RRB
CLIALO

CLIMATE REPORT
NATIONAL WEATHER SERVICE DES MOINES IA
142 AM CDT SUN JUL 5 2015


...................................

...THE WATERLOO IA CLIMATE SUMMARY FOR JULY 4 2015...

CLIMATE NORMAL PERIOD 1981 TO 2010
CLIMATE RECORD PERIOD 1895 TO 2015


WEATHER ITEM   OBSERVED TIME   RECORD YEAR NORMAL DEPARTURE LAST
                VALUE   (LST)  VALUE       VALUE  FROM      YEAR
                                                  NORMAL
..................................................................
TEMPERATURE (F)
 YESTERDAY
  MAXIMUM         81    403 PM 100    2012  85     -4       78
                                      1901
  MINIMUM         54    456 AM  43    1967  63     -9       49
                                      1922
  AVERAGE         68                        74     -6       64

PRECIPITATION (IN)
  YESTERDAY        0.00          1.25 1994   0.17  -0.17     0.00
  MONTH TO DATE    T                         0.69  -0.69     0.06
  SINCE JUN 1      5.47                      5.67  -0.20     9.69
  SINCE JAN 1     16.34                     17.79  -1.45    23.72

SNOWFALL (IN)
  YESTERDAY        0.0          MM      MM   0.0    0.0      0.0
  MONTH TO DATE    0.0                       0.0    0.0      0.0
  SINCE JUN 1      0.0                       0.0    0.0      0.0
  SINCE JUL 1      0.0                       0.0    0.0      0.0
  SNOW DEPTH       0

DEGREE DAYS
 HEATING
  YESTERDAY        0                         0      0        1
  MONTH TO DATE    6                         0      6       11
  SINCE JUN 1     18                        26     -8       18
  SINCE JUL 1      6                         0      6       11

 COOLING
  YESTERDAY        3                         9     -6        0
  MONTH TO DATE    3                        36    -33        3
  SINCE JUN 1    153                       213    -60      174
  SINCE JAN 1    200                       269    -69      241
..................................................................


WIND (MPH)
  HIGHEST WIND SPEED    14   HIGHEST WIND DIRECTION     W (250)
  HIGHEST GUST SPEED    17   HIGHEST GUST DIRECTION    SW (240)
  AVERAGE WIND SPEED     4.6


SKY COVER
  POSSIBLE SUNSHINE  MM
  AVERAGE SKY COVER 0.0


WEATHER CONDITIONS
 THE FOLLOWING WEATHER WAS RECORDED YESTERDAY.
  FOG


RELATIVE HUMIDITY (PERCENT)
 HIGHEST    93           100 AM
 LOWEST     45           100 PM
 AVERAGE    69

..........................................................


THE WATERLOO IA CLIMATE NORMALS FOR TODAY
                         NORMAL    RECORD    YEAR
 MAXIMUM TEMPERATURE (F)   85       109      1911
 MINIMUM TEMPERATURE (F)   63        45      1972
                                             1967


SUNRISE AND SUNSET
JULY  5 2015..........SUNRISE   538 AM CDT   SUNSET   850 PM CDT
JULY  6 2015..........SUNRISE   539 AM CDT   SUNSET   850 PM CDT


-  INDICATES NEGATIVE NUMBERS.
R  INDICATES RECORD WAS SET OR TIED.
MM INDICATES DATA IS MISSING.
T  INDICATES TRACE AMOUNT.




$$
