000
CDUS43 KDMX 030633 RRA
CLIALO

CLIMATE REPORT
NATIONAL WEATHER SERVICE DES MOINES IA
131 AM CDT WED JUN 3 2015


...................................

...THE WATERLOO IA CLIMATE SUMMARY FOR JUNE 2 2015...

CLIMATE NORMAL PERIOD 1981 TO 2010
CLIMATE RECORD PERIOD 1895 TO 2015


WEATHER ITEM   OBSERVED TIME   RECORD YEAR NORMAL DEPARTURE LAST
                VALUE   (LST)  VALUE       VALUE  FROM      YEAR
                                                  NORMAL
..................................................................
TEMPERATURE (F)
 YESTERDAY
  MAXIMUM         75    408 PM 106    1934  77     -2       83
  MINIMUM         50    456 AM  40    1969  55     -5       65
  AVERAGE         63                        66     -3       74

PRECIPITATION (IN)
  YESTERDAY        0.00          1.37 1947   0.16  -0.16     0.04
  MONTH TO DATE    0.00                      0.31  -0.31     0.09
  SINCE JUN 1      0.00                      0.31  -0.31     0.09
  SINCE JAN 1     10.87                     12.43  -1.56    14.12

SNOWFALL (IN)
  YESTERDAY        0.0          MM      MM   0.0    0.0      0.0
  MONTH TO DATE    0.0                       0.0    0.0      0.0
  SINCE JUN 1      0.0                       0.0    0.0      0.0
  SINCE JUL 1     29.2                      35.3   -6.1     57.1
  SNOW DEPTH       0

DEGREE DAYS
 HEATING
  YESTERDAY        2                         2      0        0
  MONTH TO DATE   10                         4      6        0
  SINCE JUN 1     10                         4      6        0
  SINCE JUL 1   7302                      7008    294     8318

 COOLING
  YESTERDAY        0                         3     -3        9
  MONTH TO DATE    0                         6     -6       21
  SINCE JUN 1      0                         6     -6       21
  SINCE JAN 1     47                        62    -15       88
..................................................................


WIND (MPH)
  HIGHEST WIND SPEED    17   HIGHEST WIND DIRECTION     S (190)
  HIGHEST GUST SPEED    22   HIGHEST GUST DIRECTION     S (170)
  AVERAGE WIND SPEED     9.9


SKY COVER
  POSSIBLE SUNSHINE  MM
  AVERAGE SKY COVER 0.2


WEATHER CONDITIONS
 THE FOLLOWING WEATHER WAS RECORDED YESTERDAY.
  NO SIGNIFICANT WEATHER WAS OBSERVED.


RELATIVE HUMIDITY (PERCENT)
 HIGHEST    86           500 AM
 LOWEST     49           300 PM
 AVERAGE    68

..........................................................


THE WATERLOO IA CLIMATE NORMALS FOR TODAY
                         NORMAL    RECORD    YEAR
 MAXIMUM TEMPERATURE (F)   78        93      2011
                                             1934
 MINIMUM TEMPERATURE (F)   55        38      1946


SUNRISE AND SUNSET
JUNE  3 2015..........SUNRISE   534 AM CDT   SUNSET   842 PM CDT
JUNE  4 2015..........SUNRISE   534 AM CDT   SUNSET   843 PM CDT


-  INDICATES NEGATIVE NUMBERS.
R  INDICATES RECORD WAS SET OR TIED.
MM INDICATES DATA IS MISSING.
T  INDICATES TRACE AMOUNT.




$$
