000
CDUS43 KDMX 020634
CLIALO

CLIMATE REPORT
NATIONAL WEATHER SERVICE DES MOINES IA
132 AM CDT WED SEP 2 2015


...................................

...THE WATERLOO IA CLIMATE SUMMARY FOR SEPTEMBER 1 2015...

CLIMATE NORMAL PERIOD 1981 TO 2010
CLIMATE RECORD PERIOD 1895 TO 2015


WEATHER ITEM   OBSERVED TIME   RECORD YEAR NORMAL DEPARTURE LAST
                VALUE   (LST)  VALUE       VALUE  FROM      YEAR
                                                  NORMAL
..................................................................
TEMPERATURE (F)
 YESTERDAY
  MAXIMUM         88    302 PM  97    1984  80      8       79
                                      1922
  MINIMUM         68    411 AM  36    1967  57     11       62
                                      1949
  AVERAGE         78                        69      9       71

PRECIPITATION (IN)
  YESTERDAY        0.00          1.05 1923   0.11  -0.11     0.09
  MONTH TO DATE    0.00                      0.11  -0.11     0.09
  SINCE SEP 1      0.00                      0.11  -0.11     0.09
  SINCE JAN 1     25.25                     26.39  -1.14    27.38

SNOWFALL (IN)
  YESTERDAY        0.0          MM      MM   0.0    0.0      0.0
  MONTH TO DATE    0.0                       0.0    0.0      0.0
  SINCE SEP 1      0.0                       0.0    0.0      0.0
  SINCE JUL 1      0.0                       0.0    0.0      0.0
  SNOW DEPTH       0

DEGREE DAYS
 HEATING
  YESTERDAY        0                         1     -1        0
  MONTH TO DATE    0                         1     -1        0
  SINCE SEP 1      0                         1     -1        0
  SINCE JUL 1     31                        21     10       17

 COOLING
  YESTERDAY       13                         5      8        6
  MONTH TO DATE   13                         5      8        6
  SINCE SEP 1     13                         5      8        6
  SINCE JAN 1    588                       717   -129      613
..................................................................


WIND (MPH)
  HIGHEST WIND SPEED    16   HIGHEST WIND DIRECTION     S (200)
  HIGHEST GUST SPEED    20   HIGHEST GUST DIRECTION     S (180)
  AVERAGE WIND SPEED     7.7


SKY COVER
  POSSIBLE SUNSHINE  MM
  AVERAGE SKY COVER 0.0


WEATHER CONDITIONS
 THE FOLLOWING WEATHER WAS RECORDED YESTERDAY.
  FOG


RELATIVE HUMIDITY (PERCENT)
 HIGHEST   100           200 AM
 LOWEST     61           100 PM
 AVERAGE    81

..........................................................


THE WATERLOO IA CLIMATE NORMALS FOR TODAY
                         NORMAL    RECORD    YEAR
 MAXIMUM TEMPERATURE (F)   80       100      1925
                                             1913
 MINIMUM TEMPERATURE (F)   57        38      1967
                                             1946


SUNRISE AND SUNSET
SEPTEMBER  2 2015.....SUNRISE   635 AM CDT   SUNSET   742 PM CDT
SEPTEMBER  3 2015.....SUNRISE   636 AM CDT   SUNSET   741 PM CDT


-  INDICATES NEGATIVE NUMBERS.
R  INDICATES RECORD WAS SET OR TIED.
MM INDICATES DATA IS MISSING.
T  INDICATES TRACE AMOUNT.




$$
