000
CDUS43 KDMX 120630 RRA
CLIALO

CLIMATE REPORT
NATIONAL WEATHER SERVICE DES MOINES IA
129 AM CDT SAT JUL 12 2014


...................................

...THE WATERLOO IA CLIMATE SUMMARY FOR JULY 11 2014...

CLIMATE NORMAL PERIOD 1981 TO 2010
CLIMATE RECORD PERIOD 1895 TO 2014


WEATHER ITEM   OBSERVED TIME   RECORD YEAR NORMAL DEPARTURE LAST
                VALUE   (LST)  VALUE       VALUE  FROM      YEAR
                                                  NORMAL
..................................................................
TEMPERATURE (F)
 YESTERDAY
  MAXIMUM         79    319 PM 106    1936  85     -6       83
  MINIMUM         64    508 AM  46    1898  63      1       56
  AVERAGE         72                        74     -2       70

PRECIPITATION (IN)
  YESTERDAY        T             2.42 1908   0.16  -0.16     0.00
  MONTH TO DATE    0.15                      1.86  -1.71     0.19
  SINCE JUN 1      9.78                      6.84   2.94     4.87
  SINCE JAN 1     23.81                     18.96   4.85    28.45

SNOWFALL (IN)
  YESTERDAY        0.0          MM      MM   0.0    0.0      0.0
  MONTH TO DATE    0.0                       0.0    0.0      0.0
  SINCE JUN 1      0.0                       0.0    0.0      0.0
  SINCE JUL 1      0.0                       0.0    0.0      0.0
  SNOW DEPTH       0

DEGREE DAYS
 HEATING
  YESTERDAY        0                         0      0        0
  MONTH TO DATE   11                         0     11        0
  SINCE JUN 1     18                        26     -8       38
  SINCE JUL 1     11                         0     11        0

 COOLING
  YESTERDAY        7                         9     -2        5
  MONTH TO DATE   46                        99    -53      104
  SINCE JUN 1    217                       276    -59      272
  SINCE JAN 1    284                       332    -48      325
..................................................................


WIND (MPH)
  HIGHEST WIND SPEED    20   HIGHEST WIND DIRECTION    SE (150)
  HIGHEST GUST SPEED    25   HIGHEST GUST DIRECTION    SE (140)
  AVERAGE WIND SPEED     9.8


SKY COVER
  POSSIBLE SUNSHINE  MM
  AVERAGE SKY COVER 0.4


WEATHER CONDITIONS
 THE FOLLOWING WEATHER WAS RECORDED YESTERDAY.
  LIGHT RAIN


RELATIVE HUMIDITY (PERCENT)
 HIGHEST    87          1000 PM
 LOWEST     66          1000 AM
 AVERAGE    77

..........................................................


THE WATERLOO IA CLIMATE NORMALS FOR TODAY
                         NORMAL    RECORD    YEAR
 MAXIMUM TEMPERATURE (F)   85       110      1936
 MINIMUM TEMPERATURE (F)   63        46      1975


SUNRISE AND SUNSET
JULY 12 2014..........SUNRISE   543 AM CDT   SUNSET   847 PM CDT
JULY 13 2014..........SUNRISE   544 AM CDT   SUNSET   846 PM CDT


-  INDICATES NEGATIVE NUMBERS.
R  INDICATES RECORD WAS SET OR TIED.
MM INDICATES DATA IS MISSING.
T  INDICATES TRACE AMOUNT.




$$
