000
CXUS53 KDMX 011457
CLMALO
CLIMATE REPORT
NATIONAL WEATHER SERVICE DES MOINES IA
857 AM CST FRI MAR 01 2024
...................................
...THE WATERLOO IA CLIMATE SUMMARY FOR THE MONTH OF FEBRUARY 2024...
CLIMATE NORMAL PERIOD 1991 TO 2020
CLIMATE RECORD PERIOD 1895 TO 2024
WEATHER OBSERVED NORMAL DEPART LAST YEAR`S
VALUE DATE(S) VALUE FROM VALUE
NORMAL
..............................................................
TEMPERATURE (F)
RECORD
HIGH 78 02/26/2024
LOW -31
HIGHEST 78R 02/26 51 27
LOWEST 5 02/28 -13 18
MEAN 36.6 23.9 12.7
DAYS MAX >= 90 0 0.0 0.0
DAYS MAX <= 32 3 14.4 -11.4
DAYS MIN <= 32 27 26.3 0.7
DAYS MIN <= 0 0 5.7 -5.7
PRECIPITATION (INCHES)
RECORD
MAXIMUM 3.68 1915
MINIMUM 0.00 2002
TOTALS 0.11 1.14 -1.03
DAILY AVG. 0.00 NAN NAN
DAYS >= .01 2
DAYS >= .10 1
DAYS >= .50 0
DAYS >= 1.00 0
SNOWFALL (INCHES)
TOTALS 0.1 9.3 -9.2
SINCE 7/1 27.4 32.7 -5.3
DEGREE DAYS
HEATING TOTAL 816 1151 -335
SINCE 7/1 4222 5241 -1019
COOLING TOTAL 0 0 0
SINCE 1/1 0 0 0
..............................................................
WIND (MPH)
HIGHEST GUST SPEED/DIRECTION 52/320 DATE 02/27
WEATHER CONDITIONS. NUMBER OF DAYS WITH
THUNDERSTORM 0 HAIL 0
SLEET 0 FOG 5
FOG W/VIS <= 1/4 MILE 1 HAZE 5
- INDICATES NEGATIVE NUMBERS.
R INDICATES RECORD WAS SET OR TIED.
MM INDICATES DATA IS MISSING.
T INDICATES TRACE AMOUNT.
$$