000
CXUS53 KDMX 011437
CLMALO

CLIMATE REPORT
NATIONAL WEATHER SERVICE DES MOINES IA
935 AM CDT FRI JUL 1 2016

...................................

...THE WATERLOO IA CLIMATE SUMMARY FOR THE MONTH OF JUNE 2016...

CLIMATE NORMAL PERIOD 1981 TO 2010
CLIMATE RECORD PERIOD 1895 TO 2016

WEATHER         OBSERVED          NORMAL  DEPART  LAST YEAR`S
                 VALUE   DATE(S)  VALUE   FROM    VALUE  DATE(S)
                                          NORMAL
................................................................
TEMPERATURE (F)
RECORD
 HIGH             107   06/28/1934
                        06/27/1934
 LOW               33   06/01/1897
HIGHEST            95   06/10        93       2       95  06/09
LOWEST             46   06/08        45       1       43  06/01
AVG. MAXIMUM     83.4              81.2     2.2     79.7
AVG. MINIMUM     60.5              58.9     1.6     59.0
MEAN             71.9              70.0     1.9     69.3
DAYS MAX >= 90      5               3.1     1.9        1
DAYS MAX <= 32      0               0.0     0.0        0
DAYS MIN <= 32      0               0.0     0.0        0
DAYS MIN <= 0       0               0.0     0.0        0

PRECIPITATION (INCHES)
RECORD
 MAXIMUM        12.80   2009
 MINIMUM         0.61   1927
TOTALS           8.97              4.98    3.99     5.47
DAILY AVG.       0.30              0.17    0.13     0.18
DAYS >= .01        12              11.5     0.5       10
DAYS >= .10        10               8.0     2.0        9
DAYS >= .50         6               3.6     2.4        5
DAYS >= 1.00        4               1.4     2.6        2

SNOWFALL (INCHES)
RECORDS
 TOTAL             MM   5
TOTALS            0.0               0.0     0.0      0.0
SINCE 7/1        46.0              35.3    10.7     29.2
SNOWDEPTH AVG.      0                MM      MM        0
DAYS >= 1.0         0               0.0     0.0        0
GREATEST
 SNOW DEPTH         0   MM                             0  MM
 24 HR TOTAL      0.0   06/30 TO 06/30

DEGREE_DAYS
HEATING TOTAL       4                26     -22       12
 SINCE 7/1       6132              7030    -898     7304
COOLING TOTAL     217               177      40      150
 SINCE 1/1        280               233      47      197
.................................................................

WIND (MPH)
AVERAGE WIND SPEED              8.7
HIGHEST WIND SPEED/DIRECTION    33/040    DATE  06/10
HIGHEST GUST SPEED/DIRECTION    42/020    DATE  06/10

SKY COVER
POSSIBLE SUNSHINE (PERCENT)   MM
AVERAGE SKY COVER           0.20
NUMBER OF DAYS FAIR           24
NUMBER OF DAYS PC              6
NUMBER OF DAYS CLOUDY          0

AVERAGE RH (PERCENT)     68

WEATHER CONDITIONS. NUMBER OF DAYS WITH
THUNDERSTORM              0     MIXED PRECIP               0
HEAVY RAIN                9     RAIN                       9
LIGHT RAIN               11     FREEZING RAIN              0
LT FREEZING RAIN          0     HAIL                       0
HEAVY SNOW                0     SNOW                       0
LIGHT SNOW                0     SLEET                      0
FOG                      14     FOG W/VIS <= 1/4 MILE      2
HAZE                      1

-  INDICATES NEGATIVE NUMBERS.
R  INDICATES RECORD WAS SET OR TIED.
MM INDICATES DATA IS MISSING.
T  INDICATES TRACE AMOUNT.

$$
