000
CXUS53 KDMX 011844
CLMALO

CLIMATE REPORT
NATIONAL WEATHER SERVICE DES MOINES IA
1049 AM CDT THU AUG 1 2013

...................................

...THE WATERLOO CLIMATE SUMMARY FOR THE MONTH OF JULY 2013...

CLIMATE NORMAL PERIOD 1981 TO 2010
CLIMATE RECORD PERIOD 1895 TO 2013

WEATHER         OBSERVED          NORMAL  DEPART  LAST YEAR`S
                 VALUE   DATE(S)  VALUE   FROM    VALUE  DATE(S)
                                          NORMAL
................................................................
TEMPERATURE (F)
RECORD
 HIGH             112   07/14/1936
                        07/13/1936
 LOW               42   07/07/1984
HIGHEST            96   07/17        95       1       MM  MM
LOWEST             48   07/29        50      -2       MM  MM
AVG. MAXIMUM     84.1              84.4    -0.3       MM
AVG. MINIMUM     61.0              62.8    -1.8       MM
MEAN             72.6              73.6    -1.0       MM
DAYS MAX >= 90      9               5.6     3.4       MM
DAYS MAX <= 32      0               0.0     0.0       MM
DAYS MIN <= 32      0               0.0     0.0       MM
DAYS MIN <= 0       0               0.0     0.0       MM

PRECIPITATION (INCHES)
RECORD
 MAXIMUM        12.97   1999
 MINIMUM         0.35   1998
TOTALS           4.03              4.91   -0.88       MM
DAILY AVG.       0.13              0.16   -0.03       MM
DAYS >= .01         6               9.7    -3.7       MM
DAYS >= .10         3               6.8    -3.8       MM
DAYS >= .50         2               3.3    -1.3       MM
DAYS >= 1.00        1               1.5    -0.5       MM

SNOWFALL (INCHES)
RECORDS
 TOTAL             MM   5
TOTALS            0.0               0.0     0.0       MM
SINCE 7/1         0.0               0.0     0.0       MM
SNOWDEPTH AVG.      0                MM      MM       MM
DAYS >= 1.0         0               0.0     0.0       MM
GREATEST
 SNOW DEPTH         0   MM                            MM  MM
 24 HR TOTAL      0.0   07/31 TO 07/31

DEGREE_DAYS
HEATING TOTAL      14                 4      10       MM
 SINCE 7/1         14                 4      10       MM
COOLING TOTAL     255               271     -16       MM
 SINCE 1/1        476               504     -28       MM
.................................................................

WIND (MPH)
AVERAGE WIND SPEED              7.3
HIGHEST WIND SPEED/DIRECTION    32/300    DATE  07/22
HIGHEST GUST SPEED/DIRECTION    46/110    DATE  07/22

SKY COVER
POSSIBLE SUNSHINE (PERCENT)   MM
AVERAGE SKY COVER           0.20
NUMBER OF DAYS FAIR           27
NUMBER OF DAYS PC              3
NUMBER OF DAYS CLOUDY          1

AVERAGE RH (PERCENT)     68

WEATHER CONDITIONS. NUMBER OF DAYS WITH
THUNDERSTORM              0     MIXED PRECIP               0
HEAVY RAIN                3     RAIN                       3
LIGHT RAIN                7     FREEZING RAIN              0
LT FREEZING RAIN          0     HAIL                       0
HEAVY SNOW                0     SNOW                       0
LIGHT SNOW                0     SLEET                      0
FOG                       9     FOG W/VIS <= 1/4 MILE      0
HAZE                      0

-  INDICATES NEGATIVE NUMBERS.
R  INDICATES RECORD WAS SET OR TIED.
MM INDICATES DATA IS MISSING.
T  INDICATES TRACE AMOUNT.

&&

JULY SAW SEVERAL STRINGS OF ABOVE NORMAL TEMPERATURES DURING THE
BEGINNING AND MIDDLE OF THE MONTH WITH READINGS TOPPING OUT MANY
TIMES IN THE MIDDLE 90S. IN STARK CONTRAST....THE END OF THE MONTH
WITNESSED NEAR RECORD COLD TEMPERATURES WITH HIGHS ONLY IN THE UPPER
60S TO LOWER 70S AND LOWS IN THE UPPER 40S TO LOW 50S.

ALMOST THREE QUARTERS OF WATERLOO`S MONTHLY RAINFALL FELL AS A
RESULT OF A VERY SLOW MOVING THUNDERSTORM COMPLEX ON JULY 25. THE
3.09 INCHES THAT FELL EASILY ECLIPSED THE OLD RAINFALL RECORD FOR
THAT DATE OF 1.5 INCHES. IN THE END...THE RAINFALL FOR JULY WAS
ALMOST NINE TENTHS OF AN INCH BELOW NORMAL.

$$
