000
CXUS53 KDMX 011621
CLMALO

CLIMATE REPORT
NATIONAL WEATHER SERVICE DES MOINES IA
1120 AM CDT TUE JUL 1 2014

...................................

...THE WATERLOO CLIMATE SUMMARY FOR THE MONTH OF JUNE 2014...

CLIMATE NORMAL PERIOD 1981 TO 2010
CLIMATE RECORD PERIOD 1895 TO 2014

WEATHER         OBSERVED          NORMAL  DEPART  LAST YEAR`S
                 VALUE   DATE(S)  VALUE   FROM    VALUE  DATE(S)
                                          NORMAL
................................................................
TEMPERATURE (F)
RECORD
 HIGH             107   06/28/1934
                        06/27/1934
 LOW               33   06/01/1897
HIGHEST            88   06/01        93      -5       90  06/22
LOWEST             45   06/13        45       0       44  06/03
AVG. MAXIMUM     80.6              81.2    -0.6     78.5
AVG. MINIMUM     59.7              58.9     0.8     59.6
MEAN             70.2              70.0     0.2     69.1
DAYS MAX >= 90      0               3.1    -3.1        1
DAYS MAX <= 32      0               0.0     0.0        0
DAYS MIN <= 32      0               0.0     0.0        0
DAYS MIN <= 0       0               0.0     0.0        0

PRECIPITATION (INCHES)
RECORD
 MAXIMUM        12.80   2009
 MINIMUM         0.61   1927
TOTALS           9.63              4.98    4.65     4.68
DAILY AVG.       0.32              0.17    0.15     0.16
DAYS >= .01        15              11.5     3.5       14
DAYS >= .10        10               8.0     2.0       10
DAYS >= .50         6               3.6     2.4        3
DAYS >= 1.00        4               1.4     2.6        1

SNOWFALL (INCHES)
RECORDS
 TOTAL             MM   5
TOTALS            0.0               0.0     0.0      0.0
SINCE 7/1        58.0              35.3    22.7     50.0
SNOWDEPTH AVG.      0                MM      MM        0
DAYS >= 1.0         0               0.0     0.0        0
GREATEST
 SNOW DEPTH         0   MM                             0  MM
 24 HR TOTAL      0.0   06/30 TO 06/30

DEGREE_DAYS
HEATING TOTAL       7                26     -19       38
 SINCE 7/1       8325              7030    1295     7271
COOLING TOTAL     171               177      -6      168
 SINCE 1/1        238               233       5      221
.................................................................

WIND (MPH)
AVERAGE WIND SPEED              8.6
HIGHEST WIND SPEED/DIRECTION    53/240    DATE  06/16
HIGHEST GUST SPEED/DIRECTION    69/240    DATE  06/16

SKY COVER
POSSIBLE SUNSHINE (PERCENT)   MM
AVERAGE SKY COVER           0.30
NUMBER OF DAYS FAIR           18
NUMBER OF DAYS PC             10
NUMBER OF DAYS CLOUDY          2

AVERAGE RH (PERCENT)     72

WEATHER CONDITIONS. NUMBER OF DAYS WITH
THUNDERSTORM              0     MIXED PRECIP               0
HEAVY RAIN                8     RAIN                       7
LIGHT RAIN               15     FREEZING RAIN              0
LT FREEZING RAIN          0     HAIL                       0
HEAVY SNOW                0     SNOW                       0
LIGHT SNOW                0     SLEET                      0
FOG                      17     FOG W/VIS <= 1/4 MILE      4
HAZE                      2

-  INDICATES NEGATIVE NUMBERS.
R  INDICATES RECORD WAS SET OR TIED.
MM INDICATES DATA IS MISSING.
T  INDICATES TRACE AMOUNT.

$$
