000
CXUS53 KDMX 090446
CLMALO
CLIMATE REPORT
NATIONAL WEATHER SERVICE DES MOINES IA
1046 PM CST FRI DEC 08 2023
...................................
...THE WATERLOO IA CLIMATE SUMMARY FOR THE MONTH OF NOVEMBER 2023...
CLIMATE NORMAL PERIOD 1991 TO 2020
CLIMATE RECORD PERIOD 1895 TO 2023
WEATHER OBSERVED NORMAL DEPART LAST YEAR`S
VALUE DATE(S) VALUE FROM VALUE
NORMAL
..............................................................
TEMPERATURE (F)
RECORD
HIGH 83 11/01/1933
LOW -17
HIGHEST 68 11/06 65 3
LOWEST 0 11/28 6 -6
MEAN 39.5 37.4 2.0
DAYS MAX >= 90 0 0.0 0.0
DAYS MAX <= 32 4 4.1 -0.1
DAYS MIN <= 32 22 21.7 0.3
DAYS MIN <= 0 1 0.4 0.6
PRECIPITATION (INCHES)
RECORD
MAXIMUM 6.32 1928
MINIMUM T 1954
TOTALS 0.24 1.85 -1.61
DAILY AVG. 0.01 0.06 -0.05
DAYS >= .01 4
DAYS >= .10 1
DAYS >= .50 0
DAYS >= 1.00 0
SNOWFALL (INCHES)
TOTALS 2.1 3.1 -1.0
SINCE 7/1 2.1 3.4 -1.3
DEGREE DAYS
HEATING TOTAL 759 828 -69
SINCE 7/1 1151 1378 -227
COOLING TOTAL 0 0 0
SINCE 1/1 1115 916 199
..............................................................
WIND (MPH)
HIGHEST GUST SPEED/DIRECTION 41/330 DATE 11/08
WEATHER CONDITIONS. NUMBER OF DAYS WITH
THUNDERSTORM 0 HAIL 0
SLEET 0 FOG 3
FOG W/VIS <= 1/4 MILE 0 HAZE 5
- INDICATES NEGATIVE NUMBERS.
R INDICATES RECORD WAS SET OR TIED.
MM INDICATES DATA IS MISSING.
T INDICATES TRACE AMOUNT.
$$