000
CXUS53 KDMX 011533
CLMALO

CLIMATE REPORT NATIONAL WEATHER SERVICE DES MOINES IA

933 AM CST SAT MAR 1 2014

...................................

...THE WATERLOO CLIMATE SUMMARY FOR THE MONTH OF FEBRUARY 2014...

CLIMATE NORMAL PERIOD 1981 TO 2010
CLIMATE RECORD PERIOD 1895 TO 2014

WEATHER         OBSERVED          NORMAL  DEPART  LAST YEAR`S
                 VALUE   DATE(S)  VALUE   FROM    VALUE  DATE(S)
                                          NORMAL
................................................................
TEMPERATURE (F)
RECORD
 HIGH              71   02/15/1921
 LOW              -31   02/03/1996
                        02/02/1996
HIGHEST            43   02/18        51      -8       43  02/13
LOWEST            -25   02/11       -13     -12      -11  02/01
AVG. MAXIMUM     19.8              32.2   -12.4     30.9
AVG. MINIMUM     -1.4              14.6   -16.0     14.9
MEAN              9.2              23.4   -14.2     22.9
DAYS MAX >= 90      0               0.0     0.0        0
DAYS MAX <= 32     23              13.3     9.7       17
DAYS MIN <= 32     28              25.7     2.3       28
DAYS MIN <= 0      16               5.0    11.0        3

PRECIPITATION (INCHES)
RECORD
 MAXIMUM         3.68   1915
 MINIMUM         0.00   2002
TOTALS           1.97              0.99    0.98     1.78
DAILY AVG.       0.07              0.04    0.03     0.06
DAYS >= .01        12               7.4     4.6       10
DAYS >= .10         7               2.9     4.1        6
DAYS >= .50         1               0.4     0.6        0
DAYS >= 1.00        0               0.1    -0.1        0

SNOWFALL (INCHES)
RECORDS
 TOTAL           24.3   5
                        0
                        -26215
TOTALS           20.5               7.4    13.1     18.3
SINCE 7/1        51.8              28.9    22.9     37.1
SNOWDEPTH AVG.      4                 5      -1        2
DAYS >= 1.0         7               2.3     4.7        4
GREATEST
 SNOW DEPTH         9   02/18                          9  02/27
 24 HR TOTAL      4.7   MM

DEGREE_DAYS
HEATING TOTAL    1557              1165     392     1174
 SINCE 7/1       6408              5419     989     5210
COOLING TOTAL       0                 0       0        0
 SINCE 1/1          0                 0       0        0
.................................................................

WIND (MPH)
AVERAGE WIND SPEED              10.1
HIGHEST WIND SPEED/DIRECTION    36/280    DATE  02/20
HIGHEST GUST SPEED/DIRECTION    53/270    DATE  02/20

SKY COVER
POSSIBLE SUNSHINE (PERCENT)   MM
AVERAGE SKY COVER           0.40
NUMBER OF DAYS FAIR           16
NUMBER OF DAYS PC             10
NUMBER OF DAYS CLOUDY          2

AVERAGE RH (PERCENT)     76

WEATHER CONDITIONS. NUMBER OF DAYS WITH
THUNDERSTORM              0     MIXED PRECIP               0
HEAVY RAIN                1     RAIN                       1
LIGHT RAIN                2     FREEZING RAIN              0
LT FREEZING RAIN          0     HAIL                       0
HEAVY SNOW                2     SNOW                       4
LIGHT SNOW               15     SLEET                      0
FOG                      19     FOG W/VIS <= 1/4 MILE      4
HAZE                     16

-  INDICATES NEGATIVE NUMBERS.
R  INDICATES RECORD WAS SET OR TIED.
MM INDICATES DATA IS MISSING.
T  INDICATES TRACE AMOUNT.

&&

FEBRUARY 2014 WILL BE REMEMBERED AS A MUCH COLDER AND SNOWIER MONTH
THAN NORMAL. FEBRUARY WILL GO INTO THE RECORD BOOKS AS THE 3RD
COLDEST FEBRUARY ON RECORD WITH AN AVERAGE MONTHLY TEMPERATURE OF
1.4 DEGREES BELOW ZERO. THIS IS THE 4TH TIME THE AVERAGE MONTHLY
TEMPERATURE FOR FEBRUARY WAS BELOW ZERO. FEBRUARY WAS ALSO THE 2ND
SNOWIEST FEBRUARY ON RECORD WITH 20.5 INCHES. THE 4.7 INCHES THAT
FELL ON THE 17TH WAS THE SNOWIEST FOR THAT PARTICULAR DAY ON RECORD.
THERE WERE 23 DAYS WHEN THE HIGH TEMPERATURE NEVER REACHED THE
FREEZING MARK. THERE WERE 16 DAYS THE LOW TEMPERATURE DROPPED TO 0
OR BELOW.

$$
