000
CXUS55 KPUB 011920
CF6ALS
PRELIMINARY LOCAL CLIMATOLOGICAL DATA (WS FORM: F-6)
STATION: ALAMOSA CO
MONTH: DECEMBER
YEAR: 2021
LATITUDE: 37 27 N
LONGITUDE: 105 52 W
TEMPERATURE IN F: :PCPN: SNOW: WIND :SUNSHINE: SKY :PK WND
================================================================================
1 2 3 4 5 6A 6B 7 8 9 10 11 12 13 14 15 16 17 18
12Z AVG MX 2MIN
DY MAX MIN AVG DEP HDD CDD WTR SNW DPTH SPD SPD DIR MIN PSBL S-S WX SPD DR
================================================================================
1 61 10 36 13 29 0 0.00 0.0 0 3.2 10 20 M M 0 14 20
2 61 10 36 14 29 0 0.00 0.0 0 4.2 12 180 M M 0 16 190
3 59 10 35 13 30 0 0.00 0.0 0 2.8 12 160 M M 0 13 160
4 56 10 33 11 32 0 0.00 0.0 0 2.4 9 220 M M 0 11 220
5 57 5 31 10 34 0 0.00 0.0 0 5.1 13 20 M M 0 16 30
6 51 7 29 8 36 0 0.00 0.0 0 4.1 15 190 M M 1 20 190
7 45 16 31 11 34 0 0.00 0.0 0 3.7 12 160 M M 5 14 30
8 46 6 26 6 39 0 0.00 0.0 0 8.3 28 250 M M 3 39 240
9 49 27 38 18 27 0 0.00 0.0 0 16.8 24 190 M M 4 36 210
10 39 -1 19 0 46 0 0.01 0.2 0 15.0 31 310 M M 6 1 42 220
11 30 -9 11 -8 54 0 0.00 0.0 T 3.2 9 170 M M 0 10 210
12 45 -7 19 0 46 0 0.00 0.0 0 2.3 9 220 M M 0 11 350
13 50 -6 22 4 43 0 0.00 0.0 0 3.9 10 160 M M 0 13 160
14 50 7 29 11 36 0 0.00 0.0 0 10.7 28 200 M M 0 36 200
15 42 3 23 5 42 0 0.01 0.1 0 19.4 48 250 M M 3 1 68 250
16 47 -8 20 2 45 0 0.00 0.0 0 5.4 21 190 M M 0 28 190
17 39 5 22 5 43 0 0.00 0.0 0 8.2 17 20 M M 1 24 20
18 34 -10 12 -5 53 0 0.00 0.0 0 2.5 8 220 M M 0 10 230
19 41 -10 16 -1 49 0 0.00 0.0 0 2.8 8 240 M M 0 9 240
20 45 -7 19 2 46 0 0.00 0.0 0 2.8 8 240 M M 0 10 230
21 50 -2 24 8 41 0 0.00 0.0 0 3.1 10 230 M M 0 14 120
22 45 -4 21 5 44 0 0.00 0.0 0 2.5 9 130 M M 0 11 140
23 53 6 30 14 35 0 0.00 0.0 0 11.5 29 200 M M 2 47 200
24 41 22 32 16 33 0 0.00 0.0 0 14.1 29 210 M M 3 39 200
25 45 25 35 19 30 0 0.00 0.0 0 11.7 23 210 M M 0 30 220
26 41 24 33 17 32 0 0.00 0.0 0 18.9 43 240 M M 1 8 53 230
27 39 14 27 11 38 0 0.01 0.1 0 18.2 29 210 M M 3 1 41 180
28 37 14 26 10 39 0 T 0.1 T 13.1 30 240 M M 6 18 40 240
29 37 8 23 7 42 0 0.00 0.0 0 12.4 35 230 M M 2 45 240
30 39 17 28 12 37 0 0.00 0.0 0 14.6 30 230 M M 1 42 230
31 39 21 30 14 35 0 0.00 0.0 0 18.6 36 220 M M 1 50 220
================================================================================
SM 1413 203 1199 0 0.03 0.5 265.5 M 42
================================================================================
AV 45.6 6.5 8.6 FASTST M M 1 MAX(MPH)
MISC ----> 48 250 68 250
================================================================================
NOTES:
#LAST OF SEVERAL OCCURRENCES
COLUMN 17 PEAK WIND IN M.P.H.
PRELIMINARY LOCAL CLIMATOLOGICAL DATA (WS FORM: F-6) , PAGE 2
STATION: ALAMOSA CO
MONTH: DECEMBER
YEAR: 2021
LATITUDE: 37 27 N
LONGITUDE: 105 52 W
[TEMPERATURE DATA] [PRECIPITATION DATA] SYMBOLS USED IN COLUMN 16
AVERAGE MONTHLY: 26.1 TOTAL FOR MONTH: 0.03 1 = FOG OR MIST
DPTR FM NORMAL: 8.0 DPTR FM NORMAL: -0.32 2 = FOG REDUCING VISIBILITY
HIGHEST: 61 ON 2, 1 GRTST 24HR 0.01 ON 27# TO 1/4 MILE OR LESS
LOWEST: -10 ON 19,18 3 = THUNDER
SNOW, ICE PELLETS, HAIL 4 = ICE PELLETS
TOTAL MONTH: 0.5 INCH 5 = HAIL
GRTST 24HR 0.2 ON 10,28 6 = FREEZING RAIN OR DRIZZLE
GRTST DEPTH: T 7 = DUSTSTORM OR SANDSTORM:
VSBY 1/2 MILE OR LESS
8 = SMOKE OR HAZE
[NO. OF DAYS WITH] [WEATHER - DAYS WITH] 9 = BLOWING SNOW
X = TORNADO
MAX 32 OR BELOW: 1 0.01 INCH OR MORE: 3
MAX 90 OR ABOVE: 0 0.10 INCH OR MORE: 0
MIN 32 OR BELOW: 31 0.50 INCH OR MORE: 0
MIN 0 OR BELOW: 10 1.00 INCH OR MORE: 0
[HDD (BASE 65) ]
TOTAL THIS MO. 1199 CLEAR (SCALE 0-3) 27
DPTR FM NORMAL -255 PTCLDY (SCALE 4-7) 4
TOTAL FM JUL 1 2998 CLOUDY (SCALE 8-10) 0
DPTR FM NORMAL -535
[CDD (BASE 65) ]
TOTAL THIS MO. 0
DPTR FM NORMAL 0 [PRESSURE DATA]
TOTAL FM JAN 1 155 HIGHEST SLP 30.60 ON 19
DPTR FM NORMAL 84 LOWEST SLP 29.37 ON 31
[REMARKS]
#FINAL-12-21#