000
CXUS55 KPUB 041402
CLSALS
CLIMATE REPORT
NATIONAL WEATHER SERVICE
702 AM MST SAT DEC 04 2021
...................................
...THE ALAMOSA CO CLIMATE SUMMARY FOR THE SEASON, FROM
9/1/2021 TO 11/30/2021...
CLIMATE NORMAL PERIOD 1991 TO 2020
CLIMATE RECORD PERIOD 1932 TO 2021
WEATHER OBSERVED NORMAL DEPART LAST YEAR`S
VALUE DATE(S) VALUE FROM VALUE DATE(S)
NORMAL
................................................................
TEMPERATURE (F)
RECORD
HIGH 89 09/10/2021
09/11/2021
LOW -30 11/27/1952
HIGHEST 89R 09/10 89 09/05
09/11
09/06
LOWEST 11/23 1 10/27
AVG. MAXIMUM 66.8 61.9 4.9 64.8
AVG. MINIMUM 23.9 24.8 -0.9 24.3
MEAN 45.4 43.3 2.1 44.6
DAYS MAX >= 90 0 0.0 0.0
DAYS MAX <= 32 0 2.9 -2.9
DAYS MIN <= 32 65 64.0 1.0
DAYS MIN <= 0 2 3.3 -1.3
PRECIPITATION (INCHES)
RECORD
MAXIMUM 5.14 2013
MINIMUM 0.23 1955
TOTALS 0.73 2.00 -1.27 2.89
DAILY AVG. 0.01 0.02 -0.01
DAYS >= .01 7 14.9 -7.9
DAYS >= .10 2 6.2 -4.2
DAYS >= .50 0 0.6 -0.6
DAYS >= 1.00 0 0.1 -0.1
GREATEST
24 HR. TOTAL 0.26 09/01 TO 09/01
SNOWFALL (INCHES)
RECORDS
MAXIMUM 34.1 1972
MINIMUM T 2012
TOTALS 0.3 MM MM 26.6
SINCE 7/1 0.3 MM MM MM
SNOWDEPTH AVG. 0
DAYS >= 1.0 0 MM MM
GREATEST
SNOW DEPTH 0 14
24 HR TOTAL 0.3 11/24 TO 11/24 13.8
DEGREE DAYS
HEATING TOTAL 1767 1973 -206 1837
SINCE 7/1 1799 2079 -280 1874
COOLING TOTAL 0 1 -1 2
SINCE 1/1 155 71 84 93
................................................................
WIND (MPH)
AVERAGE WIND SPEED 6.0
HIGHEST WIND SPEED/DIRECTION 47/180 DATE 10/12
HIGHEST GUST SPEED/DIRECTION 63/180 DATE 10/12
SKY COVER
POSSIBLE SUNSHINE (PERCENT) MM
AVERAGE SKY COVER 0.12
NUMBER OF DAYS FAIR 81
NUMBER OF DAYS PC 8
NUMBER OF DAYS CLOUDY 0
AVERAGE RH (PERCENT) 51
WEATHER CONDITIONS. NUMBER OF DAYS WITH
THUNDERSTORM 3 MIXED PRECIP 0
HEAVY RAIN 2 RAIN 4
LIGHT RAIN 13 FREEZING RAIN 0
LT FREEZING RAIN 0 HAIL 0
HEAVY SNOW 1 SNOW 1
LIGHT SNOW 4 SLEET 0
FOG 16 FOG W/VIS <= 1/4 MILE 8
HAZE 4
- INDICATES NEGATIVE NUMBERS.
R INDICATES RECORD WAS SET OR TIED.
MM INDICATES DATA IS MISSING.
T INDICATES TRACE AMOUNT.
$$