000
CXUS55 KPUB 021427
CLSALS
CLIMATE REPORT
NATIONAL WEATHER SERVICE
727 AM MST THU MAR 02 2023
...................................
...THE ALAMOSA CO CLIMATE SUMMARY FOR THE SEASON, FROM
12/1/2022 TO 2/28/2023...
CLIMATE NORMAL PERIOD 1991 TO 2020
CLIMATE RECORD PERIOD 1932 TO 2023
WEATHER OBSERVED NORMAL DEPART LAST YEAR`S
VALUE DATE(S) VALUE FROM VALUE DATE(S)
NORMAL
................................................................
TEMPERATURE (F)
RECORD
HIGH 66 02/25/1986
LOW -50 01/28/1948
HIGHEST 54 02/05 61 12/01
12/02
LOWEST -24 02/17 -27 02/04
AVG. MAXIMUM 40.7 37.1 3.6 42.1
AVG. MINIMUM 4.2 2.4 1.8 1.6
MEAN 22.5 19.8 2.7 21.9
DAYS MAX >= 90 0 0.0 0.0
DAYS MAX <= 32 15 30.3 -15.3
DAYS MIN <= 32 90 89.7 0.3
DAYS MIN <= 0 29 39.6 -10.6
PRECIPITATION (INCHES)
RECORD
MAXIMUM 2.73 2017
MINIMUM 0.08 1999
TOTALS 0.79 0.95 -0.16 0.73
DAILY AVG. 0.01 0.01 -0.00
DAYS >= .01 7 12.0 -5.0
DAYS >= .10 3 3.1 -0.1
DAYS >= .50 0 0.0 0.0
DAYS >= 1.00 0 0.0 0.0
GREATEST
24 HR. TOTAL 0.27 02/15 TO 02/15
SNOWFALL (INCHES)
RECORDS
MAXIMUM 38.1 1965
MINIMUM 1.6 1935
TOTALS 10.2 MM MM 11.8
SINCE 7/1 14.5 MM MM 12.1
SNOWDEPTH AVG. 0
DAYS >= 1.0 3 MM MM
GREATEST
SNOW DEPTH 5 02/15 4
02/16
24 HR TOTAL 4.5 02/15 TO 02/15 3.7
DEGREE DAYS
HEATING TOTAL 3801 4086 -285 3854
SINCE 7/1 5807 6168 -361 5653
COOLING TOTAL 0 0 0 0
SINCE 1/1 0 0 0 MM
................................................................
WIND (MPH)
AVERAGE WIND SPEED 7.4
HIGHEST WIND SPEED/DIRECTION 40/210 DATE 02/22
HIGHEST GUST SPEED/DIRECTION 59/210 DATE 02/22
SKY COVER
POSSIBLE SUNSHINE (PERCENT) MM
AVERAGE SKY COVER 0.17
NUMBER OF DAYS FAIR 73
NUMBER OF DAYS PC 16
NUMBER OF DAYS CLOUDY 1
AVERAGE RH (PERCENT) 59
WEATHER CONDITIONS. NUMBER OF DAYS WITH
THUNDERSTORM 0 MIXED PRECIP 0
HEAVY RAIN 0 RAIN 0
LIGHT RAIN 2 FREEZING RAIN 0
LT FREEZING RAIN 0 HAIL 0
HEAVY SNOW 2 SNOW 7
LIGHT SNOW 16 SLEET 0
FOG 20 FOG W/VIS <= 1/4 MILE 9
HAZE 4
- INDICATES NEGATIVE NUMBERS.
R INDICATES RECORD WAS SET OR TIED.
MM INDICATES DATA IS MISSING.
T INDICATES TRACE AMOUNT.
$$