000
CXUS54 KLCH 011407
CF6ARA
PRELIMINARY LOCAL CLIMATOLOGICAL DATA (WS FORM: F-6)
STATION: NEW IBERIA
MONTH: OCTOBER
YEAR: 2021
LATITUDE: 30 1 N
LONGITUDE: 91 53 W
TEMPERATURE IN F: :PCPN: SNOW: WIND :SUNSHINE: SKY :PK WND
================================================================================
1 2 3 4 5 6A 6B 7 8 9 10 11 12 13 14 15 16 17 18
12Z AVG MX 2MIN
DY MAX MIN AVG DEP HDD CDD WTR SNW DPTH SPD SPD DIR MIN PSBL S-S WX SPD DR
================================================================================
1 84 72 78 2 0 13 0.27 0.0 M 6.5 20 30 M M 5 123 23 40
2 84 73 79 3 0 14 T 0.0 M 4.3 15 90 M M 4 13 20 80
3 89 71 80 5 0 15 T 0.0 M 2.4 12 210 M M 4 12 16 210
4 87 69 78 3 0 13 0.00 0.0 M 4.6 13 20 M M 3 18 360
5 86 67 77 2 0 12 0.00 0.0 0 5.4 14 360 M M 0 18 10
6 87 63 75 1 0 10 0.00 0.0 0 4.1 10 340 M M 1 1 14 330
7 87 66 77 3 0 12 0.00 0.0 M 4.8 10 40 M M 0 1 15 40
8 89 64 77 3 0 12 0.00 0.0 0 2.7 10 60 M M 0 1 14 60
9 87 63 75 2 0 10 0.00 0.0 0 2.3 8 200 M M 1 1 11 220
10 86 65 76 3 0 11 0.00 0.0 M 6.7 17 150 M M 1 12 22 140
11 87 69 78 5 0 13 0.00 0.0 0 7.4 17 180 M M 4 1 26 190
12 88 70 79 7 0 14 0.00 0.0 M 7.0 15 160 M M 4 21 160
13 87 68 78 6 0 13 0.00 0.0 M 8.8 16 150 M M 1 23 170
14 88 73 81 9 0 16 0.00 0.0 M 7.0 15 170 M M 3 1 20 180
15 89 72 81 10 0 16 0.23 0.0 M 6.1 18 330 M M 5 13 24 320
16 74 53 64 -7 1 0 0.01 0.0 M 16.0 26 360 M M 2 13 35 10
17 75 49 62 -8 3 0 0.00 0.0 M 7.0 17 40 M M 0 24 40
18 77 54 66 -4 0 1 0.00 0.0 M 4.8 10 80 M M 0 13 80
19 82 54 68 -2 0 3 0.00 0.0 M 6.9 14 70 M M 2 1 24 90
20 83 64 74 5 0 9 0.01 0.0 M 3.5 8 80 M M 4 12 11 40
21 90 67 79 10 0 14 0.00 0.0 M 2.8 9 10 M M 5 12 13 310
22 89 67 78 10 0 13 0.00 0.0 M 3.0 12 150 M M 4 12 15 130
23 87 65 76 8 0 11 0.00 0.0 M 6.3 15 150 M M 3 12 24 140
24 82 69 76 8 0 11 0.63 0.0 M 6.4 21 170 M M 3 13 30 200
25 89 67 78 11 0 13 0.00 M M 3.5 12 310 M M 5 12 17 300
26 86 65 76 9 0 11 0.00 M M 5.6 15 110 M M 2 12 19 110
27 86 64 75 8 0 10 1.00 M M 12.0 29 170 M M 5 13 41 150
28 73 58 66 0 0 1 0.00 0.0 M 13.7 30 290 M M 4 43 300
29 69 50 60 -6 5 0 0.00 0.0 0 12.9 25 320 M M 3 34 330
30 71 48 60 -6 5 0 0.00 0.0 0 5.3 15 300 M M 0 1 20 300
31 79 47 63 -2 2 0 0.00 0.0 M 1.3 8 350 M M 0 1 10 360
================================================================================
SM 2597 1966 16 291 2.15 0.0 191.1 M 78
================================================================================
AV 83.8 63.4 6.2 FASTST M M 3 MAX(MPH)
MISC ----> 30 290 43 300
================================================================================
NOTES:
# LAST OF SEVERAL OCCURRENCES
COLUMN 17 PEAK WIND IN M.P.H.
PRELIMINARY LOCAL CLIMATOLOGICAL DATA (WS FORM: F-6) , PAGE 2
STATION: NEW IBERIA
MONTH: OCTOBER
YEAR: 2021
LATITUDE: 30 1 N
LONGITUDE: 91 53 W
[TEMPERATURE DATA] [PRECIPITATION DATA] SYMBOLS USED IN COLUMN 16
AVERAGE MONTHLY: 73.6 TOTAL FOR MONTH: 2.15 1 = FOG OR MIST
DPTR FM NORMAL: 2.9 DPTR FM NORMAL: -2.94 2 = FOG REDUCING VISIBILITY
HIGHEST: 90 ON 21 GRTST 24HR 1.00 ON 27-27 TO 1/4 MILE OR LESS
LOWEST: 47 ON 31 3 = THUNDER
SNOW, ICE PELLETS, HAIL 4 = ICE PELLETS
TOTAL MONTH: 0.0 INCH 5 = HAIL
GRTST 24HR 0.0 6 = FREEZING RAIN OR DRIZZLE
GRTST DEPTH: 0 7 = DUSTSTORM OR SANDSTORM:
VSBY 1/2 MILE OR LESS
8 = SMOKE OR HAZE
[NO. OF DAYS WITH] [WEATHER - DAYS WITH] 9 = BLOWING SNOW
X = TORNADO
MAX 32 OR BELOW: 0 0.01 INCH OR MORE: 6
MAX 90 OR ABOVE: 1 0.10 INCH OR MORE: 4
MIN 32 OR BELOW: 0 0.50 INCH OR MORE: 2
MIN 0 OR BELOW: 0 1.00 INCH OR MORE: 1
[HDD (BASE 65) ]
TOTAL THIS MO. 16 CLEAR (SCALE 0-3) 16
DPTR FM NORMAL -14 PTCLDY (SCALE 4-7) 15
TOTAL FM JUL 1 16 CLOUDY (SCALE 8-10) 0
DPTR FM NORMAL -12
[CDD (BASE 65) ]
TOTAL THIS MO. 291
DPTR FM NORMAL 84 [PRESSURE DATA]
TOTAL FM JAN 1 2901 HIGHEST SLP 30.30 ON 17
DPTR FM NORMAL 43 LOWEST SLP 29.52 ON 27
[REMARKS]
#FINAL-10-21#