000
CXUS53 KARX 032055
CF6ARX
PRELIMINARY LOCAL CLIMATOLOGICAL DATA (WS FORM: F-6)
STATION: LA CROSSE WEATHER OFFICE WI
MONTH: JULY
YEAR: 2021
LATITUDE: 43 49 N
LONGITUDE: 91 12 W
TEMPERATURE IN F: :PCPN: SNOW: WIND :SUNSHINE: SKY :PK WND
================================================================================
1 2 3 4 5 6A 6B 7 8 9 10 11 12 13 14 15 16 17 18
12Z AVG MX 2MIN
DY MAX MIN AVG DEP HDD CDD WTR SNW DPTH SPD SPD DIR MIN PSBL S-S WX SPD DR
================================================================================
1 80 62 71 1 0 6 0.00 0.0 0 M M M M M M 14 M
2 76 57 67 -3 0 2 0.00 0.0 0 M M M M M M 14 M
3 81 61 71 1 0 6 0.00 0.0 0 M M M M M M 12 M
4 85 67 76 6 0 11 0.00 0.0 0 M M M M M M 28 M
5 87 72 80 10 0 15 0.00 0.0 0 M M M M M M 28 M
6 86 66 76 6 0 11 0.05 0.0 0 M M M M M M 3 24 M
7 66 58 62 -9 3 0 0.42 0.0 0 M M M M M M 1 24 M
8 69 56 63 -8 2 0 0.01 0.0 0 M M M M M M 1 12 M
9 71 57 64 -7 1 0 0.00 0.0 0 M M M M M M 13 M
10 76 56 66 -5 0 1 0.00 0.0 0 M M M M M M 13 M
11 78 53 66 -5 0 1 0.00 0.0 0 M M M M M M 15 M
12 78 54 66 -5 0 1 0.00 0.0 0 M M M M M M 15 M
13 80 62 71 0 0 6 0.00 0.0 0 M M M M M M 15 M
14 72 64 68 -3 0 3 2.12 0.0 0 M M M M M M 13 23 M
15 74 60 67 -4 0 2 0.02 0.0 0 M M M M M M 23 M
16 79 58 69 -2 0 4 0.00 0.0 0 M M M M M M 12 M
17 80 61 71 0 0 6 0.00 0.0 0 M M M M M M 9 M
18 80 61 71 0 0 6 0.00 0.0 0 M M M M M M 11 M
19 80 62 71 0 0 6 0.00 0.0 0 M M M M M M 13 M
20 83 64 74 3 0 9 0.00 0.0 0 M M M M M M 13 M
21 76 65 71 0 0 6 0.00 0.0 0 M M M M M M 14 M
22 83 66 75 4 0 10 0.00 0.0 0 M M M M M M 14 M
23 85 70 78 7 0 13 0.00 0.0 0 M M M M M M 8 22 M
24 83 68 76 5 0 11 0.03 0.0 0 M M M M M M 23 M
25 83 63 73 2 0 8 0.00 0.0 0 M M M M M M 20 M
26 85 66 76 5 0 11 0.00 0.0 0 M M M M M M 22 M
27 84 63 74 3 0 9 0.99 T 0 M M M M M M 3 24 M
28 81 66 74 3 0 9 1.05 0.0 0 M M M M M M 123 25 M
29 80 64 72 1 0 7 0.02 0.0 0 M M M M M M 13 25 M
30 70 59 65 -5 0 0 0.00 0.0 0 M M M M M M 8 15 M
31 77 59 68 -2 0 3 0.01 0.0 0 M M M M M M 13 M
================================================================================
SM 2448 1920 6 183 4.72 T M M M
================================================================================
AV 79.0 61.9 M FASTST M M M MAX(MPH)
MISC ----> M M # 28 9999
================================================================================
NOTES:
# LAST OF SEVERAL OCCURRENCES
COLUMN 17 PEAK WIND IN M.P.H.
PRELIMINARY LOCAL CLIMATOLOGICAL DATA (WS FORM: F-6) , PAGE 2
STATION: LA CROSSE WEATHER OFFICE WI
MONTH: JULY
YEAR: 2021
LATITUDE: 43 49 N
LONGITUDE: 91 12 W
[TEMPERATURE DATA] [PRECIPITATION DATA] SYMBOLS USED IN COLUMN 16
AVERAGE MONTHLY: 70.5 TOTAL FOR MONTH: 4.72 1 = FOG OR MIST
DPTR FM NORMAL: -0.2 DPTR FM NORMAL: 0.46 2 = FOG REDUCING VISIBILITY
HIGHEST: 87 ON 5 GRTST 24HR 2.12 ON 14-14 TO 1/4 MILE OR LESS
LOWEST: 53 ON 11 3 = THUNDER
SNOW, ICE PELLETS, HAIL 4 = ICE PELLETS
TOTAL MONTH: T 5 = HAIL
GRTST 24HR T ON 27-27 6 = FREEZING RAIN OR DRIZZLE
GRTST DEPTH: 0 7 = DUSTSTORM OR SANDSTORM:
VSBY 1/2 MILE OR LESS
8 = SMOKE OR HAZE
[NO. OF DAYS WITH] [WEATHER - DAYS WITH] 9 = BLOWING SNOW
X = TORNADO
MAX 32 OR BELOW: 0 0.01 INCH OR MORE: 10
MAX 90 OR ABOVE: 0 0.10 INCH OR MORE: 4
MIN 32 OR BELOW: 0 0.50 INCH OR MORE: 3
MIN 0 OR BELOW: 0 1.00 INCH OR MORE: 2
[HDD (BASE 65) ]
TOTAL THIS MO. 6 CLEAR (SCALE 0-3) 0
DPTR FM NORMAL -7 PTCLDY (SCALE 4-7) 0
TOTAL FM JUL 1 6 CLOUDY (SCALE 8-10) 31
DPTR FM NORMAL 4
[CDD (BASE 65) ]
TOTAL THIS MO. 183
DPTR FM NORMAL -5 [PRESSURE DATA]
TOTAL FM JAN 1 446 HIGHEST SLP M ON M
DPTR FM NORMAL 115 LOWEST SLP M ON M
[REMARKS]
#FINAL-07-21#