000
CXUS53 KARX 010900
CF6ARX
PRELIMINARY LOCAL CLIMATOLOGICAL DATA (WS FORM: F-6)
STATION: LA CROSSE WEATHER OFFICE WI
MONTH: MAY
YEAR: 2021
LATITUDE: 43 49 N
LONGITUDE: 91 12 W
TEMPERATURE IN F: :PCPN: SNOW: WIND :SUNSHINE: SKY :PK WND
================================================================================
1 2 3 4 5 6A 6B 7 8 9 10 11 12 13 14 15 16 17 18
12Z AVG MX 2MIN
DY MAX MIN AVG DEP HDD CDD WTR SNW DPTH SPD SPD DIR MIN PSBL S-S WX SPD DR
================================================================================
1 86 50 68 16 0 3 T 0.0 0 M M M M M M 33 M
2 79 55 67 14 0 2 0.93 0.0 0 M M M M M M 13 33 M
3 63 48 56 3 9 0 0.70 0.0 0 M M M M M M 1 35 M
4 57 43 50 -3 15 0 0.00 0.0 0 M M M M M M 24 M
5 57 40 49 -5 16 0 0.11 0.0 0 M M M M M M 16 M
6 57 39 48 -6 17 0 0.09 0.0 0 M M M M M M 30 M
7 54 39 47 -7 18 0 0.00 0.0 0 M M M M M M 25 M
8 54 36 45 -10 20 0 0.00 0.0 0 M M M M M M 16 M
9 61 38 50 -5 15 0 0.00 0.0 0 M M M M M M 20 M
10 53 38 46 -10 19 0 0.00 0.0 0 M M M M M M 20 M
11 60 35 48 -8 17 0 0.00 0.0 0 M M M M M M 19 M
12 64 44 54 -2 11 0 0.00 0.0 0 M M M M M M 13 M
13 68 47 58 1 7 0 0.00 0.0 0 M M M M M M 16 M
14 67 48 58 1 7 0 T 0.0 0 M M M M M M 20 M
15 62 50 56 -1 9 0 T 0.0 0 M M M M M M 21 M
16 73 52 63 5 2 0 0.00 0.0 0 M M M M M M 16 M
17 76 52 64 6 1 0 0.00 0.0 0 M M M M M M 20 M
18 71 54 63 5 2 0 0.13 0.0 0 M M M M M M 34 M
19 69 60 65 6 0 0 0.03 0.0 0 M M M M M M 24 M
20 72 63 68 9 0 3 0.18 0.0 0 M M M M M M 25 M
21 74 66 70 11 0 5 0.01 0.0 0 M M M M M M 19 M
22 79 64 72 12 0 7 0.00 0.0 0 M M M M M M 20 M
23 77 62 70 10 0 5 0.55 0.0 0 M M M M M M 18 M
24 80 61 71 11 0 6 0.01 0.0 0 M M M M M M 27 M
25 78 65 72 11 0 7 0.05 0.0 0 M M M M M M 3 29 M
26 67 52 60 -1 5 0 0.00 0.0 0 M M M M M M 29 M
27 52 36 44 -17 21 0 1.02 0.0 0 M M M M M M 33 M
28 54 35 45 -17 20 0 0.08 0.0 0 M M M M M M 1 33 M
29 64 35 50 -12 15 0 0.00 0.0 0 M M M M M M 22 M
30 58 46 52 -10 13 0 T 0.0 0 M M M M M M 15 M
31 72 48 60 -3 5 0 0.32 0.0 0 M M M M M M 27 M
================================================================================
SM 2058 1501 264 38 4.21 0.0 M M M
================================================================================
AV 66.4 48.4 M FASTST M M M MAX(MPH)
MISC ----> M M 35 9999
================================================================================
NOTES:
# LAST OF SEVERAL OCCURRENCES
COLUMN 17 PEAK WIND IN M.P.H.
PRELIMINARY LOCAL CLIMATOLOGICAL DATA (WS FORM: F-6) , PAGE 2
STATION: LA CROSSE WEATHER OFFICE WI
MONTH: MAY
YEAR: 2021
LATITUDE: 43 49 N
LONGITUDE: 91 12 W
[TEMPERATURE DATA] [PRECIPITATION DATA] SYMBOLS USED IN COLUMN 16
AVERAGE MONTHLY: 57.4 TOTAL FOR MONTH: 4.21 1 = FOG OR MIST
DPTR FM NORMAL: -0.1 DPTR FM NORMAL: -0.70 2 = FOG REDUCING VISIBILITY
HIGHEST: 86 ON 1 GRTST 24HR 1.02 ON 27-27 TO 1/4 MILE OR LESS
LOWEST: 35 ON 29,28 3 = THUNDER
SNOW, ICE PELLETS, HAIL 4 = ICE PELLETS
TOTAL MONTH: 0.0 INCH 5 = HAIL
GRTST 24HR 0.0 6 = FREEZING RAIN OR DRIZZLE
GRTST DEPTH: 0 7 = DUSTSTORM OR SANDSTORM:
VSBY 1/2 MILE OR LESS
8 = SMOKE OR HAZE
[NO. OF DAYS WITH] [WEATHER - DAYS WITH] 9 = BLOWING SNOW
X = TORNADO
MAX 32 OR BELOW: 0 0.01 INCH OR MORE: 14
MAX 90 OR ABOVE: 0 0.10 INCH OR MORE: 8
MIN 32 OR BELOW: 0 0.50 INCH OR MORE: 4
MIN 0 OR BELOW: 0 1.00 INCH OR MORE: 1
[HDD (BASE 65) ]
TOTAL THIS MO. 264 CLEAR (SCALE 0-3) 0
DPTR FM NORMAL 4 PTCLDY (SCALE 4-7) 0
TOTAL FM JUL 1 7269 CLOUDY (SCALE 8-10) 31
DPTR FM NORMAL -269
[CDD (BASE 65) ]
TOTAL THIS MO. 38
DPTR FM NORMAL 9 [PRESSURE DATA]
TOTAL FM JAN 1 47 HIGHEST SLP M ON M
DPTR FM NORMAL 15 LOWEST SLP M ON M
[REMARKS]
#FINAL-05-21#