000
CXUS53 KGID 020103
CF6AUH
PRELIMINARY LOCAL CLIMATOLOGICAL DATA (WS FORM: F-6)
STATION: AURORA NE
MONTH: OCTOBER
YEAR: 2022
LATITUDE: 40 54 N
LONGITUDE: 97 59 W
TEMPERATURE IN F: :PCPN: SNOW: WIND :SUNSHINE: SKY :PK WND
================================================================================
1 2 3 4 5 6A 6B 7 8 9 10 11 12 13 14 15 16 17 18
12Z AVG MX 2MIN
DY MAX MIN AVG DEP HDD CDD WTR SNW DPTH SPD SPD DIR MIN PSBL S-S WX SPD DR
================================================================================
1 82 51 67 M 0 2 0.00 M M 10.6 17 170 M M 0 24 160
2 81 44 63 M 2 0 0.00 M M 8.5 17 150 M M 0 22 170
3 82 46 64 M 1 0 0.00 M M 9.3 18 160 M M 1 25 160
4 71 49 60 M 5 0 0.03 M M 3.9 8 270 M M 7 M M
5 75 46 61 M 4 0 0.00 M M 6.5 15 340 M M 2 1 25 330
6 65 42 54 M 11 0 0.00 M M 10.0 20 350 M M 2 25 350
7 55 31 43 M 22 0 T M M 5.7 10 30 M M 4 16 20
8 68 29 49 M 16 0 0.00 M M 7.6 16 240 M M 0 20 240
9 75 36 56 M 9 0 0.00 M M 4.7 10 240 M M 0 9 320
10 78 37 58 M 7 0 0.00 M M 6.4 14 200 M M 0 17 180
11 82 55 69 M 0 4 0.13 M M 15.0 22 330 M M 3 32 330
12 63 39 51 M 14 0 0.00 M M 15.2 29 320 M M 1 41 320
13 62 39 51 M 14 0 0.00 M M 18.2 36 310 M M 0 46 310
14 69 33 51 M 14 0 0.00 M M 11.4 28 340 M M 3 32 340
15 73 31 52 M 13 0 0.00 M M 11.4 24 310 M M 1 28 310
16 57 32 45 M 20 0 0.00 M M 10.4 22 320 M M 2 29 330
17 50 26 38 M 27 0 0.00 M M 10.2 17 360 M M 0 22 360
18 45 16 31 M 34 0 0.00 M M 5.9 10 350 M M 0 16 360
19 65 21 43 M 22 0 0.00 M M 2.5 7 210 M M 0 M M
20 76 37 57 M 8 0 0.00 M M 7.9 14 300 M M 0 17 280
21 78 37 58 M 7 0 0.00 M M 6.7 14 210 M M 0 8 M M
22 84 36 60 M 5 0 0.00 M M 6.7 13 150 M M 0 M M
23 87 54 71 M 0 6 0.00 M M 19.8 31 200 M M 2 8 43 190
24 55 32 44 M 21 0 0.00 M M 9.5 16 300 M M 2 21 310
25 62 28 45 M 20 0 0.00 M M 8.6 16 330 M M 0 20 330
26 58 30 44 M 21 0 T M M 8.1 16 130 M M 3 23 130
27 59 44 52 M 13 0 0.29 M M 10.3 20 140 M M 9 23 110
28 61 39 50 M 15 0 0.01 M M 3.1 9 190 M M 5 12 M M
29 68 40 54 M 11 0 0.00 M M 6.4 13 200 M M 0 M M
30 62 39 51 M 14 0 0.00 M M 5.7 13 10 M M 0 16 10
31 71 34 53 M 12 0 0.00 M M 8.2 14 200 M M 0 22 210
================================================================================
SM 2119 1153 382 12 0.46 M 274.4 M 47
================================================================================
AV 68.4 37.2 8.9 FASTST M M 2 MAX(MPH)
MISC ----> 36 310 M M
================================================================================
NOTES:
# LAST OF SEVERAL OCCURRENCES
COLUMN 17 PEAK WIND IN M.P.H.
PRELIMINARY LOCAL CLIMATOLOGICAL DATA (WS FORM: F-6) , PAGE 2
STATION: AURORA NE
MONTH: OCTOBER
YEAR: 2022
LATITUDE: 40 54 N
LONGITUDE: 97 59 W
[TEMPERATURE DATA] [PRECIPITATION DATA] SYMBOLS USED IN COLUMN 16
AVERAGE MONTHLY: 52.8 TOTAL FOR MONTH: 0.46 1 = FOG OR MIST
DPTR FM NORMAL: M DPTR FM NORMAL: M 2 = FOG REDUCING VISIBILITY
HIGHEST: 87 ON 23 GRTST 24HR 0.29 ON 27-27 TO 1/4 MILE OR LESS
LOWEST: 16 ON 18 3 = THUNDER
SNOW, ICE PELLETS, HAIL 4 = ICE PELLETS
TOTAL MONTH: M 5 = HAIL
GRTST 24HR M ON M 6 = FREEZING RAIN OR DRIZZLE
GRTST DEPTH: M ON M 7 = DUSTSTORM OR SANDSTORM:
VSBY 1/2 MILE OR LESS
8 = SMOKE OR HAZE
[NO. OF DAYS WITH] [WEATHER - DAYS WITH] 9 = BLOWING SNOW
X = TORNADO
MAX 32 OR BELOW: 0 0.01 INCH OR MORE: 4
MAX 90 OR ABOVE: 0 0.10 INCH OR MORE: 2
MIN 32 OR BELOW: 10 0.50 INCH OR MORE: 0
MIN 0 OR BELOW: 0 1.00 INCH OR MORE: 0
[HDD (BASE 65) ]
TOTAL THIS MO. 382 CLEAR (SCALE 0-3) 26
DPTR FM NORMAL M PTCLDY (SCALE 4-7) 4
TOTAL FM JUL 1 428 CLOUDY (SCALE 8-10) 1
DPTR FM NORMAL M
[CDD (BASE 65) ]
TOTAL THIS MO. 12
DPTR FM NORMAL M [PRESSURE DATA]
TOTAL FM JAN 1 1239 HIGHEST SLP M ON M
DPTR FM NORMAL M LOWEST SLP M ON M
[REMARKS]
#FINAL-10-22#