000
CXUS53 KARX 240647
CF6AUM
PRELIMINARY LOCAL CLIMATOLOGICAL DATA (WS FORM: F-6)
STATION: AUSTIN MUNI MN
MONTH: JUNE
YEAR: 2022
LATITUDE: 43 40 N
LONGITUDE: 92 56 W
TEMPERATURE IN F: :PCPN: SNOW: WIND :SUNSHINE: SKY :PK WND
================================================================================
1 2 3 4 5 6A 6B 7 8 9 10 11 12 13 14 15 16 17 18
12Z AVG MX 2MIN
DY MAX MIN AVG DEP HDD CDD WTR SNW DPTH SPD SPD DIR MIN PSBL S-S WX SPD DR
================================================================================
1 72 52 62 M 3 0 0.00 0.0 0 6.6 16 310 M M 3 21 310
2 77 45 61 M 4 0 0.00 0.0 0 7.8 18 280 M M 1 27 290
3 72 52 62 M 3 0 0.00 0.0 0 6.9 15 320 M M 1 29 310
4 61 52 57 M 8 0 0.22 0.0 0 5.3 8 120 M M 9 M M
5 66 55 61 M 4 0 0.25 0.0 0 6.5 10 90 M M 9 M M
6 73 61 67 M 0 2 0.17 0.0 0 5.7 14 60 M M 5 1 20 40
7 73 57 65 M 0 0 0.00 0.0 0 2.7 7 10 M M 8 M M
8 75 57 66 M 0 1 T 0.0 0 5.0 14 310 M M 3 25 290
9 79 48 64 M 1 0 0.00 0.0 0 4.0 10 260 M M 1 17 0
10 75 63 69 M 0 4 T 0.0 0 6.4 13 30 M M 5 17 250
11 75 61 68 M 0 3 M 0.0 0 5.4 12 240 M M 5 M M
12 82 63 73 M 0 8 0.00 0.0 0 8.7 16 120 M M 4 20 120
13 79 66 73 M 0 8 0.19 0.0 0 11.0 22 110 M M 5 13 28 110
14 95 73 84 M 0 19 0.06 0.0 0 13.1 27 210 M M 1 3 37 200
15 77 63 70 M 0 5 0.57 0.0 0 5.3 13 120 M M 6 3 25 250
16 82 63 73 M 0 8 0.00 0.0 0 12.2 24 280 M M 0 33 270
17 82 59 71 M 0 6 0.00 0.0 0 5.4 13 340 M M 0 18 340
18 82 59 71 M 0 6 0.00 0.0 0 9.7 18 120 M M 1 25 160
19 91 64 78 M 0 13 0.00 0.0 0 13.7 20 190 M M 0 29 210
20 97 72 85 M 0 20 0.00 0.0 0 14.4 20 190 M M 0 25 190
21 88 68 78 M 0 13 0.03 0.0 0 11.7 17 300 M M 0 24 310
22 84 64 74 M 0 9 0.00 0.0 0 7.4 14 330 M M 1 21 330
23 91 63 77 M 0 12 0.00 0.0 0 8.2 17 210 M M 0 25 200
24 88 70 79 M 0 14 0.00 0.0 0 10.3 17 210 M M 1 29 170
25 82 64 73 M 0 8 0.74 0.0 0 9.2 17 310 M M 5 3 24 290
26 73 57 65 M 0 0 0.00 0.0 0 12.3 22 290 M M 1 32 310
27 82 52 67 M 0 2 0.00 0.0 0 5.0 12 270 M M 2 17 300
28 84 59 72 M 0 7 T 0.0 0 8.3 21 220 M M 2 29 220
29 90 57 74 M 0 9 0.00 0.0 0 9.5 17 190 M M 0 1 29 190
30 84 70 77 M 0 12 0.03 0.0 0 8.3 20 200 M M 1 25 200
================================================================================
SM 2411 1809 23 189 2.26 0.0 246.0 M 80
================================================================================
AV 80.4 60.3 8.2 FASTST M M 3 MAX(MPH)
MISC ----> 27 210 37 200
================================================================================
NOTES:
# LAST OF SEVERAL OCCURRENCES
COLUMN 17 PEAK WIND IN M.P.H.
PRELIMINARY LOCAL CLIMATOLOGICAL DATA (WS FORM: F-6) , PAGE 2
STATION: AUSTIN MUNI MN
MONTH: JUNE
YEAR: 2022
LATITUDE: 43 40 N
LONGITUDE: 92 56 W
[TEMPERATURE DATA] [PRECIPITATION DATA] SYMBOLS USED IN COLUMN 16
AVERAGE MONTHLY: 70.3 TOTAL FOR MONTH: 2.26 1 = FOG OR MIST
DPTR FM NORMAL: 0.0 DPTR FM NORMAL: M 2 = FOG REDUCING VISIBILITY
HIGHEST: 97 ON 20 GRTST 24HR 0.74 ON 25-25 TO 1/4 MILE OR LESS
LOWEST: 45 ON 2 3 = THUNDER
SNOW, ICE PELLETS, HAIL 4 = ICE PELLETS
TOTAL MONTH: 0.0 INCH 5 = HAIL
GRTST 24HR 0.0 6 = FREEZING RAIN OR DRIZZLE
GRTST DEPTH: 0 7 = DUSTSTORM OR SANDSTORM:
VSBY 1/2 MILE OR LESS
8 = SMOKE OR HAZE
[NO. OF DAYS WITH] [WEATHER - DAYS WITH] 9 = BLOWING SNOW
X = TORNADO
MAX 32 OR BELOW: 0 0.01 INCH OR MORE: 9
MAX 90 OR ABOVE: 5 0.10 INCH OR MORE: 6
MIN 32 OR BELOW: 0 0.50 INCH OR MORE: 2
MIN 0 OR BELOW: 0 1.00 INCH OR MORE: 0
[HDD (BASE 65) ]
TOTAL THIS MO. 23 CLEAR (SCALE 0-3) 19
DPTR FM NORMAL M PTCLDY (SCALE 4-7) 9
TOTAL FM JUL 1 7403 CLOUDY (SCALE 8-10) 2
DPTR FM NORMAL M
[CDD (BASE 65) ]
TOTAL THIS MO. 189
DPTR FM NORMAL M [PRESSURE DATA]
TOTAL FM JAN 1 256 HIGHEST SLP M ON M
DPTR FM NORMAL M LOWEST SLP M ON M
[REMARKS]
#FINAL-06-22#