905
CXUS53 KARX 011654
CF6AUM
PRELIMINARY LOCAL CLIMATOLOGICAL DATA (WS FORM: F-6)
STATION: AUSTIN MUNI MN
MONTH: DECEMBER
YEAR: 2020
LATITUDE: 43 40 N
LONGITUDE: 92 56 W
TEMPERATURE IN F: :PCPN: SNOW: WIND :SUNSHINE: SKY :PK WND
================================================================================
1 2 3 4 5 6A 6B 7 8 9 10 11 12 13 14 15 16 17 18
12Z AVG MX 2MIN
DY MAX MIN AVG DEP HDD CDD WTR SNW DPTH SPD SPD DIR MIN PSBL S-S WX SPD DR
================================================================================
1 37 10 24 M 41 0 0.00 0.0 0 0.9 5 180 M M 0 M M
2 45 14 30 M 35 0 0.00 0.0 0 4.1 10 300 M M 0 16 300
3 43 25 34 M 31 0 0.00 0.0 0 6.9 12 240 M M 2 16 240
4 45 27 36 M 29 0 0.00 0.0 0 4.9 13 330 M M 0 M M
5 43 18 31 M 34 0 M M 0 1.0 5 90 M M 2 M M
6 39 27 33 M 32 0 0.00 0.0 0 4.5 12 310 M M 7 1 M M
7 32 30 31 M 34 0 0.00 0.0 0 3.3 7 130 M M 10 1 M M
8 43 28 36 M 29 0 0.00 0.0 0 6.1 13 200 M M 5 1 16 200
9 54 30 42 M 23 0 0.00 0.0 0 3.2 9 320 M M 0 M M
10 52 32 42 M 23 0 0.00 0.0 0 8.2 15 220 M M 0 23 220
11 39 32 36 M 29 0 0.00 0.0 0 11.6 16 50 M M 3 24 60
12 34 23 29 M 36 0 0.00 0.0 0 10.7 17 340 M M 2 23 40
13 28 19 24 M 41 0 T T 0 8.8 16 320 M M 9 24 300
14 21 10 16 M 49 0 0.00 0.0 0 7.2 18 310 M M 2 24 310
15 25 12 19 M 46 0 0.00 0.0 0 2.3 7 130 M M 3 M M
16 28 12 20 M 45 0 0.00 0.0 0 1.4 5 170 M M 2 M M
17 30 18 24 M 41 0 0.00 0.0 0 4.6 9 180 M M 9 1 M M
18 41 27 34 M 31 0 T T 0 9.2 15 170 M M 6 1 27 170
19 34 19 27 M 38 0 0.00 0.0 T 8.1 14 190 M M 10 1 18 320
20 39 16 28 M 37 0 0.00 0.0 0 6.5 9 290 M M 2 1 M M
21 41 19 30 M 35 0 0.00 0.0 0 16.3 33 300 M M 4 43 300
22 45 16 31 M 34 0 0.00 0.0 0 8.1 20 170 M M 4 1 30 180
23 48 5 27 M 38 0 M M 0 18.3 32 310 M M 8 44 310
24 5 -4 1 M 64 0 0.00 0.0 M 17.5 29 300 M M 4 1 37 300
25 21 -6 8 M 57 0 0.00 0.0 M 4.7 14 220 M M 0 M M
26 30 12 21 M 44 0 0.00 0.0 M 2.8 7 120 M M 0 M M
27 27 21 24 M 41 0 M M M 9.0 14 340 M M 6 21 350
28 27 10 19 M 46 0 0.00 0.0 M 6.9 13 320 M M 5 18 350
29 25 9 17 M 48 0 M M M 7.0 15 140 M M 5 24 130
30 27 19 23 M 42 0 M M M 14.2 18 290 M M 10 1 32 280
31 21 18 20 M 45 0 0.00 0.0 M 8.2 16 180 M M 10 1 21 190
================================================================================
SM 1069 548 1198 0 T T 226.5 M 130
================================================================================
AV 34.5 17.7 7.3 FASTST M M 4 MAX(MPH)
MISC ----> 33 300 44 310
================================================================================
NOTES:
# LAST OF SEVERAL OCCURRENCES
COLUMN 17 PEAK WIND IN M.P.H.
PRELIMINARY LOCAL CLIMATOLOGICAL DATA (WS FORM: F-6) , PAGE 2
STATION: AUSTIN MUNI MN
MONTH: DECEMBER
YEAR: 2020
LATITUDE: 43 40 N
LONGITUDE: 92 56 W
[TEMPERATURE DATA] [PRECIPITATION DATA] SYMBOLS USED IN COLUMN 16
AVERAGE MONTHLY: 26.1 TOTAL FOR MONTH: T 1 = FOG OR MIST
DPTR FM NORMAL: 0.0 DPTR FM NORMAL: M 2 = FOG REDUCING VISIBILITY
HIGHEST: 54 ON 9 GRTST 24HR T ON 13-13 TO 1/4 MILE OR LESS
LOWEST: -6 ON 25 3 = THUNDER
SNOW, ICE PELLETS, HAIL 4 = ICE PELLETS
TOTAL MONTH: T 5 = HAIL
GRTST 24HR T ON 13-13 6 = FREEZING RAIN OR DRIZZLE
GRTST DEPTH: T 7 = DUSTSTORM OR SANDSTORM:
VSBY 1/2 MILE OR LESS
8 = SMOKE OR HAZE
[NO. OF DAYS WITH] [WEATHER - DAYS WITH] 9 = BLOWING SNOW
X = TORNADO
MAX 32 OR BELOW: 14 0.01 INCH OR MORE: 0
MAX 90 OR ABOVE: 0 0.10 INCH OR MORE: 0
MIN 32 OR BELOW: 31 0.50 INCH OR MORE: 0
MIN 0 OR BELOW: 2 1.00 INCH OR MORE: 0
[HDD (BASE 65) ]
TOTAL THIS MO. 1198 CLEAR (SCALE 0-3) 13
DPTR FM NORMAL M PTCLDY (SCALE 4-7) 12
TOTAL FM JUL 1 2817 CLOUDY (SCALE 8-10) 6
DPTR FM NORMAL M
[CDD (BASE 65) ]
TOTAL THIS MO. 0
DPTR FM NORMAL M [PRESSURE DATA]
TOTAL FM JAN 1 708 HIGHEST SLP M ON M
DPTR FM NORMAL M LOWEST SLP M ON M
[REMARKS]
#FINAL-12-20#