000
CXUS53 KARX 240648
CF6AUM
PRELIMINARY LOCAL CLIMATOLOGICAL DATA (WS FORM: F-6)
STATION: AUSTIN MUNI MN
MONTH: JULY
YEAR: 2022
LATITUDE: 43 40 N
LONGITUDE: 92 56 W
TEMPERATURE IN F: :PCPN: SNOW: WIND :SUNSHINE: SKY :PK WND
================================================================================
1 2 3 4 5 6A 6B 7 8 9 10 11 12 13 14 15 16 17 18
12Z AVG MX 2MIN
DY MAX MIN AVG DEP HDD CDD WTR SNW DPTH SPD SPD DIR MIN PSBL S-S WX SPD DR
================================================================================
1 82 61 72 M 0 7 0.00 0.0 0 4.2 10 290 M M 1 16 320
2 81 55 68 M 0 3 0.07 0.0 0 4.4 14 270 M M 2 24 320
3 84 57 71 M 0 6 0.00 0.0 0 6.3 15 180 M M 1 17 160
4 84 70 77 M 0 12 1.17 0.0 0 4.7 12 170 M M 4 1 20 150
5 90 70 80 M 0 15 1.91 0.0 0 5.4 25 120 M M 4 13 31 40
6 84 66 75 M 0 10 0.00 0.0 0 2.6 8 70 M M 3 1 M M
7 84 70 77 M 0 12 0.00 0.0 0 3.7 9 130 M M 3 1 M M
8 84 66 75 M 0 10 0.19 0.0 0 6.1 12 50 M M 4 16 90
9 81 64 73 M 0 8 0.00 0.0 0 2.7 7 130 M M 2 16 190
10 84 63 74 M 0 9 0.59 0.0 0 9.4 21 180 M M 3 3 30 180
11 82 66 74 M 0 9 T 0.0 0 10.4 21 280 M M 2 31 280
12 81 63 72 M 0 7 0.03 0.0 0 8.7 16 300 M M 2 23 300
13 81 63 72 M 0 7 0.00 0.0 0 4.2 7 10 M M 1 M M
14 82 59 71 M 0 6 0.02 0.0 0 6.2 14 140 M M 1 3 18 140
15 81 66 74 M 0 9 0.02 0.0 0 8.0 16 130 M M 6 22 130
16 79 63 71 M 0 6 0.00 0.0 0 1.7 7 60 M M 3 12 M M
17 84 63 74 M 0 9 0.00 0.0 0 1.1 8 310 M M 1 1 M M
18 90 63 77 M 0 12 0.00 0.0 0 4.8 12 220 M M 0 1 16 240
19 88 70 79 M 0 14 T 0.0 0 11.3 23 200 M M 2 30 200
20 84 68 76 M 0 11 0.00 0.0 0 14.0 22 300 M M 1 32 300
21 82 63 73 M 0 8 T 0.0 0 7.9 17 340 M M 1 27 270
22 90 61 76 M 0 11 0.00 0.0 0 4.1 12 210 M M 1 18 210
23 82 64 73 M 0 8 0.58 0.0 0 5.2 23 300 M M 2 13 45 300
24 75 63 69 M 0 4 0.00 0.0 0 9.7 18 310 M M 3 1 27 330
25 75 55 65 M 0 0 T 0.0 0 2.1 8 340 M M 2 M M
26 79 63 71 M 0 6 0.07 0.0 0 4.6 13 360 M M 5 25 0
27 81 63 72 M 0 7 0.01 0.0 0 5.8 12 280 M M 3 1 21 280
28 73 59 66 M 0 1 0.00 0.0 0 9.0 14 300 M M 2 21 310
29 75 55 65 M 0 0 0.00 0.0 0 5.3 10 290 M M 2 16 340
30 81 54 68 M 0 3 0.00 0.0 0 4.0 12 210 M M 1 17 200
31 82 59 71 M 0 6 T 0.0 0 8.9 21 190 M M 2 31 190
================================================================================
SM 2545 1945 0 236 4.66 0.0 186.5 M 70
================================================================================
AV 82.1 62.7 6.0 FASTST M M 2 MAX(MPH)
MISC ----> 25 120 45 300
================================================================================
NOTES:
# LAST OF SEVERAL OCCURRENCES
COLUMN 17 PEAK WIND IN M.P.H.
PRELIMINARY LOCAL CLIMATOLOGICAL DATA (WS FORM: F-6) , PAGE 2
STATION: AUSTIN MUNI MN
MONTH: JULY
YEAR: 2022
LATITUDE: 43 40 N
LONGITUDE: 92 56 W
[TEMPERATURE DATA] [PRECIPITATION DATA] SYMBOLS USED IN COLUMN 16
AVERAGE MONTHLY: 72.4 TOTAL FOR MONTH: 4.66 1 = FOG OR MIST
DPTR FM NORMAL: 0.0 DPTR FM NORMAL: M 2 = FOG REDUCING VISIBILITY
HIGHEST: 90 ON 22, 5 GRTST 24HR 1.91 ON 5- 5 TO 1/4 MILE OR LESS
LOWEST: 54 ON 30 3 = THUNDER
SNOW, ICE PELLETS, HAIL 4 = ICE PELLETS
TOTAL MONTH: 0.0 INCH 5 = HAIL
GRTST 24HR 0.0 6 = FREEZING RAIN OR DRIZZLE
GRTST DEPTH: 0 7 = DUSTSTORM OR SANDSTORM:
VSBY 1/2 MILE OR LESS
8 = SMOKE OR HAZE
[NO. OF DAYS WITH] [WEATHER - DAYS WITH] 9 = BLOWING SNOW
X = TORNADO
MAX 32 OR BELOW: 0 0.01 INCH OR MORE: 11
MAX 90 OR ABOVE: 3 0.10 INCH OR MORE: 5
MIN 32 OR BELOW: 0 0.50 INCH OR MORE: 4
MIN 0 OR BELOW: 0 1.00 INCH OR MORE: 2
[HDD (BASE 65) ]
TOTAL THIS MO. 0 CLEAR (SCALE 0-3) 24
DPTR FM NORMAL M PTCLDY (SCALE 4-7) 7
TOTAL FM JUL 1 0 CLOUDY (SCALE 8-10) 0
DPTR FM NORMAL M
[CDD (BASE 65) ]
TOTAL THIS MO. 236
DPTR FM NORMAL M [PRESSURE DATA]
TOTAL FM JAN 1 492 HIGHEST SLP M ON M
DPTR FM NORMAL M LOWEST SLP M ON M
[REMARKS]
#FINAL-07-22#