000
CXUS53 KGRB 011018
CLMAUW
CLIMATE REPORT
NATIONAL WEATHER SERVICE GREEN BAY
418 AM CST FRI MAR 01 2024
...................................
...THE WAUSAU WI CLIMATE SUMMARY FOR THE MONTH OF FEBRUARY 2024...
CLIMATE NORMAL PERIOD: 1991 TO 2020
CLIMATE RECORD PERIOD: 1896 TO 2024
WEATHER OBSERVED NORMAL DEPART LAST YEAR`S
VALUE DATE(S) VALUE FROM VALUE DATE(S)
NORMAL
................................................................
TEMPERATURE (F)
RECORD
HIGH 68 02/27/2024
LOW -40 02/10/1899
HIGHEST 68R 02/27 46 22 45 02/08
LOWEST 1 02/17 -15 16 -13 02/03
AVG. MAXIMUM 42.0 27.4 14.6 31.6
AVG. MINIMUM 19.8 9.5 10.3 13.6
MEAN 30.9 18.5 12.4 22.6
DAYS MAX >= 90 0 0.0 0.0 0
DAYS MAX <= 32 6 18.5 -12.5 12
DAYS MIN <= 32 28 27.1 0.9 28
DAYS MIN <= 0 0 7.2 -7.2 4
PRECIPITATION (INCHES)
RECORD
MAXIMUM 4.51 1945
MINIMUM 0.05 1964
TOTALS 0.42 1.08 -0.66 2.01
DAYS >= .01 6 8.3 -2.3 10
DAYS >= .10 1 3.4 -2.4 6
DAYS >= .50 0 0.3 -0.3
DAYS >= 1.00 0 0.0 0.0 0
GREATEST
STORM TOTAL 0.28
(MM/DD(HH))
SNOWFALL (INCHES)
RECORDS
TOTAL 54.3 2019
24 HR TOTAL 15.7 02/12/2019 TO 02/12/2019
TOTALS 3.3 12.7 -9.4 17.5
SINCE 7/1 19.3 49.3 -30.0 MM
DAYS >= TRACE 5 8.7 -3.7
DAYS >= 1.0 2 3.8 -1.8 6
GREATEST
SNOW DEPTH 2 02/16 17 02/25
02/17
02/18
24 HR TOTAL MM
DEGREE DAYS
HEATING TOTAL 981 1303 -322 1179
SINCE 7/1 4835 6133 -1298 MM
COOLING TOTAL 0 0 0 0
SINCE 1/1 0 0 0 MM
................................................................
WIND (MPH)
AVERAGE WIND SPEED 7.9
HIGHEST WIND SPEED/DIRECTION 34/250 DATE 02/09
HIGHEST GUST SPEED/DIRECTION MM DATE MM
SKY COVER
POSSIBLE SUNSHINE (PERCENT) MM
AVERAGE SKY COVER 0.24
NUMBER OF DAYS FAIR 19
NUMBER OF DAYS PC 5
NUMBER OF DAYS CLOUDY 2
AVERAGE RH (PERCENT) 64
WEATHER CONDITIONS. NUMBER OF DAYS WITH
THUNDERSTORM 0 MIXED PRECIP 0
HEAVY RAIN 0 RAIN 0
LIGHT RAIN 2 FREEZING RAIN 0
LT FREEZING RAIN 0 HAIL 0
HEAVY SNOW 0 SNOW 0
LIGHT SNOW 5 SLEET 0
FOG 9 FOG W/VIS <= 1/4 MILE 1
HAZE 7
- INDICATES NEGATIVE NUMBERS.
R INDICATES RECORD WAS SET OR TIED.
MM INDICATES DATA IS MISSING.
T INDICATES TRACE AMOUNT.
$$