000
CXUS52 KGSP 010817
CF6AVL
PRELIMINARY LOCAL CLIMATOLOGICAL DATA (WS FORM: F-6)
STATION: ASHEVILLE NC
MONTH: APRIL
YEAR: 2021
LATITUDE: 35 25 N
LONGITUDE: 82 33 W
TEMPERATURE IN F: :PCPN: SNOW: WIND :SUNSHINE: SKY :PK WND
================================================================================
1 2 3 4 5 6A 6B 7 8 9 10 11 12 13 14 15 16 17 18
12Z AVG MX 2MIN
DY MAX MIN AVG DEP HDD CDD WTR SNW DPTH SPD SPD DIR MIN PSBL S-S WX SPD DR
================================================================================
1 42 32 37 -14 28 0 0.00 0.0 0 19.6 33 330 M M 3 43 330
2 45 26 36 -16 29 0 0.00 0.0 0 12.9 24 350 M M 2 33 330
3 60 25 43 -9 22 0 0.00 0.0 0 1.8 13 210 M M 0 15 220
4 70 31 51 -1 14 0 0.00 0.0 0 5.7 17 340 M M 0 25 330
5 74 36 55 3 10 0 0.00 0.0 0 2.8 13 170 M M 0 8 21 170
6 77 41 59 6 6 0 0.00 0.0 0 3.9 14 340 M M 0 8 19 350
7 80 44 62 9 3 0 0.00 0.0 0 4.0 13 160 M M 0 16 150
8 72 48 60 7 5 0 T 0.0 0 5.7 18 170 M M 3 8 25 180
9 79 49 64 10 1 0 T 0.0 0 5.7 23 200 M M 1 38 33 230
10 63 53 58 4 7 0 1.06 0.0 0 6.1 22 170 M M 8 1 32 160
11 73 48 61 7 4 0 0.00 0.0 0 6.3 22 310 M M 2 12 28 290
12 77 44 61 7 4 0 0.00 0.0 0 10.2 26 340 M M 0 42 310
13 75 51 63 8 2 0 T 0.0 0 4.8 21 340 M M 2 26 330
14 78 45 62 7 3 0 T 0.0 0 6.4 23 210 M M 4 8 32 210
15 64 47 56 1 9 0 0.01 0.0 0 13.9 30 340 M M 4 8 36 330
16 65 41 53 -2 12 0 0.00 0.0 0 9.1 25 330 M M 0 31 330
17 64 47 56 0 9 0 T 0.0 0 5.2 18 330 M M 7 8 22 330
18 69 44 57 1 8 0 0.00 0.0 0 7.6 15 340 M M 3 20 340
19 66 45 56 0 9 0 0.00 0.0 0 8.5 25 340 M M 3 8 31 350
20 69 40 55 -1 10 0 0.00 0.0 0 6.6 22 210 M M 2 31 170
21 52 34 43 -14 22 0 0.00 0.0 0 15.2 32 340 M M 2 44 340
22 57 28 43 -14 22 0 0.00 0.0 0 8.8 21 310 M M 0 30 340
23 59 31 45 -12 20 0 0.00 0.0 0 3.3 13 190 M M 4 18 190
24 52 43 48 -10 17 0 0.71 0.0 0 2.7 13 150 M M 8 1 21 160
25 63 46 55 -3 10 0 0.01 0.0 0 11.8 33 330 M M 5 1 41 330
26 74 38 56 -2 9 0 0.00 0.0 0 4.4 14 180 M M 0 8 19 140
27 81 46 64 6 1 0 0.00 0.0 0 6.5 22 190 M M 0 8 28 210
28 81 56 69 10 0 4 0.00 0.0 0 4.0 18 220 M M 2 8 24 220
29 83 60 72 13 0 7 T 0.0 0 7.8 22 330 M M 2 27 210
30 73 55 64 5 1 0 0.03 0.0 0 14.9 26 330 M M 3 18 40 320
================================================================================
SM 2037 1274 297 11 1.82 0.0 226.2 M 70
================================================================================
AV 67.9 42.5 7.5 FASTST M M 2 MAX(MPH)
MISC ----> # 33 330 44 340
================================================================================
NOTES:
# LAST OF SEVERAL OCCURRENCES
COLUMN 17 PEAK WIND IN M.P.H.
PRELIMINARY LOCAL CLIMATOLOGICAL DATA (WS FORM: F-6) , PAGE 2
STATION: ASHEVILLE NC
MONTH: APRIL
YEAR: 2021
LATITUDE: 35 25 N
LONGITUDE: 82 33 W
[TEMPERATURE DATA] [PRECIPITATION DATA] SYMBOLS USED IN COLUMN 16
AVERAGE MONTHLY: 55.2 TOTAL FOR MONTH: 1.82 1 = FOG OR MIST
DPTR FM NORMAL: 0.0 DPTR FM NORMAL: -1.51 2 = FOG REDUCING VISIBILITY
HIGHEST: 83 ON 29 GRTST 24HR 1.06 ON 9-10 TO 1/4 MILE OR LESS
LOWEST: 25 ON 3 3 = THUNDER
SNOW, ICE PELLETS, HAIL 4 = ICE PELLETS
TOTAL MONTH: 0.0 INCH 5 = HAIL
GRTST 24HR 0.0 6 = FREEZING RAIN OR DRIZZLE
GRTST DEPTH: 0 7 = DUSTSTORM OR SANDSTORM:
VSBY 1/2 MILE OR LESS
8 = SMOKE OR HAZE
[NO. OF DAYS WITH] [WEATHER - DAYS WITH] 9 = BLOWING SNOW
X = TORNADO
MAX 32 OR BELOW: 0 0.01 INCH OR MORE: 5
MAX 90 OR ABOVE: 0 0.10 INCH OR MORE: 2
MIN 32 OR BELOW: 6 0.50 INCH OR MORE: 2
MIN 0 OR BELOW: 0 1.00 INCH OR MORE: 1
[HDD (BASE 65) ]
TOTAL THIS MO. 297 CLEAR (SCALE 0-3) 23
DPTR FM NORMAL -3 PTCLDY (SCALE 4-7) 6
TOTAL FM JUL 1 3591 CLOUDY (SCALE 8-10) 1
DPTR FM NORMAL -482
[CDD (BASE 65) ]
TOTAL THIS MO. 11
DPTR FM NORMAL 4 [PRESSURE DATA]
TOTAL FM JAN 1 12 HIGHEST SLP 30.48 ON 3
DPTR FM NORMAL 4 LOWEST SLP 29.53 ON 11
[REMARKS]
#FINAL-04-21#