000
CXUS52 KGSP 010821
CF6AVL
PRELIMINARY LOCAL CLIMATOLOGICAL DATA (WS FORM: F-6)
STATION: ASHEVILLE NC
MONTH: JULY
YEAR: 2020
LATITUDE: 35 25 N
LONGITUDE: 82 33 W
TEMPERATURE IN F: :PCPN: SNOW: WIND :SUNSHINE: SKY :PK WND
================================================================================
1 2 3 4 5 6A 6B 7 8 9 10 11 12 13 14 15 16 17 18
12Z AVG MX 2MIN
DY MAX MIN AVG DEP HDD CDD WTR SNW DPTH SPD SPD DIR MIN PSBL S-S WX SPD DR
================================================================================
1 85 68 77 4 0 12 T 0.0 0 5.8 16 170 M M 2 38 22 170
2 88 68 78 5 0 13 0.00 0.0 0 7.3 15 330 M M 3 8 22 330
3 89 65 77 4 0 12 0.01 0.0 0 3.2 14 170 M M 4 3 17 150
4 90 67 79 5 0 14 0.00 0.0 0 4.5 15 160 M M 5 3 22 160
5 89 67 78 4 0 13 0.00 0.0 0 3.2 13 160 M M 3 128 18 170
6 84 65 75 1 0 10 T 0.0 0 4.0 14 160 M M 4 128 18 110
7 79 68 74 0 0 9 0.15 0.0 0 2.3 14 170 M M 8 18 17 180
8 87 65 76 2 0 11 0.41 0.0 0 3.4 18 10 M M 4 123 27 110
9 85 68 77 3 0 12 0.51 0.0 0 3.1 14 30 M M 4 13 20 10
10 88 66 77 3 0 12 0.97 0.0 0 1.9 25 290 M M 4 1238 32 280
11 84 67 76 2 0 11 0.00 0.0 0 8.3 18 330 M M 1 27 320
12 86 60 73 -1 0 8 T 0.0 0 3.9 16 340 M M 2 3 22 330
13 87 66 77 3 0 12 0.00 0.0 0 7.4 16 340 M M 1 8 21 340
14 90 65 78 4 0 13 0.00 0.0 0 3.6 10 170 M M 2 8 15 190
15 90 64 77 3 0 12 0.00 0.0 0 3.7 12 160 M M 3 18 15 170
16 90 72 81 7 0 16 0.00 0.0 0 5.8 15 190 M M 5 18 19 210
17 91 69 80 6 0 15 0.01 0.0 0 3.1 14 190 M M 2 138 18 200
18 93 70 82 8 0 17 0.00 0.0 0 3.8 15 170 M M 2 138 21 240
19 92 69 81 7 0 16 T 0.0 0 3.2 14 250 M M 3 13 19 240
20 91 69 80 6 0 15 T 0.0 0 3.2 14 290 M M 2 138 18 290
21 89 69 79 5 0 14 T 0.0 0 3.2 15 210 M M 3 1238 20 200
22 88 65 77 3 0 12 0.01 0.0 0 2.2 14 310 M M 3 1238 18 310
23 88 67 78 4 0 13 0.66 0.0 0 3.8 28 340 M M 3 138 32 340
24 80 67 74 0 0 9 0.03 0.0 0 3.0 13 340 M M 6 12 16 330
25 88 65 77 3 0 12 0.04 0.0 0 3.8 14 300 M M 5 123 20 260
26 88 67 78 4 0 13 0.00 0.0 0 5.5 18 200 M M 4 13 24 200
27 90 67 79 5 0 14 T 0.0 0 5.8 18 280 M M 2 3 25 280
28 88 65 77 3 0 12 0.03 0.0 0 4.2 18 330 M M 2 3 24 330
29 89 69 79 5 0 14 T 0.0 0 4.6 16 200 M M 3 138 21 140
30 86 70 78 4 0 13 0.01 0.0 0 3.9 20 200 M M 5 38 23 200
31 93 68 81 7 0 16 0.12 0.0 0 5.1 23 200 M M 5 1238 29 200
================================================================================
SM 2725 2077 0 395 2.96 0.0 129.8 M 105
================================================================================
AV 87.9 67.0 4.2 FASTST M M 3 MAX(MPH)
MISC ----> 28 340 # 32 280
================================================================================
NOTES:
# LAST OF SEVERAL OCCURRENCES
COLUMN 17 PEAK WIND IN M.P.H.
PRELIMINARY LOCAL CLIMATOLOGICAL DATA (WS FORM: F-6) , PAGE 2
STATION: ASHEVILLE NC
MONTH: JULY
YEAR: 2020
LATITUDE: 35 25 N
LONGITUDE: 82 33 W
[TEMPERATURE DATA] [PRECIPITATION DATA] SYMBOLS USED IN COLUMN 16
AVERAGE MONTHLY: 77.5 TOTAL FOR MONTH: 2.96 1 = FOG OR MIST
DPTR FM NORMAL: 3.7 DPTR FM NORMAL: -1.35 2 = FOG REDUCING VISIBILITY
HIGHEST: 93 ON 31,18 GRTST 24HR 1.07 ON 9-10 TO 1/4 MILE OR LESS
LOWEST: 60 ON 12 3 = THUNDER
SNOW, ICE PELLETS, HAIL 4 = ICE PELLETS
TOTAL MONTH: 0.0 INCH 5 = HAIL
GRTST 24HR 0.0 6 = FREEZING RAIN OR DRIZZLE
GRTST DEPTH: 0 7 = DUSTSTORM OR SANDSTORM:
VSBY 1/2 MILE OR LESS
8 = SMOKE OR HAZE
[NO. OF DAYS WITH] [WEATHER - DAYS WITH] 9 = BLOWING SNOW
X = TORNADO
MAX 32 OR BELOW: 0 0.01 INCH OR MORE: 13
MAX 90 OR ABOVE: 10 0.10 INCH OR MORE: 6
MIN 32 OR BELOW: 0 0.50 INCH OR MORE: 3
MIN 0 OR BELOW: 0 1.00 INCH OR MORE: 0
[HDD (BASE 65) ]
TOTAL THIS MO. 0 CLEAR (SCALE 0-3) 17
DPTR FM NORMAL 0 PTCLDY (SCALE 4-7) 14
TOTAL FM JUL 1 0 CLOUDY (SCALE 8-10) 0
DPTR FM NORMAL 0
[CDD (BASE 65) ]
TOTAL THIS MO. 395
DPTR FM NORMAL 120 [PRESSURE DATA]
TOTAL FM JAN 1 675 HIGHEST SLP 30.23 ON 24
DPTR FM NORMAL 165 LOWEST SLP 29.78 ON 12
[REMARKS]
#FINAL-07-20#