000
CXUS51 KBGM 010952
CLAAVP
CLIMATE REPORT
NATIONAL WEATHER SERVICE BINGHAMTON, NY
452 AM EST MON JAN 01 2024
...................................
...THE AVOCA PA CLIMATE SUMMARY FOR THE YEAR OF 2023...
CLIMATE NORMAL PERIOD 1991 TO 2020
CLIMATE RECORD PERIOD 1901 TO 2023
WEATHER OBSERVED NORMAL DEPART LAST YEAR`S
VALUE DATE(S) VALUE FROM VALUE DATE(S)
NORMAL
................................................................
TEMPERATURE (F)
RECORD
HIGH 103 07/09/1936
LOW -99 02/21/2022
HIGHEST 95 06/02 59 36 98 08/04
LOWEST 02/04 40 -41 -3 01/16
01/22
AVG. MAXIMUM 62.8 61.0 1.8 62.0
AVG. MINIMUM 43.8 41.6 2.2 41.9
MEAN 53.3 51.3 2.0 52.0
DAYS MAX >= 90 7 11.7 -4.7 20
DAYS MAX <= 32 7 34.8 -27.8 34
DAYS MIN <= 32 100 121.8 -21.8 109
DAYS MIN <= 0 1 2.6 -1.6 2
PRECIPITATION (INCHES)
RECORD
MAXIMUM 61.08 2018
MINIMUM 26.22 1963
TOTALS 46.46 38.72 7.74 42.19
DAILY AVG. 0.13 0.11 0.02 0.12
DAYS >= .01 133 139.1 -6.1 131
DAYS >= .10 82 79.5 2.5 85
DAYS >= .50 29 23.3 5.7 31
DAYS >= 1.00 10 7.7 2.3 8
GREATEST
24 HR. TOTAL 3.06 04/30 TO 04/30 2.67 09/05 TO 09/05
STORM TOTAL 3.06 2.28
(MM/DD(HH)) MM
SNOWFALL (INCHES)
RECORDS
TOTAL 80.2 1994
24 HR TOTAL 22.1 03/14/2017 TO 03/14/2017
TOTALS 16.4 45.1 -28.7 31.6
SINCE 7/1 3.3 11.6 -8.3 8.2
DAYS >= TRACE 44 31.2 12.8 40
DAYS >= 1.0 8 13.5 -5.5 10
GREATEST
24 HR TOTAL 3.2 03/14 TO 03/14 7.0 03/12 TO 03/12
DEGREE DAYS
HEATING TOTAL 4815 5740 -925 5351
SINCE 7/1 1883 2132 -249 1918
COOLING TOTAL 760 791 -31 969
SINCE 1/1 760 790 -30 969
FREEZE DATES
RECORD
EARLIEST 09/21/1956
LATEST 05/25/1956
EARLIEST 11/01
LATEST 05/18
................................................................
WIND (MPH)
AVERAGE WIND SPEED 5.7
RESULTANT WIND SPEED/DIRECTION 1/300
HIGHEST WIND SPEED/DIRECTION 37/260 DATE 02/21
HIGHEST GUST SPEED/DIRECTION 55/260 DATE 02/21
SKY COVER
POSSIBLE SUNSHINE (PERCENT) MM
AVERAGE SKY COVER 0.49
NUMBER OF DAYS FAIR 134
NUMBER OF DAYS PC 126
NUMBER OF DAYS CLOUDY 105
AVERAGE RH (PERCENT) 67
WEATHER CONDITIONS. NUMBER OF DAYS WITH
THUNDERSTORM 37 MIXED PRECIP 0
HEAVY RAIN 53 RAIN 81
LIGHT RAIN 158 FREEZING RAIN 1
LT FREEZING RAIN 2 HAIL 0
HEAVY SNOW 0 SNOW 9
LIGHT SNOW 44 SLEET 0
FOG 188 FOG W/VIS <= 1/4 MILE 21
HAZE 83
- INDICATES NEGATIVE NUMBERS.
R INDICATES RECORD WAS SET OR TIED.
MM INDICATES DATA IS MISSING.
T INDICATES TRACE AMOUNT.
$$
MWG