000
CXUS53 KGRR 011010
CF6AZO
PRELIMINARY LOCAL CLIMATOLOGICAL DATA (WS FORM: F-6)
STATION: KALAMAZOO
MONTH: NOVEMBER
YEAR: 2021
LATITUDE: 42 13 N
LONGITUDE: 85 33 W
TEMPERATURE IN F: :PCPN: SNOW: WIND :SUNSHINE: SKY :PK WND
================================================================================
1 2 3 4 5 6A 6B 7 8 9 10 11 12 13 14 15 16 17 18
12Z AVG MX 2MIN
DY MAX MIN AVG DEP HDD CDD WTR SNW DPTH SPD SPD DIR MIN PSBL S-S WX SPD DR
================================================================================
1 48 36 42 -4 23 0 T M M 9.0 21 300 M M 6 34 300
2 44 28 36 -9 29 0 0.01 M M 6.7 18 290 M M 8 25 280
3 46 27 37 -8 28 0 T M M 3.2 13 300 M M 6 1 19 310
4 49 34 42 -2 23 0 T M M 3.7 13 300 M M 9 18 310
5 53 37 45 1 20 0 0.00 M M 6.6 14 190 M M 6 20 170
6 56 30 43 -1 22 0 0.00 M M 7.2 15 180 M M 1 20 200
7 66 35 51 8 14 0 0.00 M M 6.6 14 220 M M 0 19 220
8 65 43 54 11 11 0 0.00 M M 6.6 15 230 M M 0 20 230
9 57 36 47 5 18 0 0.00 M M 2.8 12 10 M M 5 18 16 10
10 58 28 43 1 22 0 0.00 M M 4.3 14 110 M M 2 128 25 110
11 61 40 51 9 14 0 0.16 M M 11.0 26 190 M M 5 18 39 190
12 46 34 40 -1 25 0 T M M 13.8 28 230 M M 6 18 37 220
13 40 34 37 -4 28 0 0.49 M M 8.3 16 300 M M 10 1 24 210
14 39 34 37 -3 28 0 0.11 M M 12.2 22 330 M M 10 1 32 310
15 38 31 35 -5 30 0 T M M 8.0 15 250 M M 10 1 22 220
16 47 33 40 0 25 0 0.00 M M 5.4 14 140 M M 4 22 150
17 61 44 53 14 12 0 0.33 M M 10.3 21 310 M M 10 18 28 310
18 46 31 39 0 26 0 0.03 M M 12.0 24 260 M M 8 18 36 250
19 43 32 38 -1 27 0 T M M 4.8 13 270 M M 7 17 280
20 43 34 39 1 26 0 T M M 8.2 20 180 M M 5 27 180
21 52 31 42 4 23 0 T M M 10.4 31 330 M M 5 18 44 320
22 38 27 33 -5 32 0 0.00 M M 11.2 23 320 M M 7 36 300
23 42 20 31 -6 34 0 0.00 M M 5.8 15 180 M M 0 23 180
24 51 35 43 6 22 0 T M M 12.6 24 190 M M 1 34 180
25 47 30 39 3 26 0 0.12 M M 9.5 21 340 M M 10 128 29 330
26 32 27 30 -6 35 0 T M M 8.8 22 340 M M 10 28 330
27 35 25 30 -6 35 0 0.10 M M 4.5 13 170 M M 9 168 19 140
28 39 31 35 -1 30 0 0.01 M M 10.2 23 290 M M 9 18 33 290
29 38 25 32 -3 33 0 0.07 M M 6.6 16 220 M M 6 18 24 210
30 46 28 37 2 28 0 0.00 M M 6.9 21 300 M M 4 29 280
================================================================================
SM 1426 960 749 0 1.43 M 237.2 M 179
================================================================================
AV 47.5 32.0 7.9 FASTST M M 6 MAX(MPH)
MISC ----> 31 330 44 320
================================================================================
NOTES:
# LAST OF SEVERAL OCCURRENCES
COLUMN 17 PEAK WIND IN M.P.H.
PRELIMINARY LOCAL CLIMATOLOGICAL DATA (WS FORM: F-6) , PAGE 2
STATION: KALAMAZOO
MONTH: NOVEMBER
YEAR: 2021
LATITUDE: 42 13 N
LONGITUDE: 85 33 W
[TEMPERATURE DATA] [PRECIPITATION DATA] SYMBOLS USED IN COLUMN 16
AVERAGE MONTHLY: 39.8 TOTAL FOR MONTH: 1.43 1 = FOG OR MIST
DPTR FM NORMAL: -0.3 DPTR FM NORMAL: -1.07 2 = FOG REDUCING VISIBILITY
HIGHEST: 66 ON 7 GRTST 24HR 0.49 ON 12-13 TO 1/4 MILE OR LESS
LOWEST: 20 ON 23 3 = THUNDER
SNOW, ICE PELLETS, HAIL 4 = ICE PELLETS
TOTAL MONTH: M 5 = HAIL
GRTST 24HR M ON M 6 = FREEZING RAIN OR DRIZZLE
GRTST DEPTH: M ON M 7 = DUSTSTORM OR SANDSTORM:
VSBY 1/2 MILE OR LESS
8 = SMOKE OR HAZE
[NO. OF DAYS WITH] [WEATHER - DAYS WITH] 9 = BLOWING SNOW
X = TORNADO
MAX 32 OR BELOW: 1 0.01 INCH OR MORE: 10
MAX 90 OR ABOVE: 0 0.10 INCH OR MORE: 6
MIN 32 OR BELOW: 16 0.50 INCH OR MORE: 0
MIN 0 OR BELOW: 0 1.00 INCH OR MORE: 0
[HDD (BASE 65) ]
TOTAL THIS MO. 749 CLEAR (SCALE 0-3) 6
DPTR FM NORMAL 1 PTCLDY (SCALE 4-7) 13
TOTAL FM JUL 1 1028 CLOUDY (SCALE 8-10) 11
DPTR FM NORMAL -283
[CDD (BASE 65) ]
TOTAL THIS MO. 0
DPTR FM NORMAL 0 [PRESSURE DATA]
TOTAL FM JAN 1 1067 HIGHEST SLP 30.52 ON 19
DPTR FM NORMAL 358 LOWEST SLP 29.56 ON 11
[REMARKS]
#FINAL-11-21#