000
CXUS51 KBOX 051228
CLMBDL
CLIMATE REPORT
NATIONAL WEATHER SERVICE BOSTON/NORTON MA
828 AM EDT WED JUL 05 2023
...................................
...THE HARTFORD CT CLIMATE SUMMARY FOR THE MONTH OF JUNE 2023...
CLIMATE NORMAL PERIOD 1991 TO 2020
CLIMATE RECORD PERIOD 1904 TO 2023
WEATHER OBSERVED NORMAL DEPART LAST YEAR`S
VALUE DATE(S) VALUE FROM VALUE
NORMAL
..............................................................
TEMPERATURE (F)
RECORD
HIGH 100 06/30/1964
06/26/1952
LOW 37 06/01/2020
06/03/1986
06/06/1964
HIGHEST 94 06/02 92
LOWEST 46 06/09 48
AVG. MAXIMUM 78.9 79.9 -1.0
AVG. MINIMUM 57.0 57.8 -0.8
MEAN 67.9 68.9 -1.0
DAYS MAX >= 90 2 3.5 -1.5
DAYS MAX <= 32 0 0.0 0.0
DAYS MIN <= 32 0 0.0 0.0
DAYS MIN <= 0 0 0.0 0.0
PRECIPITATION (INCHES)
RECORD
MAXIMUM 13.60 1982
MINIMUM 0.66 1912
TOTALS 1.27 4.28 -3.01
DAILY AVG. 0.04 0.14 -0.10
DAYS >= .01 13 11.8 1.2
DAYS >= .10 2 7.4 -5.4
DAYS >= .50 1 2.8 -1.8
DAYS >= 1.00 0 1.2 -1.2
GREATEST
24 HR. TOTAL 0.54 06/23 TO 06/24
SNOWFALL (INCHES)
RECORDS
TOTAL 0.0 MM
SNOW DEPTH 0 MM
TOTALS 0.0 0.0 0.0
LIQUID EQUIV 0.00
SINCE 7/1 24.2 51.7 -27.5
SNOWDEPTH AVG. 0
DAYS >= TRACE 0 0.0 0.0
DAYS >= 1.0 0 0.0 0.0
GREATEST
SNOW DEPTH 0
24 HR TOTAL MM
DEGREE DAYS
HEATING TOTAL 43 35 8
SINCE 7/1 5015 5880 -865
COOLING TOTAL 140 150 -10
SINCE 1/1 181 197 -16
..............................................................
WIND (MPH)
AVERAGE WIND SPEED 6.7
RESULTANT WIND SPEED/DIRECTION 0/190
HIGHEST WIND SPEED/DIRECTION 38/250 DATE 06/14
HIGHEST GUST SPEED/DIRECTION 44/250 DATE 06/14
SKY COVER
POSSIBLE SUNSHINE (PERCENT) MM
AVERAGE SKY COVER 0.70
NUMBER OF DAYS FAIR 1
NUMBER OF DAYS PC 16
NUMBER OF DAYS CLOUDY 13
AVERAGE RH (PERCENT) 70
WEATHER CONDITIONS. NUMBER OF DAYS WITH
THUNDERSTORM 7 MIXED PRECIP 0
HEAVY RAIN 2 RAIN 6
LIGHT RAIN 18 FREEZING RAIN 0
LT FREEZING RAIN 0 HAIL 0
HEAVY SNOW 0 SNOW 0
LIGHT SNOW 0 SLEET 0
FOG 14 FOG W/VIS <= 1/4 MILE 1
HAZE 7
- INDICATES NEGATIVE NUMBERS.
R INDICATES RECORD WAS SET OR TIED.
MM INDICATES DATA IS MISSING.
T INDICATES TRACE AMOUNT.
$$