000
CXUS51 KOKX 290910
CF6BDR
PRELIMINARY LOCAL CLIMATOLOGICAL DATA (WS FORM: F-6)
STATION: BRIDGEPORT CT
MONTH: MARCH
YEAR: 2024
LATITUDE: 41 10 N
LONGITUDE: 73 8 W
TEMPERATURE IN F: :PCPN: SNOW: WIND :SUNSHINE: SKY :PK WND
================================================================================
1 2 3 4 5 6A 6B 7 8 9 10 11 12 13 14 15 16 17 18
12Z AVG MX 2MIN
DY MAX MIN AVG DEP HDD CDD WTR SNW DPTH SPD SPD DIR MIN PSBL S-S WX SPD DR
================================================================================
1 43 26 35 -1 30 0 0.00 0.0 0 6.9 16 190 M M 0 22 220
2 47 38 43 7 22 0 1.32 0.0 0 10.5 25 60 M M 10 1 36 70
3 65 45 55 19 10 0 0.00 0.0 0 8.1 17 320 M M 5 1 24 310
4 52 43 48 11 17 0 0.00 0.0 0 7.8 14 80 M M 6 1 22 80
5 46 42 44 7 21 0 0.20 0.0 0 12.0 18 80 M M 10 1 25 60
6 51 44 48 11 17 0 2.20 0.0 0 7.7 23 80 M M 10 12 42 100
7 56 44 50 13 15 0 0.27 0.0 0 13.7 28 30 M M 10 1 41 30
8 52 39 46 8 19 0 0.00 0.0 0 8.5 18 20 M M 0 25 10
9 44 40 42 4 23 0 1.41 0.0 0 15.7 29 80 M M 9 1 37 70
10 52 36 44 6 21 0 0.36 0.0 0 13.6 26 290 M M 10 1 40 300
11 52 34 43 5 22 0 0.00 0.0 0 16.2 37 300 M M 4 53 280
12 65 38 52 13 13 0 0.00 0.0 0 8.8 23 300 M M 0 32 290
13 57 37 47 8 18 0 0.00 0.0 0 5.0 12 170 M M 0 17 160
14 64 40 52 13 13 0 0.00 0.0 0 5.0 12 90 M M 1 15 90
15 72 45 59 20 6 0 T 0.0 0 8.2 18 340 M M 6 27 340
16 56 39 48 8 17 0 0.00 0.0 0 7.0 20 190 M M 2 27 190
17 63 45 54 14 11 0 T 0.0 0 9.2 22 310 M M 4 34 310
18 51 37 44 4 21 0 0.00 0.0 0 10.6 24 300 M M 5 34 290
19 48 35 42 2 23 0 0.00 0.0 0 12.0 22 310 M M 4 33 290
20 53 33 43 2 22 0 0.07 0.0 0 10.2 29 300 M M 7 43 310
21 43 29 36 -5 29 0 0.00 0.0 0 16.1 28 290 M M 0 42 280
22 40 25 33 -8 32 0 0.00 0.0 0 7.4 15 310 M M 4 22 310
23 44 34 39 -3 26 0 3.31 0.0 0 16.2 31 340 M M 9 18 46 360
24 50 28 39 -3 26 0 0.00 0.0 0 11.9 23 350 M M 0 34 330
25 53 34 44 2 21 0 0.00 0.0 0 12.7 21 40 M M 0 30 30
26 49 38 44 1 21 0 0.00 0.0 0 10.4 17 30 M M 10 27 20
27 48 40 44 1 21 0 0.03 0.0 0 5.1 14 290 M M 9 18 300
28 51 43 47 4 18 0 1.21 0.0 0 7.5 20 350 M M 10 1 30 320
================================================================================
SM 1467 1051 555 0 10.38 0.0 284.0 M 145
================================================================================
AV 52.4 37.5 10.1 FASTST M M 5 MAX(MPH)
MISC ----> 37 300 53 280
================================================================================
NOTES:
# LAST OF SEVERAL OCCURRENCES
COLUMN 17 PEAK WIND IN M.P.H.
PRELIMINARY LOCAL CLIMATOLOGICAL DATA (WS FORM: F-6) , PAGE 2
STATION: BRIDGEPORT CT
MONTH: MARCH
YEAR: 2024
LATITUDE: 41 10 N
LONGITUDE: 73 8 W
[TEMPERATURE DATA] [PRECIPITATION DATA] SYMBOLS USED IN COLUMN 16
AVERAGE MONTHLY: 45.0 TOTAL FOR MONTH: 10.38 1 = FOG OR MIST
DPTR FM NORMAL: 5.6 DPTR FM NORMAL: 6.67 2 = FOG REDUCING VISIBILITY
HIGHEST: 72 ON 15 GRTST 24HR 3.31 ON 23-23 TO 1/4 MILE OR LESS
LOWEST: 25 ON 22 3 = THUNDER
SNOW, ICE PELLETS, HAIL 4 = ICE PELLETS
TOTAL MONTH: 0.0 INCH 5 = HAIL
GRTST 24HR 0.0 6 = FREEZING RAIN OR DRIZZLE
GRTST DEPTH: 0 7 = DUSTSTORM OR SANDSTORM:
VSBY 1/2 MILE OR LESS
8 = SMOKE OR HAZE
[NO. OF DAYS WITH] [WEATHER - DAYS WITH] 9 = BLOWING SNOW
X = TORNADO
MAX 32 OR BELOW: 0 0.01 INCH OR MORE: 10
MAX 90 OR ABOVE: 0 0.10 INCH OR MORE: 8
MIN 32 OR BELOW: 4 0.50 INCH OR MORE: 5
MIN 0 OR BELOW: 0 1.00 INCH OR MORE: 5
[HDD (BASE 65) ]
TOTAL THIS MO. 555 CLEAR (SCALE 0-3) 9
DPTR FM NORMAL -162 PTCLDY (SCALE 4-7) 9
TOTAL FM JUL 1 3948 CLOUDY (SCALE 8-10) 10
DPTR FM NORMAL -470
[CDD (BASE 65) ]
TOTAL THIS MO. 0
DPTR FM NORMAL 0 [PRESSURE DATA]
TOTAL FM JAN 1 0 HIGHEST SLP M ON M
DPTR FM NORMAL 0 LOWEST SLP 29.30 ON 10
[REMARKS]