000
CXUS51 KOKX 012046
CF6BDR
PRELIMINARY LOCAL CLIMATOLOGICAL DATA (WS FORM: F-6)
STATION: BRIDGEPORT CT
MONTH: MARCH
YEAR: 2020
LATITUDE: 41 10 N
LONGITUDE: 73 8 W
TEMPERATURE IN F: :PCPN: SNOW: WIND :SUNSHINE: SKY :PK WND
================================================================================
1 2 3 4 5 6A 6B 7 8 9 10 11 12 13 14 15 16 17 18
12Z AVG MX 2MIN
DY MAX MIN AVG DEP HDD CDD WTR SNW DPTH SPD SPD DIR MIN PSBL S-S WX SPD DR
================================================================================
1 43 22 33 -2 32 0 0.00 0.0 0 9.0 22 290 M M 1 32 290
2 54 28 41 6 24 0 0.01 0.0 0 6.8 16 200 M M 3 21 190
3 56 40 48 12 17 0 0.31 0.0 0 6.1 21 280 M M 5 1 33 270
4 56 44 50 14 15 0 T 0.0 0 14.0 26 280 M M 3 40 280
5 50 35 43 7 22 0 0.00 0.0 0 8.5 18 210 M M 1 22 210
6 46 33 40 4 25 0 0.01 0.0 0 10.5 24 50 M M 6 33 40
7 46 33 40 3 25 0 0.00 0.0 0 13.9 26 350 M M 1 37 360
8 53 31 42 5 23 0 0.00 0.0 0 6.9 18 220 M M 3 23 220
9 63 40 52 15 13 0 0.00 0.0 0 9.1 18 190 M M 0 23 190
10 59 41 50 13 15 0 T 0.0 0 6.8 20 300 M M 5 26 300
11 57 39 48 10 17 0 0.00 0.0 0 6.8 20 300 M M 2 29 300
12 46 37 42 4 23 0 0.13 0.0 0 10.3 18 70 M M 7 1 23 70
13 69 42 56 18 9 0 0.47 0.0 0 11.5 26 310 M M 6 18 37 290
14 57 40 49 11 16 0 0.00 0.0 0 11.2 23 310 M M 2 31 310
15 54 38 46 7 19 0 0.00 0.0 0 9.5 18 350 M M 5 25 360
16 42 30 36 -3 29 0 0.00 0.0 0 12.1 18 90 M M 2 22 40
17 48 39 44 5 21 0 0.15 0.0 0 5.9 13 130 M M 8 1 16 130
18 52 32 42 2 23 0 0.01 0.0 0 6.5 15 200 M M 0 19 310
19 50 41 46 6 19 0 0.91 0.0 0 9.9 21 30 M M 10 1 27 30
20 68 45 57 17 8 0 T 0.0 0 4.9 20 350 M M 8 12 27 340
21 62 38 50 9 15 0 0.00 0.0 0 12.1 26 350 M M 0 36 350
22 41 31 36 -5 29 0 0.00 0.0 0 12.0 16 20 M M 4 22 10
23 44 36 40 -1 25 0 1.28 T 0 20.6 32 70 M M 9 1 40 70
24 53 35 44 2 21 0 0.00 0.0 0 9.5 17 350 M M 3 24 360
25 46 38 42 0 23 0 0.01 0.0 0 11.3 22 80 M M 7 1 26 80
26 55 34 45 3 20 0 0.00 0.0 0 8.6 17 190 M M 0 23 190
27 66 44 55 12 10 0 0.00 0.0 0 8.4 22 340 M M 3 30 340
28 48 42 45 2 20 0 0.23 0.0 0 12.5 22 70 M M 6 1 28 70
29 48 44 46 3 19 0 0.43 0.0 0 18.1 29 70 M M 10 13 35 70
30 47 41 44 0 21 0 T 0.0 0 8.2 18 10 M M 10 26 20
31 46 40 43 -1 22 0 T 0.0 0 7.8 14 130 M M 10 16 130
================================================================================
SM 1625 1153 620 0 3.95 T 309.3 M 140
================================================================================
AV 52.4 37.2 10.0 FASTST M M 5 MAX(MPH)
MISC ----> # 32 70 # 40 280
================================================================================
NOTES:
# LAST OF SEVERAL OCCURRENCES
COLUMN 17 PEAK WIND IN M.P.H.
PRELIMINARY LOCAL CLIMATOLOGICAL DATA (WS FORM: F-6) , PAGE 2
STATION: BRIDGEPORT CT
MONTH: MARCH
YEAR: 2020
LATITUDE: 41 10 N
LONGITUDE: 73 8 W
[TEMPERATURE DATA] [PRECIPITATION DATA] SYMBOLS USED IN COLUMN 16
AVERAGE MONTHLY: 44.8 TOTAL FOR MONTH: 3.95 1 = FOG OR MIST
DPTR FM NORMAL: 5.5 DPTR FM NORMAL: -0.10 2 = FOG REDUCING VISIBILITY
HIGHEST: 69 ON 13 GRTST 24HR 1.28 ON 23-23 TO 1/4 MILE OR LESS
LOWEST: 22 ON 1 3 = THUNDER
SNOW, ICE PELLETS, HAIL 4 = ICE PELLETS
TOTAL MONTH: T 5 = HAIL
GRTST 24HR T ON 23-23 6 = FREEZING RAIN OR DRIZZLE
GRTST DEPTH: 0 7 = DUSTSTORM OR SANDSTORM:
VSBY 1/2 MILE OR LESS
8 = SMOKE OR HAZE
[NO. OF DAYS WITH] [WEATHER - DAYS WITH] 9 = BLOWING SNOW
X = TORNADO
MAX 32 OR BELOW: 0 0.01 INCH OR MORE: 12
MAX 90 OR ABOVE: 0 0.10 INCH OR MORE: 8
MIN 32 OR BELOW: 6 0.50 INCH OR MORE: 2
MIN 0 OR BELOW: 0 1.00 INCH OR MORE: 1
[HDD (BASE 65) ]
TOTAL THIS MO. 620 CLEAR (SCALE 0-3) 11
DPTR FM NORMAL -177 PTCLDY (SCALE 4-7) 15
TOTAL FM JUL 1 4089 CLOUDY (SCALE 8-10) 5
DPTR FM NORMAL -595
[CDD (BASE 65) ]
TOTAL THIS MO. 0
DPTR FM NORMAL 0 [PRESSURE DATA]
TOTAL FM JAN 1 0 HIGHEST SLP 30.72 ON 22
DPTR FM NORMAL 0 LOWEST SLP 29.38 ON 3
[REMARKS]
#FINAL-03-20#