000
CXUS51 KOKX 020026 RRB
CLMBDR
NYCCLMBDR 000
TTAA00 OKX 020023
CLIMATE REPORT
NATIONAL WEATHER SERVICE NEW YORK, NY
823 PM EDT MON MAY 01 2023
...................................
...THE BRIDGEPORT CT CLIMATE SUMMARY FOR THE MONTH OF APRIL 2023...
CLIMATE NORMAL PERIOD 1991 TO 2020
CLIMATE RECORD PERIOD 1948 TO 2023
WEATHER OBSERVED NORMAL DEPART LAST YEAR`S
VALUE DATE(S) VALUE FROM VALUE DATE(S)
NORMAL
................................................................
TEMPERATURE (F)
RECORD
HIGH 91 04/28/1990
LOW 18 04/07/1982
HIGHEST 87 04/14 MM MM 71 04/12
LOWEST 30 04/03 MM MM 34 04/05
AVG. MAXIMUM 60.2 58.3 1.9 57.1
AVG. MINIMUM 43.9 41.7 2.2 41.3
MEAN 52.0 50.0 2.0 49.2
DAYS MAX >= 90 0 0.0 0.0 0
DAYS MAX <= 32 0 0.0 0.0 0
DAYS MIN <= 32 1 2.3 -1.3 0
DAYS MIN <= 0 0 0.0 0.0 0
PRECIPITATION (INCHES)
RECORD
MAXIMUM 10.72 1983
MINIMUM 0.69 1985
TOTALS 4.41 4.16 0.25 2.75
DAILY AVG. 0.15 0.14 0.01 0.09
DAYS >= .01 10 11.4 -1.4 14
DAYS >= .10 5 6.8 -1.8 7
DAYS >= .50 3 2.5 0.5 0
DAYS >= 1.00 2 1.0 1.0 0
GREATEST
24 HR. TOTAL 2.24 04/22 TO 04/23 0.82 04/07 TO 04/08
STORM TOTAL 2.15 0.48
(MM/DD(HH)) MM
SNOWFALL (INCHES)
TOTALS 0.0 0.9 -0.9 0.0
LIQUID EQUIV 0.00 0.00 0.00 0.00
SINCE 7/1 4.9 33.6 -28.7 MM
LIQUID 7/1 0.49 3.30 -2.81 MM
SNOWDEPTH AVG. 0 0
DAYS >= TRACE 0 0.0 0.0 0
DAYS >= 1.0 0 0.0 0.0 0
GREATEST
SNOW DEPTH 0 0 MM
24 HR TOTAL MM MM
STORM TOTAL 0.0 0.0
(MM/DD(HH)) MM
DEGREE DAYS
HEATING TOTAL 394 452 -58 467
SINCE 7/1 4398 4932 -534 MM
COOLING TOTAL 11 2 9 0
SINCE 1/1 11 2 9 MM
................................................................
WIND (MPH)
AVERAGE WIND SPEED 9.8
HIGHEST WIND SPEED/DIRECTION 36/300 DATE 04/02
HIGHEST GUST SPEED/DIRECTION 47/290 DATE 04/02
WEATHER CONDITIONS. NUMBER OF DAYS WITH
THUNDERSTORM 4 MIXED PRECIP 0
HEAVY RAIN 5 RAIN 5
LIGHT RAIN 12 FREEZING RAIN 0
LT FREEZING RAIN 0 HAIL 0
HEAVY SNOW 0 SNOW 0
LIGHT SNOW 0 SLEET 0
FOG 13 FOG W/VIS <= 1/4 MILE 4
HAZE 2
- INDICATES NEGATIVE NUMBERS.
R INDICATES RECORD WAS SET OR TIED.
MM INDICATES DATA IS MISSING.
T INDICATES TRACE AMOUNT.
$$