000
CXUS53 KIWX 010910
CF6BEH
PRELIMINARY LOCAL CLIMATOLOGICAL DATA (WS FORM: F-6)
STATION: BENTON HARBOR
MONTH: FEBRUARY
YEAR: 2021
LATITUDE: 42 7 N
LONGITUDE: 86 26 W
TEMPERATURE IN F: :PCPN: SNOW: WIND :SUNSHINE: SKY :PK WND
================================================================================
1 2 3 4 5 6A 6B 7 8 9 10 11 12 13 14 15 16 17 18
12Z AVG MX 2MIN
DY MAX MIN AVG DEP HDD CDD WTR SNW DPTH SPD SPD DIR MIN PSBL S-S WX SPD DR
================================================================================
1 34 27 31 4 34 0 0.00 M M 6.3 13 360 M M 6 24 20
2 36 26 31 4 34 0 T M M 5.5 13 360 M M 7 8 25 340
3 35 12 24 -3 41 0 0.00 0.0 M 3.9 12 270 M M 3 1 17 300
4 36 26 31 4 34 0 0.09 M M 13.6 36 270 M M 5 128 45 250
5 29 15 22 -5 43 0 0.01 M M 27.3 39 260 M M 10 18 53 270
6 18 15 17 -10 48 0 0.07 M M 15.7 29 280 M M 10 18 36 290
7 16 6 11 -16 54 0 T M M 10.5 20 290 M M 10 8 28 300
8 17 6 12 -16 53 0 0.02 M M 5.0 13 150 M M 10 18 16 160
9 20 7 14 -14 51 0 0.01 M M 3.5 7 320 M M 9 18 13 340
10 22 3 13 -15 52 0 T M M 2.7 9 120 M M 9 8 12 50
11 23 14 19 -9 46 0 T M M 7.1 15 70 M M 8 8 21 60
12 25 16 21 -7 44 0 0.02 M M 5.2 12 340 M M 10 18 19 330
13 26 19 23 -5 42 0 0.05 M M 6.0 17 310 M M 10 128 33 340
14 20 12 16 -13 49 0 0.03 M M 7.1 15 310 M M 10 18 24 330
15 16 9 13 -16 52 0 0.16 M M 7.1 14 60 M M 9 18 22 30
16 20 -4 8 -21 57 0 0.05 M M 4.6 12 30 M M 6 128 23 70
17 21 -6 8 -21 57 0 0.00 M M 5.0 12 140 M M 4 14 150
18 25 10 18 -11 47 0 T M M 3.6 12 90 M M 10 18 16 60
19 22 6 14 -16 51 0 0.02 M M 9.2 21 280 M M 9 128 26 280
20 26 16 21 -9 44 0 T M M 7.7 16 290 M M 6 8 21 270
21 35 12 24 -6 41 0 0.01 M M 12.1 22 140 M M 3 18 33 130
22 40 29 35 5 30 0 0.02 M M 17.4 28 270 M M 8 18 37 280
23 43 35 39 8 26 0 0.00 M M 13.9 25 240 M M 4 37 240
24 46 26 36 5 29 0 0.00 M M 9.6 22 240 M M 2 1 30 230
25 37 21 29 -2 36 0 0.00 M M 5.4 20 270 M M 2 12 24 270
26 43 18 31 -1 34 0 T M M 9.3 18 130 M M 2 18 28 140
27 49 34 42 10 23 0 0.15 M M 7.7 16 230 M M 3 18 22 240
28 55 36 46 14 19 0 0.03 M M 10.8 23 270 M M 7 18 34 250
================================================================================
SM 835 446 1171 0 0.74 0.0 242.8 M 192
================================================================================
AV 29.8 15.9 8.7 FASTST M M 7 MAX(MPH)
MISC ----> 39 260 53 270
================================================================================
NOTES:
# LAST OF SEVERAL OCCURRENCES
COLUMN 17 PEAK WIND IN M.P.H.
PRELIMINARY LOCAL CLIMATOLOGICAL DATA (WS FORM: F-6) , PAGE 2
STATION: BENTON HARBOR
MONTH: FEBRUARY
YEAR: 2021
LATITUDE: 42 7 N
LONGITUDE: 86 26 W
[TEMPERATURE DATA] [PRECIPITATION DATA] SYMBOLS USED IN COLUMN 16
AVERAGE MONTHLY: 22.9 TOTAL FOR MONTH: 0.74 1 = FOG OR MIST
DPTR FM NORMAL: -6.0 DPTR FM NORMAL: -0.91 2 = FOG REDUCING VISIBILITY
HIGHEST: 55 ON 28 GRTST 24HR 0.21 ON 15-16 TO 1/4 MILE OR LESS
LOWEST: -6 ON 17 3 = THUNDER
SNOW, ICE PELLETS, HAIL 4 = ICE PELLETS
TOTAL MONTH: 0.0 INCH 5 = HAIL
GRTST 24HR 0.0 6 = FREEZING RAIN OR DRIZZLE
GRTST DEPTH: M ON M 7 = DUSTSTORM OR SANDSTORM:
VSBY 1/2 MILE OR LESS
8 = SMOKE OR HAZE
[NO. OF DAYS WITH] [WEATHER - DAYS WITH] 9 = BLOWING SNOW
X = TORNADO
MAX 32 OR BELOW: 16 0.01 INCH OR MORE: 15
MAX 90 OR ABOVE: 0 0.10 INCH OR MORE: 2
MIN 32 OR BELOW: 25 0.50 INCH OR MORE: 0
MIN 0 OR BELOW: 2 1.00 INCH OR MORE: 0
[HDD (BASE 65) ]
TOTAL THIS MO. 1171 CLEAR (SCALE 0-3) 5
DPTR FM NORMAL 162 PTCLDY (SCALE 4-7) 10
TOTAL FM JUL 1 4288 CLOUDY (SCALE 8-10) 13
DPTR FM NORMAL -197
[CDD (BASE 65) ]
TOTAL THIS MO. 0
DPTR FM NORMAL 0 [PRESSURE DATA]
TOTAL FM JAN 1 0 HIGHEST SLP 30.48 ON 11
DPTR FM NORMAL 0 LOWEST SLP 29.28 ON 4
[REMARKS]
#FINAL-02-21#