000
CXUS51 KCTP 010800
CLMBFD
CLIMATE REPORT
NATIONAL WEATHER SERVICE STATE COLLEGE PA
400 AM EDT MON MAY 01 2023
...................................
...THE BRADFORD CLIMATE SUMMARY FOR THE MONTH OF APRIL 2023...
CLIMATE NORMAL PERIOD 1991 TO 2020
CLIMATE RECORD PERIOD 1957 TO 2023
WEATHER OBSERVED NORMAL DEPART LAST YEAR`S
VALUE DATE(S) VALUE FROM VALUE DATE(S)
NORMAL
................................................................
TEMPERATURE (F)
RECORD
HIGH 86 04/14/2023
LOW 6 04/07/1982
04/01/1964
HIGHEST 86R 04/14 85 04/24
LOWEST 22 04/08 25 04/11
04/18
AVG. MAXIMUM 62.6 56.1 6.5 55.7
AVG. MINIMUM 37.0 33.6 3.4 34.6
MEAN 49.8 44.9 4.9 45.2
DAYS MAX >= 90 0 0.0 0.0 0
DAYS MAX <= 32 0 1.0 -1.0 0
DAYS MIN <= 32 13 15.9 -2.9 17
DAYS MIN <= 0 0 0.0 0.0 0
PRECIPITATION (INCHES)
RECORD
MAXIMUM 7.62 2011
MINIMUM 0.59 2010
TOTALS 2.41 3.55 -1.14 3.81
DAILY AVG. 0.08 0.12 -0.04 0.13
DAYS >= .01 13 14.6 -1.6 19
DAYS >= .10 8 9.0 -1.0 8
DAYS >= .50 1 2.4 -1.4 2
DAYS >= 1.00 0 0.4 -0.4 1
GREATEST
24 HR. TOTAL 0.49 04/01 TO 04/01 1.10 04/25 TO 04/26
DEGREE DAYS
HEATING TOTAL 457 606 -149 591
SINCE 7/1 5788 6799 -1011 MM
COOLING TOTAL 10 2 8 6
SINCE 1/1 10 2 8 MM
................................................................
WIND (MPH)
AVERAGE WIND SPEED 6.9
HIGHEST WIND SPEED/DIRECTION 29/300 DATE 04/01
HIGHEST GUST SPEED/DIRECTION 45/290 DATE 04/01
SKY COVER
POSSIBLE SUNSHINE (PERCENT) MM
AVERAGE SKY COVER 0.48
NUMBER OF DAYS FAIR 12
NUMBER OF DAYS PC 10
NUMBER OF DAYS CLOUDY 8
AVERAGE RH (PERCENT) 58
WEATHER CONDITIONS. NUMBER OF DAYS WITH
THUNDERSTORM 3 MIXED PRECIP 0
HEAVY RAIN 5 RAIN 7
LIGHT RAIN 16 FREEZING RAIN 0
LT FREEZING RAIN 1 HAIL 0
HEAVY SNOW 0 SLEET 0
FOG 14 FOG W/VIS <= 1/4 MILE 1
HAZE 5
- INDICATES NEGATIVE NUMBERS.
R INDICATES RECORD WAS SET OR TIED.
MM INDICATES DATA IS MISSING.
T INDICATES TRACE AMOUNT.
$$