000
CXUS55 KCYS 022218 CCA
CF6BFF
PRELIMINARY LOCAL CLIMATOLOGICAL DATA (WS FORM: F-6)...CORRECTED
STATION: SCOTTSBLUFF NE AIRPORT
MONTH: FEBRUARY
YEAR: 2023
LATITUDE: 41 52 N
LONGITUDE: 103 36 W
TEMPERATURE IN F: :PCPN: SNOW: WIND :SUNSHINE: SKY :PK WND
================================================================================
1 2 3 4 5 6A 6B 7 8 9 10 11 12 13 14 15 16 17 18
12Z AVG MX 2MIN
DY MAX MIN AVG DEP HDD CDD WTR SNW DPTH SPD SPD DIR MIN PSBL S-S WX SPD DR
================================================================================
1 37 6 22 -7 43 0 0.00 0.0 9 8.7 18 280 M M 0 26 260
2 34 13 24 -5 41 0 0.00 0.0 7 5.9 16 360 M M 0 19 10
3 47 10 29 0 36 0 0.00 0.0 6 12.0 28 290 M M 0 42 270
4 47 26 37 8 28 0 0.00 0.0 4 10.1 24 270 M M 0 32 250
5 43 23 33 4 32 0 0.00 0.0 3 8.0 21 140 M M 0 24 150
6 39 25 32 3 33 0 0.00 0.0 3 11.7 23 310 M M 5 34 310
7 46 21 34 5 31 0 0.00 0.0 2 5.4 9 240 M M 0 13 270
8 46 24 35 6 30 0 T T 2 11.3 26 340 M M 1 38 330
9 33 17 25 -5 40 0 T T 2 16.3 32 330 M M 7 44 330
10 49 12 31 1 34 0 0.00 0.0 2 5.4 14 270 M M 0 19 260
11 51 20 36 6 29 0 0.00 0.0 1 3.3 10 290 M M 0 11 300
12 48 25 37 7 28 0 0.00 0.0 1 6.2 14 290 M M 0 18 270
13 52 20 36 6 29 0 0.00 0.0 1 3.4 14 110 M M 0 17 110
14 45 20 33 3 32 0 T T 1 18.7 36 300 M M 4 18 49 310
15 22 13 18 -12 47 0 0.01 0.4 1 13.2 24 340 M M 10 8 33 350
16 36 9 23 -8 42 0 0.00 0.0 1 9.9 21 300 M M 1 27 300
17 52 16 34 3 31 0 0.00 0.0 1 9.2 32 280 M M 0 47 310
18 51 27 39 8 26 0 0.00 0.0 T 8.4 29 270 M M 0 39 300
19 45 27 36 5 29 0 T 0.0 T 14.6 35 280 M M 2 8 48 280
20 54 30 42 10 23 0 T 0.0 0 18.5 39 280 M M 5 54 270
21 52 9 31 -1 34 0 0.07 1.0 1 14.1 40 30 M M 7 50 40
22 9 -13 -2 -34 67 0 0.29 4.4 5 14.1 23 30 M M 10 18 29 30
23 5 -20 -7 -39 72 0 0.00 0.0 4 8.3 20 120 M M 3 23 110
24 23 -3 10 -23 55 0 0.00 0.0 3 10.7 21 120 M M 4 8 25 110
25 44 5 25 -8 40 0 0.00 0.0 3 6.5 13 50 M M 0 14 60
26 45 20 33 0 32 0 0.00 0.0 2 7.3 23 300 M M 0 34 300
27 50 29 40 6 25 0 0.00 0.0 2 12.5 24 290 M M 0 37 300
28 49 30 40 6 25 0 0.00 0.0 T 17.2 36 260 M M 2 52 280
================================================================================
SM 1154 441 1014 0 0.37 5.8 290.9 M 61
================================================================================
AV 41.2 15.8 10.4 FASTST M M 2 MAX(MPH)
MISC ----> 40 30 54 270
================================================================================
NOTES:
# LAST OF SEVERAL OCCURRENCES
COLUMN 17 PEAK WIND IN M.P.H.
PRELIMINARY LOCAL CLIMATOLOGICAL DATA (WS FORM: F-6) , PAGE 2
STATION: SCOTTSBLUFF NE AIRPORT
MONTH: FEBRUARY
YEAR: 2023
LATITUDE: 41 52 N
LONGITUDE: 103 36 W
[TEMPERATURE DATA] [PRECIPITATION DATA] SYMBOLS USED IN COLUMN 16
AVERAGE MONTHLY: 28.5 TOTAL FOR MONTH: 0.37 1 = FOG OR MIST
DPTR FM NORMAL: -2.3 DPTR FM NORMAL: -0.19 2 = FOG REDUCING VISIBILITY
HIGHEST: 54 ON 20 GRTST 24HR 0.30 ON 21-22 TO 1/4 MILE OR LESS
LOWEST: -20 ON 23 3 = THUNDER
SNOW, ICE PELLETS, HAIL 4 = ICE PELLETS
TOTAL MONTH: 5.8 INCHES 5 = HAIL
GRTST 24HR 4.4 ON 22-22 6 = FREEZING RAIN OR DRIZZLE
GRTST DEPTH: 10 ON M 7 = DUSTSTORM OR SANDSTORM:
VSBY 1/2 MILE OR LESS
8 = SMOKE OR HAZE
[NO. OF DAYS WITH] [WEATHER - DAYS WITH] 9 = BLOWING SNOW
X = TORNADO
MAX 32 OR BELOW: 4 0.01 INCH OR MORE: 3
MAX 90 OR ABOVE: 0 0.10 INCH OR MORE: 1
MIN 32 OR BELOW: 28 0.50 INCH OR MORE: 0
MIN 0 OR BELOW: 3 1.00 INCH OR MORE: 0
[HDD (BASE 65) ]
TOTAL THIS MO. 1014 CLEAR (SCALE 0-3) 20
DPTR FM NORMAL 57 PTCLDY (SCALE 4-7) 6
TOTAL FM JUL 1 4965 CLOUDY (SCALE 8-10) 2
DPTR FM NORMAL 256
[CDD (BASE 65) ]
TOTAL THIS MO. 0
DPTR FM NORMAL 0 [PRESSURE DATA]
TOTAL FM JAN 1 0 HIGHEST SLP 30.58 ON 23
DPTR FM NORMAL 0 LOWEST SLP 29.22 ON 14
[REMARKS]
#FINAL-02-23#
USED COOP BACKUP FOR SNOWFALL AND SNOW DEPTH ON ALL DATES.
FEBRUARY 23...RECORD LOW TEMPERATURE -20F (PREVIOUS -13F IN 1993)
TIED RECORD LOW MAXIMUM TEMPERATURE 5F PREVIOUSLY SET IN 2022