000
CXUS46 KHNX 050656
CLMBFL
CLIMATE REPORT
NATIONAL WEATHER SERVICE
1056 PM PST SUN FEB 04 2024
...................................
...THE BAKERSFIELD CA CLIMATE SUMMARY FOR THE MONTH OF JANUARY 2024...
CLIMATE NORMAL PERIOD 1991 TO 2020
CLIMATE RECORD PERIOD 1889 TO 2024
WEATHER OBSERVED NORMAL DEPART LAST YEAR`S
VALUE DATE(S) VALUE FROM VALUE DATE(S)
NORMAL
................................................................
TEMPERATURE (F)
RECORD
HIGH 82 01/02/2012
01/31/1984
01/16/1923
LOW 14 01/07/1913
HIGHEST 76 01/29 MM MM 70 01/04
01/30
01/31
01/12
LOWEST 32 01/09 MM MM 34 01/24
01/12
MEAN 51.5 49.5 2.0
DAYS MAX >= 90 0 0.0 0.0 0
DAYS MIN <= 32 2 3.5 -1.5 0
PRECIPITATION (INCHES)
RECORD
MAXIMUM 3.90 1999
MINIMUM T 1972
TOTALS 1.65 1.19 0.46
DAYS >= .01 9 6.3 2.7 13
DAYS >= .10 5 3.5 1.5 8
DAYS >= .50 1 0.5 0.5 1
DAYS >= 1.00 0 0.1 -0.1 0
GREATEST
24 HR. TOTAL 0.78 01/22 TO 01/23
SNOWFALL (INCHES)
RECORDS
TOTAL 3.0 1999
TOTALS 0.0 0.1
DEGREE DAYS
HEATING TOTAL 409 481 -72 443
SINCE 7/1 980 1288 -308 MM
COOLING TOTAL 0 0 0 0
SINCE 1/1 0 0 0 MM
................................................................
WIND (MPH)
AVERAGE WIND SPEED 4.3
HIGHEST WIND SPEED/DIRECTION 37/150 DATE 01/31
HIGHEST GUST SPEED/DIRECTION 52/160 DATE 01/31
AVERAGE RH (PERCENT) 74
WEATHER CONDITIONS. NUMBER OF DAYS WITH
THUNDERSTORM 0 RAIN 5
HAIL 0 FOG 24
FOG W/VIS <= 1/4 MILE 9 HAZE 19
- INDICATES NEGATIVE NUMBERS.
R INDICATES RECORD WAS SET OR TIED.
MM INDICATES DATA IS MISSING.
T INDICATES TRACE AMOUNT.
$$