000
CXUS46 KHNX 011207
CLMBFL
CLIMATE REPORT
NATIONAL WEATHER SERVICE
407 AM PST FRI DEC 01 2023
...................................
...THE BAKERSFIELD CA CLIMATE SUMMARY FOR THE MONTH OF NOVEMBER 2023...
CLIMATE NORMAL PERIOD 1991 TO 2020
CLIMATE RECORD PERIOD 1889 TO 2023
WEATHER OBSERVED NORMAL DEPART LAST YEAR`S
VALUE DATE(S) VALUE FROM VALUE DATE(S)
NORMAL
................................................................
TEMPERATURE (F)
RECORD
HIGH 95 11/03/1921
LOW 22 11/24/1931
11/23/1931
HIGHEST 83 11/05 MM MM 79 11/24
LOWEST 36 11/26 MM MM 35 11/20
MEAN 58.9 56.3 2.6
DAYS MAX >= 90 0 0.0 0.0 0
DAYS MIN <= 32 0 0.7 -0.7 0
PRECIPITATION (INCHES)
RECORD
MAXIMUM 3.04 1960
MINIMUM 0.00 1992
TOTALS 0.02 0.51 -0.49
DAYS >= .01 2 3.6 -1.6 6
DAYS >= .10 0 1.5 -1.5 3
DAYS >= .50 0 0.2 -0.2 0
DAYS >= 1.00 0 0.0 0.0 0
GREATEST
24 HR. TOTAL 0.01 11/18 TO 11/18
11/07 TO 11/07
11/18 TO 11/18
SNOWFALL (INCHES)
RECORDS
TOTAL T 2003
TOTALS 0.0 0.0
DEGREE DAYS
HEATING TOTAL 189 269 -80 344
SINCE 7/1 223 318 -95 MM
COOLING TOTAL 12 6 6 0
SINCE 1/1 2487 2425 62 MM
................................................................
WIND (MPH)
AVERAGE WIND SPEED 4.7
HIGHEST WIND SPEED/DIRECTION 31/150 DATE 11/15
HIGHEST GUST SPEED/DIRECTION 42/150 DATE 11/15
AVERAGE RH (PERCENT) 47
WEATHER CONDITIONS. NUMBER OF DAYS WITH
THUNDERSTORM 0 RAIN 0
HAIL 0 FOG 4
FOG W/VIS <= 1/4 MILE 0 HAZE 30
- INDICATES NEGATIVE NUMBERS.
R INDICATES RECORD WAS SET OR TIED.
MM INDICATES DATA IS MISSING.
T INDICATES TRACE AMOUNT.
$$