000
CXUS46 KHNX 021643
CLMBFL
CLIMATE REPORT
NATIONAL WEATHER SERVICE
943 AM PDT SUN JUL 02 2023
...................................
...THE BAKERSFIELD CA CLIMATE SUMMARY FOR THE MONTH OF JUNE 2023...
CLIMATE NORMAL PERIOD 1991 TO 2020
CLIMATE RECORD PERIOD 1889 TO 2023
WEATHER OBSERVED NORMAL DEPART LAST YEAR`S
VALUE DATE(S) VALUE FROM VALUE DATE(S)
NORMAL
................................................................
TEMPERATURE (F)
RECORD
HIGH 114 06/28/1976
LOW 38 06/07/1914
06/02/1908
06/12/1907
HIGHEST 104 06/30 MM MM 105 06/25
06/26
06/27
LOWEST 53 06/20 MM MM 53 06/18
MEAN 74.9 78.7 -3.8
DAYS MAX >= 90 11 20.0 -9.0 23
DAYS MIN <= 32 0 0.0 0.0 0
PRECIPITATION (INCHES)
RECORD
MAXIMUM 1.11 1972
MINIMUM 0.00 2018
TOTALS 0.37 0.05 0.32
DAYS >= .01 2 0.4 1.6 1
DAYS >= .10 2 0.2 1.8 0
DAYS >= .50 0 0.0 0.0 0
DAYS >= 1.00 0 0.0 0.0 0
GREATEST
24 HR. TOTAL 0.37 06/06 TO 06/07
SNOWFALL (INCHES)
RECORDS
TOTAL 0.0 MM
TOTALS 0.0 0.0
DEGREE DAYS
HEATING TOTAL 0 2 -2 0
SINCE 7/1 2287 1956 331 MM
COOLING TOTAL 303 413 -110 499
SINCE 1/1 617 703 -86 MM
................................................................
WIND (MPH)
AVERAGE WIND SPEED 6.9
HIGHEST WIND SPEED/DIRECTION 26/300 DATE 06/22
HIGHEST GUST SPEED/DIRECTION 35/300 DATE 06/22
AVERAGE RH (PERCENT) 47
WEATHER CONDITIONS. NUMBER OF DAYS WITH
THUNDERSTORM 1 RAIN 1
HAIL 0 FOG 3
FOG W/VIS <= 1/4 MILE 0 HAZE 26
- INDICATES NEGATIVE NUMBERS.
R INDICATES RECORD WAS SET OR TIED.
MM INDICATES DATA IS MISSING.
T INDICATES TRACE AMOUNT.
$$