000
CXUS51 KBGM 011009
CLABGM
CLIMATE REPORT
NATIONAL WEATHER SERVICE BINGHAMTON, NY
509 AM EST SUN JAN 01 2023
...................................
...THE BINGHAMTON NY CLIMATE SUMMARY FOR THE YEAR OF 2022...
CLIMATE NORMAL PERIOD 1991 TO 2020
CLIMATE RECORD PERIOD 1951 TO 2022
WEATHER OBSERVED NORMAL DEPART LAST YEAR`S
VALUE DATE(S) VALUE FROM VALUE DATE(S)
NORMAL
................................................................
TEMPERATURE (F)
RECORD
HIGH 98 07/16/1988
LOW -20 01/15/1957
HIGHEST 92 08/04 54 38 91 06/29
LOWEST -10 01/22 38 -48 2 02/08
AVG. MAXIMUM 55.8 54.8 1.0 55.9
AVG. MINIMUM 38.0 37.8 0.2 40.2
MEAN 46.9 46.3 0.6 48.1
DAYS MAX >= 90 3 2.2 0.8 MM
DAYS MAX <= 32 58 58.6 -0.6 MM
DAYS MIN <= 32 142 141.8 0.2 MM
DAYS MIN <= 0 9 5.7 3.3 MM
PRECIPITATION (INCHES)
RECORD
MAXIMUM 68.05 2011
MINIMUM 30.26 1981
TOTALS 45.58 42.04 3.54 51.85
DAILY AVG. 0.12 0.12 0.00 0.14
DAYS >= .01 150 164.1 -14.1 MM
DAYS >= .10 89 86.7 2.3 MM
DAYS >= .50 29 26.0 3.0 MM
DAYS >= 1.00 9 7.9 1.1 MM
GREATEST
24 HR. TOTAL 2.57 09/05 TO 09/06 2.49 10/26 TO 10/26
STORM TOTAL 2.53 2.49
(MM/DD(HH)) MM
SNOWFALL (INCHES)
RECORDS
TOTAL 134.0 1995
24 HR TOTAL 40.0 12/16/2020 TO 12/17/2020
SNOW DEPTH 39 12/17/2020
TOTALS 92.5 86.5 6.0 67.5
SINCE 7/1 24.8 25.9 -1.1 MM
SNOWDEPTH AVG. 2 1
DAYS >= TRACE 91 64.5 26.5 MM
DAYS >= 1.0 21 25.0 -4.0 MM
GREATEST
SNOW DEPTH 14 04/19 18 02/24
02/23
24 HR TOTAL 14.2 04/18 TO 04/19 5.1 02/01 TO 02/02
STORM TOTAL 14.2 4.8
(MM/DD(HH)) MM
DEGREE DAYS
HEATING TOTAL 6933 7162 -229 6548
SINCE 7/1 2520 2700 -180 MM
COOLING TOTAL 466 383 83 515
SINCE 1/1 466 384 82 MM
FREEZE DATES
RECORD
EARLIEST 09/20/1993
LATEST 05/25/1956
EARLIEST 10/18
LATEST 04/29
................................................................
WIND (MPH)
AVERAGE WIND SPEED 8.2
RESULTANT WIND SPEED/DIRECTION 3/260
HIGHEST WIND SPEED/DIRECTION 41/280 DATE 03/07
HIGHEST GUST SPEED/DIRECTION 48/280 DATE 02/19
SKY COVER
POSSIBLE SUNSHINE (PERCENT) MM
AVERAGE SKY COVER 0.48
NUMBER OF DAYS FAIR 148
NUMBER OF DAYS PC 121
NUMBER OF DAYS CLOUDY 94
AVERAGE RH (PERCENT) 71
WEATHER CONDITIONS. NUMBER OF DAYS WITH
THUNDERSTORM 26 MIXED PRECIP 0
HEAVY RAIN 42 RAIN 57
LIGHT RAIN 138 FREEZING RAIN 5
LT FREEZING RAIN 8 HAIL 2
HEAVY SNOW 10 SNOW 21
LIGHT SNOW 86 SLEET 0
FOG 184 FOG W/VIS <= 1/4 MILE 50
HAZE 31
- INDICATES NEGATIVE NUMBERS.
R INDICATES RECORD WAS SET OR TIED.
MM INDICATES DATA IS MISSING.
T INDICATES TRACE AMOUNT.
$$