000
CXUS51 KBGM 010546
CLMBGM
CLIMATE REPORT
NATIONAL WEATHER SERVICE BINGHAMTON, NY
146 AM EDT SAT JUL 01 2023
...................................
...THE BINGHAMTON NY CLIMATE SUMMARY FOR THE MONTH OF JUNE 2023...
CLIMATE NORMAL PERIOD 1991 TO 2020
CLIMATE RECORD PERIOD 1951 TO 2023
WEATHER OBSERVED NORMAL DEPART LAST YEAR`S
VALUE DATE(S) VALUE FROM VALUE DATE(S)
NORMAL
................................................................
TEMPERATURE (F)
RECORD
HIGH 94 06/26/1952
LOW 33 06/09/1980
HIGHEST 91 06/02 73 18 85 06/26
LOWEST 47 06/04 54 -7 43 06/19
06/08
06/09
AVG. MAXIMUM 73.9 74.0 -0.1 72.8
AVG. MINIMUM 55.8 54.9 0.9 54.4
MEAN 64.9 64.4 0.5 63.6
DAYS MAX >= 90 1 0.4 0.6 0
DAYS MAX <= 32 0 0.0 0.0 0
DAYS MIN <= 32 0 0.0 0.0 0
DAYS MIN <= 0 0 0.0 0.0 0
PRECIPITATION (INCHES)
RECORD
MAXIMUM 11.45 2006
MINIMUM 0.98 1979
TOTALS 5.04 4.69 0.35 5.33
DAILY AVG. 0.17 0.16 0.01 0.18
DAYS >= .01 11 12.4 -1.4 10
DAYS >= .10 8 8.2 -0.2 6
DAYS >= .50 4 3.3 0.7 4
DAYS >= 1.00 1 1.2 -0.2 3
GREATEST
24 HR. TOTAL 1.71 06/12 TO 06/12
SNOWFALL (INCHES)
RECORDS
TOTAL T 2017
24 HR TOTAL T 06/27/2017 TO 06/27/2017
06/06/2012 TO 06/06/2012
SNOW DEPTH T 06/06/2012
TOTALS TR 0.0 0.0 0.0
SINCE 7/1 61.5 86.5 -25.0 MM
SNOWDEPTH AVG. 0 0
DAYS >= TRACE 1 0.0 1.0 0
DAYS >= 1.0 0 0.0 0.0 0
GREATEST
SNOW DEPTH 0 0 MM
24 HR TOTAL MM
DEGREE DAYS
HEATING TOTAL 68 88 -20 78
SINCE 7/1 6276 7162 -886 MM
COOLING TOTAL 73 72 1 44
SINCE 1/1 114 97 17 MM
................................................................
WIND (MPH)
AVERAGE WIND SPEED 6.8
RESULTANT WIND SPEED/DIRECTION 1/340
HIGHEST WIND SPEED/DIRECTION 23/340 DATE 06/17
HIGHEST GUST SPEED/DIRECTION 32/310 DATE 06/17
SKY COVER
POSSIBLE SUNSHINE (PERCENT) MM
AVERAGE SKY COVER 0.60
NUMBER OF DAYS FAIR 8
NUMBER OF DAYS PC 11
NUMBER OF DAYS CLOUDY 11
AVERAGE RH (PERCENT) 68
WEATHER CONDITIONS. NUMBER OF DAYS WITH
THUNDERSTORM 5 MIXED PRECIP 0
HEAVY RAIN 7 RAIN 7
LIGHT RAIN 12 FREEZING RAIN 0
LT FREEZING RAIN 0 HAIL 1
HEAVY SNOW 0 SNOW 0
LIGHT SNOW 0 SLEET 0
FOG 17 FOG W/VIS <= 1/4 MILE 7
HAZE 9
- INDICATES NEGATIVE NUMBERS.
R INDICATES RECORD WAS SET OR TIED.
MM INDICATES DATA IS MISSING.
T INDICATES TRACE AMOUNT.
$$