000
CXUS51 KBGM 011031
CLSBGM
CLIMATE REPORT
NATIONAL WEATHER SERVICE BINGHAMTON, NY
531 AM EST TUE MAR 01 2022
...................................
...THE BINGHAMTON NY CLIMATE SUMMARY FOR THE SEASON, FROM
12/1/2021 TO 2/28/2022...
CLIMATE NORMAL PERIOD 1991 TO 2020
CLIMATE RECORD PERIOD 1951 TO 2022
WEATHER OBSERVED NORMAL DEPART LAST YEAR`S
VALUE DATE(S) VALUE FROM VALUE DATE(S)
NORMAL
................................................................
TEMPERATURE (F)
RECORD
HIGH 70 02/24/2017
LOW -20 01/15/1957
HIGHEST 60 12/16 31 29 53 12/25
LOWEST -10 01/22 18 -28 2 02/08
AVG. MAXIMUM 33.6 32.0 1.6 31.1
AVG. MINIMUM 17.7 18.1 -0.4 20.1
MEAN 25.7 25.0 0.7 25.6
DAYS MAX >= 90 0 0.0 0.0 0
DAYS MAX <= 32 40 46.9 -6.9 57
DAYS MIN <= 32 81 81.3 -0.3 87
DAYS MIN <= 0 7 5.4 1.6 0
PRECIPITATION (INCHES)
RECORD
MAXIMUM 12.16 1977
MINIMUM 3.99 1979
TOTALS 8.08 8.11 -0.03 10.36
DAILY AVG. 0.09 0.09 -0.00 0.11
DAYS >= .01 40 46.4 -6.4 51
DAYS >= .10 19 19.5 -0.5 19
DAYS >= .50 5 4.4 0.6 4
DAYS >= 1.00 0 0.9 -0.9 3
GREATEST
24 HR. TOTAL 1.11 01/16 TO 01/17 2.80 12/16 TO 12/17
SNOWFALL (INCHES)
RECORDS
TOTAL 94.3 2021
24 HR TOTAL 40.0 12/16/2020 TO 12/17/2020
SNOW DEPTH 39 12/17/2020
TOTALS 39.3 58.4 -19.1 94.3
SINCE 7/1 44.9 66.2 -21.3 97.7
SNOWDEPTH AVG. 4 7
DAYS >= TRACE 51 43.4 7.6 69
DAYS >= 1.0 15 17.4 -2.4 22
GREATEST
SNOW DEPTH 13 01/18 39 12/17
24 HR TOTAL 9.9 01/16 TO 01/17 40.0 12/16 TO 12/17
DEGREE DAYS
HEATING TOTAL 3517 3594 -77 3519
SINCE 7/1 4836 5148 -312 4840
COOLING TOTAL 0 0 0 0
SINCE 1/1 0 0 0 0
FREEZE DATES
RECORD
EARLIEST 09/20/1993
LATEST 05/25/1956
EARLIEST 11/02
LATEST 05/01
................................................................
WIND (MPH)
AVERAGE WIND SPEED 9.2
RESULTANT WIND SPEED/DIRECTION 4/270
HIGHEST WIND SPEED/DIRECTION 35/260 DATE 12/11
HIGHEST GUST SPEED/DIRECTION 48/280 DATE 02/19
SKY COVER
POSSIBLE SUNSHINE (PERCENT) MM
AVERAGE SKY COVER 0.60
NUMBER OF DAYS FAIR 28
NUMBER OF DAYS PC 23
NUMBER OF DAYS CLOUDY 38
AVERAGE RH (PERCENT) 73
WEATHER CONDITIONS. NUMBER OF DAYS WITH
THUNDERSTORM 0 MIXED PRECIP 0
HEAVY RAIN 1 RAIN 6
LIGHT RAIN 18 FREEZING RAIN 6
LT FREEZING RAIN 8 HAIL 0
HEAVY SNOW 4 SNOW 9
LIGHT SNOW 51 SLEET 0
FOG 54 FOG W/VIS <= 1/4 MILE 13
HAZE 18
- INDICATES NEGATIVE NUMBERS.
R INDICATES RECORD WAS SET OR TIED.
MM INDICATES DATA IS MISSING.
T INDICATES TRACE AMOUNT.
$$