000
CXUS54 KBMX 011110
CF6BHM
PRELIMINARY LOCAL CLIMATOLOGICAL DATA (WS FORM: F-6)
STATION: BIRMINGHAM
MONTH: DECEMBER
YEAR: 2023
LATITUDE: 33 34 N
LONGITUDE: 86 45 W
TEMPERATURE IN F: :PCPN: SNOW: WIND :SUNSHINE: SKY :PK WND
================================================================================
1 2 3 4 5 6A 6B 7 8 9 10 11 12 13 14 15 16 17 18
12Z AVG MX 2MIN
DY MAX MIN AVG DEP HDD CDD WTR SNW DPTH SPD SPD DIR MIN PSBL S-S WX SPD DR
================================================================================
1 66 52 59 9 6 0 0.17 0.0 0 6.5 16 130 M M 10 1 26 130
2 69 65 67 17 0 2 0.01 0.0 0 6.4 14 180 M M 10 18 19 190
3 67 45 56 6 9 0 0.05 0.0 0 5.3 14 290 M M 8 1 20 240
4 65 40 53 4 12 0 0.00 0.0 0 6.6 22 260 M M 2 30 280
5 61 34 48 -1 17 0 0.00 0.0 0 5.8 17 310 M M 1 1 29 350
6 55 32 44 -5 21 0 0.00 0.0 0 6.2 18 350 M M 1 26 10
7 59 30 45 -4 20 0 0.00 0.0 M 2.4 10 190 M M 3 13 190
8 66 40 53 4 12 0 T 0.0 0 6.7 16 160 M M 7 26 160
9 70 58 64 16 1 0 0.65 0.0 0 7.2 25 200 M M 9 138 40 230
10 63 36 50 2 15 0 1.51 0.0 0 11.5 40 320 M M 6 12358 57 320
11 52 28 40 -8 25 0 0.00 0.0 0 3.0 13 340 M M 0 17 340
12 61 28 45 -3 20 0 0.00 0.0 M 1.6 10 50 M M 3 13 40
13 61 35 48 0 17 0 0.00 0.0 0 4.8 15 50 M M 4 21 60
14 64 47 56 8 9 0 0.00 0.0 0 7.0 14 120 M M 2 20 140
15 63 42 53 5 12 0 0.00 0.0 M 6.4 13 90 M M 1 21 110
16 62 48 55 8 10 0 0.00 0.0 M 7.8 16 120 M M 7 26 70
17 55 41 48 1 17 0 0.22 M M 7.1 16 320 M M 7 1 21 330
18 58 33 46 -1 19 0 0.00 0.0 M 9.2 24 330 M M 1 1 36 360
19 50 27 39 -8 26 0 0.00 0.0 0 3.6 10 20 M M 2 14 10
20 54 30 42 -5 23 0 0.00 0.0 0 3.0 10 140 M M 6 14 140
21 57 30 44 -2 21 0 0.00 0.0 0 0.9 8 150 M M 8 11 130
22 61 37 49 3 16 0 0.00 0.0 0 1.1 9 130 M M 8 12 130
23 68 45 57 11 8 0 0.00 0.0 M 3.2 13 170 M M 5 17 170
24 66 54 60 14 5 0 0.07 0.0 M 9.3 20 120 M M 8 1 31 110
25 67 51 59 13 6 0 2.01 0.0 0 8.2 20 100 M M 9 1 34 120
26 55 38 47 1 18 0 0.00 0.0 0 5.3 13 320 M M 9 18 18 290
27 57 34 46 0 19 0 0.00 0.0 0 3.3 14 230 M M 7 1 18 220
28 49 33 41 -5 24 0 0.00 0.0 0 7.0 16 300 M M 4 8 22 300
29 46 37 42 -3 23 0 T T 0 10.2 20 250 M M 10 26 260
30 41 31 36 -9 29 0 0.01 T 0 4.2 12 320 M M 8 18 16 320
31 60 28 44 -1 21 0 0.00 0.0 0 3.5 15 240 M M 2 1 20 230
================================================================================
SM 1848 1209 481 2 4.70 T 174.3 M 168
================================================================================
AV 59.6 39.0 5.6 FASTST M M 5 MAX(MPH)
MISC ----> 40 320 57 320
================================================================================
NOTES:
# LAST OF SEVERAL OCCURRENCES
COLUMN 17 PEAK WIND IN M.P.H.
PRELIMINARY LOCAL CLIMATOLOGICAL DATA (WS FORM: F-6) , PAGE 2
STATION: BIRMINGHAM
MONTH: DECEMBER
YEAR: 2023
LATITUDE: 33 34 N
LONGITUDE: 86 45 W
[TEMPERATURE DATA] [PRECIPITATION DATA] SYMBOLS USED IN COLUMN 16
AVERAGE MONTHLY: 49.3 TOTAL FOR MONTH: 4.70 1 = FOG OR MIST
DPTR FM NORMAL: 1.9 DPTR FM NORMAL: -0.17 2 = FOG REDUCING VISIBILITY
HIGHEST: 70 ON 9 GRTST 24HR 2.08 ON 9-10 TO 1/4 MILE OR LESS
LOWEST: 27 ON 19 3 = THUNDER
SNOW, ICE PELLETS, HAIL 4 = ICE PELLETS
TOTAL MONTH: T 5 = HAIL
GRTST 24HR T ON 29-29 6 = FREEZING RAIN OR DRIZZLE
GRTST DEPTH: 0 7 = DUSTSTORM OR SANDSTORM:
VSBY 1/2 MILE OR LESS
8 = SMOKE OR HAZE
[NO. OF DAYS WITH] [WEATHER - DAYS WITH] 9 = BLOWING SNOW
X = TORNADO
MAX 32 OR BELOW: 0 0.01 INCH OR MORE: 9
MAX 90 OR ABOVE: 0 0.10 INCH OR MORE: 5
MIN 32 OR BELOW: 9 0.50 INCH OR MORE: 3
MIN 0 OR BELOW: 0 1.00 INCH OR MORE: 2
[HDD (BASE 65) ]
TOTAL THIS MO. 481 CLEAR (SCALE 0-3) 11
DPTR FM NORMAL -69 PTCLDY (SCALE 4-7) 13
TOTAL FM JUL 1 845 CLOUDY (SCALE 8-10) 7
DPTR FM NORMAL -160
[CDD (BASE 65) ]
TOTAL THIS MO. 2
DPTR FM NORMAL -2 [PRESSURE DATA]
TOTAL FM JAN 1 2362 HIGHEST SLP 30.67 ON 14
DPTR FM NORMAL 184 LOWEST SLP 29.80 ON 25
[REMARKS]
#FINAL-12-23#