000
CXUS55 KVEF 040012
CF6BIH
PRELIMINARY LOCAL CLIMATOLOGICAL DATA (WS FORM: F-6)
STATION: BISHOP CA
MONTH: MAY
YEAR: 2020
LATITUDE: 37 22 N
LONGITUDE: 118 22 W
TEMPERATURE IN F: :PCPN: SNOW: WIND :SUNSHINE: SKY :PK WND
================================================================================
1 2 3 4 5 6A 6B 7 8 9 10 11 12 13 14 15 16 17 18
12Z AVG MX 2MIN
DY MAX MIN AVG DEP HDD CDD WTR SNW DPTH SPD SPD DIR MIN PSBL S-S WX SPD DR
================================================================================
1 87 52 70 11 0 5 0.00 0.0 0 9.3 21 340 M M 2 26 340
2 86 51 69 10 0 4 0.00 0.0 0 10.7 22 260 M M 0 27 260
3 83 43 63 3 2 0 0.00 0.0 0 9.8 25 270 M M 0 32 280
4 83 42 63 3 2 0 0.00 0.0 0 6.7 14 320 M M 0 18 320
5 89 39 64 4 1 0 0.00 0.0 0 8.6 22 170 M M 0 29 170
6 92 44 68 8 0 3 0.00 0.0 0 8.3 22 360 M M 0 30 10
7 88 49 69 8 0 4 0.00 0.0 0 7.5 15 150 M M 0 19 100
8 93 47 70 9 0 5 0.00 0.0 0 7.2 18 140 M M 0 24 140
9 94 49 72 11 0 7 0.00 0.0 0 8.8 20 260 M M 0 27 190
10 92 49 71 9 0 6 0.00 0.0 0 8.0 25 250 M M 0 34 250
11 86 42 64 2 1 0 0.00 0.0 0 7.9 24 210 M M 0 30 210
12 84 52 68 6 0 3 0.00 0.0 0 10.6 24 280 M M 0 8 32 240
13 82 41 62 -1 3 0 0.00 0.0 0 7.6 22 240 M M 1 27 240
14 81 49 65 2 0 0 0.00 0.0 0 9.5 24 360 M M 0 32 10
15 86 50 68 5 0 3 0.00 0.0 0 8.9 29 350 M M 0 42 340
16 90 49 70 7 0 5 0.00 0.0 0 10.2 26 150 M M 0 33 170
17 91 49 70 6 0 5 0.00 0.0 0 12.3 31 250 M M 0 42 240
18 80 50 65 1 0 0 T 0.0 0 16.9 29 350 M M 4 38 150
19 65 41 53 -11 12 0 T 0.0 0 13.2 26 10 M M 3 35 350
20 75 31 53 -11 12 0 0.00 0.0 0 4.9 13 160 M M 1 20 220
21 83 39 61 -4 4 0 0.00 0.0 0 7.0 21 10 M M 0 27 10
22 82 44 63 -2 2 0 0.00 0.0 0 11.7 30 350 M M 0 38 350
23 82 45 64 -1 1 0 0.00 0.0 0 9.4 21 360 M M 0 28 360
24 88 41 65 -1 0 0 0.00 0.0 0 7.2 18 360 M M 0 25 350
25 93 46 70 4 0 5 0.00 0.0 0 6.4 17 150 M M 0 23 170
26 99 52 76 10 0 11 T 0.0 0 6.2 26 350 M M 0 3 36 350
27 101 56 79 13 0 14 0.00 0.0 0 6.3 14 300 M M 0 18 190
28 104 57 81 14 0 16 0.00 0.0 0 7.4 20 150 M M 0 25 150
29 98 56 77 10 0 12 T 0.0 0 13.8 31 160 M M 0 38 160
30 87 52 70 3 0 5 0.00 0.0 0 19.4 33 150 M M 0 43 160
31 88 42 65 -2 0 0 0.00 0.0 0 8.1 24 160 M M 0 31 150
================================================================================
SM 2712 1449 40 113 T 0.0 289.8 M 11
================================================================================
AV 87.5 46.7 9.3 FASTST M M 0 MAX(MPH)
MISC ----> 33 150 43 160
================================================================================
NOTES:
# LAST OF SEVERAL OCCURRENCES
COLUMN 17 PEAK WIND IN M.P.H.
PRELIMINARY LOCAL CLIMATOLOGICAL DATA (WS FORM: F-6) , PAGE 2
STATION: BISHOP CA
MONTH: MAY
YEAR: 2020
LATITUDE: 37 22 N
LONGITUDE: 118 22 W
[TEMPERATURE DATA] [PRECIPITATION DATA] SYMBOLS USED IN COLUMN 16
AVERAGE MONTHLY: 67.1 TOTAL FOR MONTH: T 1 = FOG OR MIST
DPTR FM NORMAL: 3.8 DPTR FM NORMAL: -0.19 2 = FOG REDUCING VISIBILITY
HIGHEST: 104 ON 28 GRTST 24HR T ON 18-18 TO 1/4 MILE OR LESS
LOWEST: 31 ON 20 3 = THUNDER
SNOW, ICE PELLETS, HAIL 4 = ICE PELLETS
TOTAL MONTH: 0.0 INCH 5 = HAIL
GRTST 24HR 0.0 6 = FREEZING RAIN OR DRIZZLE
GRTST DEPTH: 0 7 = DUSTSTORM OR SANDSTORM:
VSBY 1/2 MILE OR LESS
8 = SMOKE OR HAZE
[NO. OF DAYS WITH] [WEATHER - DAYS WITH] 9 = BLOWING SNOW
X = TORNADO
MAX 32 OR BELOW: 0 0.01 INCH OR MORE: 0
MAX 90 OR ABOVE: 11 0.10 INCH OR MORE: 0
MIN 32 OR BELOW: 1 0.50 INCH OR MORE: 0
MIN 0 OR BELOW: 0 1.00 INCH OR MORE: 0
[HDD (BASE 65) ]
TOTAL THIS MO. 40 CLEAR (SCALE 0-3) 30
DPTR FM NORMAL -76 PTCLDY (SCALE 4-7) 1
TOTAL FM JUL 1 4036 CLOUDY (SCALE 8-10) 0
DPTR FM NORMAL -123
[CDD (BASE 65) ]
TOTAL THIS MO. 113
DPTR FM NORMAL 49 [PRESSURE DATA]
TOTAL FM JAN 1 153 HIGHEST SLP 30.12 ON 4
DPTR FM NORMAL 85 LOWEST SLP 29.51 ON 18
[REMARKS]
#FINAL-05-20#