000
CXUS53 KBIS 012136
CLSBIS
CLIMATE REPORT
NATIONAL WEATHER SERVICE BISMARCK, ND
425 PM CDT THU SEP 01 2022
...................................
...THE BISMARCK ND CLIMATE SUMMARY FOR THE SEASON, FROM
6/1/2022 TO 8/31/2022...
CLIMATE NORMAL PERIOD: 1991 TO 2020
CLIMATE RECORD PERIOD: 1875 TO 2022
WEATHER OBSERVED NORMAL DEPART LAST YEAR`S
VALUE DATE(S) VALUE FROM VALUE DATE(S)
NORMAL
................................................................
TEMPERATURE (F)
RECORD
HIGH 114 07/06/1936
LOW 30 06/02/1969
HIGHEST 103 08/04 MM MM 107 07/03
LOWEST 35 06/03 MM MM 48 06/21
06/22
AVG. MAXIMUM 85.1 82.0 3.1 89.8
AVG. MINIMUM 57.9 55.5 2.4 60.0
MEAN 71.5 68.8 2.7 74.9
DAYS MAX >= 90 28 17.9 10.1 46
DAYS MAX <= 32 0 0.0 0.0 0
DAYS MIN <= 32 0 0.1 -0.1 0
DAYS MIN <= 0 0 0.0 0.0 0
PRECIPITATION (INCHES)
RECORD
MAXIMUM 14.22 2001
MINIMUM 4.25 2021
TOTALS 6.18 8.93 -2.75 4.25
DAILY AVG. 0.07 0.10 -0.03 0.04
DAYS >= .01 19 29.3 -10.3 20
DAYS >= .10 9 16.8 -7.8 11
DAYS >= .50 5 5.6 -0.6 2
DAYS >= 1.00 2 1.8 0.2 0
GREATEST
24 HR. TOTAL 1.56 1.09
STORM TOTAL 1.56 0.92
(MM/DD(HH)) MM
SNOWFALL (INCHES)
RECORDS
TOTAL T 2019
TOTALS 0.0 0.0
SINCE 7/1 0.0
DEGREE DAYS
HEATING TOTAL 63
COOLING TOTAL 683
................................................................
HIGHEST WIND SPEED/DIRECTION 52/330 DATE 07/30
HIGHEST GUST SPEED/DIRECTION 69/330 DATE 07/30
- INDICATES NEGATIVE NUMBERS.
R INDICATES RECORD WAS SET OR TIED.
MM INDICATES DATA IS MISSING.
T INDICATES TRACE AMOUNT.
$$