000
CXUS53 KGRR 280910
CF6BIV
PRELIMINARY LOCAL CLIMATOLOGICAL DATA (WS FORM: F-6)
STATION: HOLLAND
MONTH: MARCH
YEAR: 2024
LATITUDE: 42 49 N
LONGITUDE: 86 10 W
TEMPERATURE IN F: :PCPN: SNOW: WIND :SUNSHINE: SKY :PK WND
================================================================================
1 2 3 4 5 6A 6B 7 8 9 10 11 12 13 14 15 16 17 18
12Z AVG MX 2MIN
DY MAX MIN AVG DEP HDD CDD WTR SNW DPTH SPD SPD DIR MIN PSBL S-S WX SPD DR
================================================================================
1 50 28 39 8 26 0 0.00 M M 9.7 16 190 M M 3 22 200
2 52 38 45 14 20 0 0.00 M M 6.0 13 210 M M 4 18 210
3 68 40 54 22 11 0 0.00 M M 14.7 24 160 M M 2 38 150
4 71 51 61 29 4 0 0.00 M M 10.3 21 200 M M 4 30 180
5 66 44 55 23 10 0 0.95 M M 6.7 16 300 M M 10 13 27 290
6 54 38 46 14 19 0 0.00 M M 9.5 17 80 M M 5 25 80
7 51 34 43 10 22 0 0.00 M M 7.9 14 140 M M 7 19 130
8 47 38 43 10 22 0 1.36 M M 7.0 12 350 M M 8 1 18 330
9 43 32 38 4 27 0 0.06 M M 12.3 18 340 M M 10 1 34 320
10 39 29 34 0 31 0 0.01 M M 12.5 24 310 M M 7 1 37 310
11 60 29 45 11 20 0 0.00 M M 15.4 33 210 M M 0 46 210
12 66 48 57 23 8 0 0.00 M M 17.3 31 220 M M 1 42 230
13 72 41 57 22 8 0 0.03 M M 5.3 18 260 M M 3 3 24 260
14 57 44 51 16 14 0 0.65 M M 9.0 16 50 M M 9 1 27 60
15 46 32 39 3 26 0 0.00 M M 6.3 16 310 M M 2 24 300
16 53 33 43 7 22 0 T M M 14.3 30 240 M M 5 44 230
17 39 28 34 -2 31 0 0.04 M M 10.0 23 300 M M 9 1 36 280
18 37 27 32 -5 33 0 0.05 M M 10.2 20 310 M M 10 1 32 300
19 45 33 39 2 26 0 T M M 16.6 35 240 M M 7 47 240
20 40 23 32 -5 33 0 T M M 10.8 24 330 M M 7 8 38 340
21 36 20 28 -10 37 0 T M M 2.6 9 270 M M 6 14 280
22 32 27 30 -8 35 0 0.29 M M 6.1 13 110 M M 10 12 17 180
23 36 27 32 -6 33 0 0.00 M M 6.0 15 320 M M 5 21 350
24 42 23 33 -6 32 0 0.00 M M 11.5 25 120 M M 7 36 110
25 66 36 51 12 14 0 T M M 14.4 22 160 M M 2 33 140
26 62 36 49 9 16 0 0.30 M M 19.0 33 220 M M 10 13 48 210
27 38 31 35 -5 30 0 T M M 15.1 25 260 M M 8 35 260
================================================================================
SM 1368 910 610 0 3.74 M 286.5 M 161
================================================================================
AV 50.7 33.7 10.6 FASTST M M 6 MAX(MPH)
MISC ----> 35 240 48 210
================================================================================
NOTES:
# LAST OF SEVERAL OCCURRENCES
COLUMN 17 PEAK WIND IN M.P.H.
PRELIMINARY LOCAL CLIMATOLOGICAL DATA (WS FORM: F-6) , PAGE 2
STATION: HOLLAND
MONTH: MARCH
YEAR: 2024
LATITUDE: 42 49 N
LONGITUDE: 86 10 W
[TEMPERATURE DATA] [PRECIPITATION DATA] SYMBOLS USED IN COLUMN 16
AVERAGE MONTHLY: 42.2 TOTAL FOR MONTH: 3.74 1 = FOG OR MIST
DPTR FM NORMAL: 6.9 DPTR FM NORMAL: 2.00 2 = FOG REDUCING VISIBILITY
HIGHEST: 72 ON 13 GRTST 24HR 1.38 ON 8- 9 TO 1/4 MILE OR LESS
LOWEST: 20 ON 21 3 = THUNDER
SNOW, ICE PELLETS, HAIL 4 = ICE PELLETS
TOTAL MONTH: M 5 = HAIL
GRTST 24HR M ON M 6 = FREEZING RAIN OR DRIZZLE
GRTST DEPTH: M ON M 7 = DUSTSTORM OR SANDSTORM:
VSBY 1/2 MILE OR LESS
8 = SMOKE OR HAZE
[NO. OF DAYS WITH] [WEATHER - DAYS WITH] 9 = BLOWING SNOW
X = TORNADO
MAX 32 OR BELOW: 1 0.01 INCH OR MORE: 10
MAX 90 OR ABOVE: 0 0.10 INCH OR MORE: 5
MIN 32 OR BELOW: 13 0.50 INCH OR MORE: 3
MIN 0 OR BELOW: 0 1.00 INCH OR MORE: 1
[HDD (BASE 65) ]
TOTAL THIS MO. 610 CLEAR (SCALE 0-3) 6
DPTR FM NORMAL -193 PTCLDY (SCALE 4-7) 14
TOTAL FM JUL 1 4525 CLOUDY (SCALE 8-10) 7
DPTR FM NORMAL -878
[CDD (BASE 65) ]
TOTAL THIS MO. 0
DPTR FM NORMAL 0 [PRESSURE DATA]
TOTAL FM JAN 1 0 HIGHEST SLP M ON M
DPTR FM NORMAL 0 LOWEST SLP 29.42 ON 26
[REMARKS]