000
CXUS56 KBOI 011002
CF6BKE
PRELIMINARY LOCAL CLIMATOLOGICAL DATA (WS FORM: F-6)
STATION: BAKER OR
MONTH: JULY
YEAR: 2020
LATITUDE: 44 50 N
LONGITUDE: 117 49 W
TEMPERATURE IN F: :PCPN: SNOW: WIND :SUNSHINE: SKY :PK WND
================================================================================
1 2 3 4 5 6A 6B 7 8 9 10 11 12 13 14 15 16 17 18
12Z AVG MX 2MIN
DY MAX MIN AVG DEP HDD CDD WTR SNW DPTH SPD SPD DIR MIN PSBL S-S WX SPD DR
================================================================================
1 73 39 56 -6 9 0 0.00 M M 5.2 16 350 M M 2 20 350
2 83 39 61 -1 4 0 0.00 M M 4.8 16 330 M M 1 27 220
3 86 42 64 2 1 0 0.00 M M 6.3 21 350 M M 0 18 24 340
4 84 48 66 3 0 1 0.00 M M 9.2 20 330 M M 1 27 330
5 87 43 65 2 0 0 0.00 M M 5.8 14 330 M M 0 17 330
6 92 45 69 6 0 4 T M M 7.6 24 330 M M 0 32 330
7 78 50 64 0 1 0 0.00 M M 11.5 24 340 M M 1 31 330
8 80 41 61 -3 4 0 0.00 M M 5.7 13 340 M M 0 17 350
9 90 44 67 3 0 2 T M M 7.8 28 330 M M 1 34 330
10 87 50 69 5 0 4 T M M 4.8 12 50 M M 1 17 330
11 101 47 74 10 0 9 0.00 M M 6.8 28 340 M M 0 128 35 340
12 81 53 67 2 0 2 0.00 M M 9.3 20 330 M M 0 26 320
13 81 46 64 -1 1 0 0.00 M M 9.3 20 350 M M 0 25 10
14 86 40 63 -2 2 0 0.00 M M 7.6 17 340 M M 0 22 330
15 91 43 67 2 0 2 0.00 M M 6.7 16 350 M M 0 23 340
16 96 48 72 6 0 7 0.00 M M 4.6 17 340 M M 0 8 21 330
17 87 51 69 3 0 4 0.00 M M 8.8 23 350 M M 0 27 340
18 89 47 68 2 0 3 0.00 M M 6.5 16 340 M M 0 20 330
19 93 48 71 5 0 6 0.00 M M 5.0 15 330 M M 0 19 330
20 95 50 73 7 0 8 0.00 M M 5.7 15 340 M M 0 19 320
21 98 51 75 9 0 10 0.00 M M 4.0 12 320 M M 0 15 330
22 95 54 75 9 0 10 T M M 4.7 20 210 M M 1 24 210
23 86 54 70 3 0 5 T M M 5.0 13 330 M M 1 15 120
24 92 46 69 2 0 4 0.00 M M 6.7 24 340 M M 0 30 340
25 88 45 67 0 0 2 0.00 M M 6.9 16 330 M M 0 21 330
26 93 44 69 2 0 4 0.00 M M 4.2 12 330 M M 0 15 310
27 100 46 73 6 0 8 0.00 M M 4.1 12 200 M M 1 8 14 260
28 94 52 73 6 0 8 T M M 6.3 24 180 M M 2 31 170
29 95 56 76 9 0 11 T M M 4.9 23 270 M M 1 38 33 200
30 101 51 76 9 0 11 0.00 M M 3.5 14 110 M M 0 18 110
31 105 54 80 13 0 15 0.00 M M 5.6 24 330 M M 0 29 320
================================================================================
SM 2787 1467 22 140 T M 194.9 M 13
================================================================================
AV 89.9 47.3 6.3 FASTST M M 0 MAX(MPH)
MISC ----> # 28 330 35 340
================================================================================
NOTES:
# LAST OF SEVERAL OCCURRENCES
COLUMN 17 PEAK WIND IN M.P.H.
PRELIMINARY LOCAL CLIMATOLOGICAL DATA (WS FORM: F-6) , PAGE 2
STATION: BAKER OR
MONTH: JULY
YEAR: 2020
LATITUDE: 44 50 N
LONGITUDE: 117 49 W
[TEMPERATURE DATA] [PRECIPITATION DATA] SYMBOLS USED IN COLUMN 16
AVERAGE MONTHLY: 68.6 TOTAL FOR MONTH: T 1 = FOG OR MIST
DPTR FM NORMAL: 3.5 DPTR FM NORMAL: -0.65 2 = FOG REDUCING VISIBILITY
HIGHEST: 105 ON 31 GRTST 24HR T ON 6- 6 TO 1/4 MILE OR LESS
LOWEST: 39 ON 2, 1 3 = THUNDER
SNOW, ICE PELLETS, HAIL 4 = ICE PELLETS
TOTAL MONTH: M 5 = HAIL
GRTST 24HR M ON M 6 = FREEZING RAIN OR DRIZZLE
GRTST DEPTH: M ON M 7 = DUSTSTORM OR SANDSTORM:
VSBY 1/2 MILE OR LESS
8 = SMOKE OR HAZE
[NO. OF DAYS WITH] [WEATHER - DAYS WITH] 9 = BLOWING SNOW
X = TORNADO
MAX 32 OR BELOW: 0 0.01 INCH OR MORE: 0
MAX 90 OR ABOVE: 16 0.10 INCH OR MORE: 0
MIN 32 OR BELOW: 0 0.50 INCH OR MORE: 0
MIN 0 OR BELOW: 0 1.00 INCH OR MORE: 0
[HDD (BASE 65) ]
TOTAL THIS MO. 22 CLEAR (SCALE 0-3) 31
DPTR FM NORMAL -48 PTCLDY (SCALE 4-7) 0
TOTAL FM JUL 1 22 CLOUDY (SCALE 8-10) 0
DPTR FM NORMAL -45
[CDD (BASE 65) ]
TOTAL THIS MO. 140
DPTR FM NORMAL 65 [PRESSURE DATA]
TOTAL FM JAN 1 192 HIGHEST SLP 30.16 ON 10
DPTR FM NORMAL 99 LOWEST SLP 29.69 ON 22
[REMARKS]
#FINAL-07-20#