000
CXUS51 KRLX 042321
CF6BKW
PRELIMINARY LOCAL CLIMATOLOGICAL DATA (WS FORM: F-6)
STATION: BECKLEY WV
MONTH: DECEMBER
YEAR: 2021
LATITUDE: 37 46 N
LONGITUDE: 81 7 W
TEMPERATURE IN F: :PCPN: SNOW: WIND :SUNSHINE: SKY :PK WND
================================================================================
1 2 3 4 5 6A 6B 7 8 9 10 11 12 13 14 15 16 17 18
12Z AVG MX 2MIN
DY MAX MIN AVG DEP HDD CDD WTR SNW DPTH SPD SPD DIR MIN PSBL S-S WX SPD DR
================================================================================
1 53 29 41 2 24 0 T 0.0 0 6.5 13 220 M M 5 19 220
2 63 48 56 17 9 0 0.00 0.0 0 11.9 22 290 M M 5 32 260
3 62 38 50 11 15 0 0.00 0.0 0 5.5 17 310 M M 0 23 300
4 55 33 44 6 21 0 0.00 0.0 0 5.8 12 360 M M 2 16 360
5 54 31 43 5 22 0 0.00 0.0 0 11.6 21 140 M M 4 32 150
6 63 28 46 8 19 0 0.21 0.0 0 13.0 26 230 M M 6 1 43 250
7 39 22 31 -7 34 0 0.00 0.0 0 3.5 13 160 M M 1 19 150
8 39 24 32 -6 33 0 0.07 0.8 T 5.9 15 270 M M 6 1 20 280
9 44 21 33 -4 32 0 0.00 0.0 0 6.9 22 140 M M 1 32 140
10 59 42 51 14 14 0 0.14 0.0 0 5.0 14 140 M M 9 1 19 130
11 68 33 51 14 14 0 0.48 0.0 0 15.6 29 260 M M 7 1 43 260
12 42 26 34 -3 31 0 0.00 0.0 0 6.6 17 310 M M 3 24 310
13 51 26 39 3 26 0 0.00 0.0 0 3.8 14 270 M M 0 18 250
14 59 29 44 8 21 0 0.00 0.0 0 4.5 14 140 M M 0 21 130
15 56 41 49 13 16 0 0.00 0.0 0 11.2 17 140 M M 0 29 120
16 67 44 56 20 9 0 0.22 0.0 0 9.5 22 230 M M 3 1 31 230
17 57 47 52 16 13 0 0.10 0.0 0 2.6 12 210 M M 10 12 16 210
18 59 45 52 17 13 0 0.31 0.0 0 9.9 20 340 M M 7 1 27 210
19 45 27 36 1 29 0 0.03 T 0 9.5 17 330 M M 10 12 22 330
20 44 21 33 -2 32 0 0.00 0.0 0 4.5 12 130 M M 2 8 16 240
21 41 26 34 -1 31 0 0.00 0.0 0 3.7 12 170 M M 0 16 140
22 37 25 31 -4 34 0 0.00 0.0 0 10.1 21 330 M M 2 29 270
23 51 19 35 1 30 0 0.00 0.0 0 7.0 17 220 M M 0 23 210
24 58 45 52 18 13 0 0.00 0.0 0 10.1 24 210 M M 5 35 200
25 61 50 56 22 9 0 0.17 0.0 0 12.6 22 300 M M 7 1 34 260
26 58 40 49 15 16 0 0.00 0.0 0 4.7 13 330 M M 5 18 90
27 61 44 53 19 12 0 T 0.0 0 10.3 18 140 M M 8 26 140
28 64 47 56 22 9 0 0.14 0.0 0 7.9 24 230 M M 10 1 35 250
29 63 49 56 22 9 0 0.57 0.0 0 4.8 21 230 M M 10 1 28 260
30 55 47 51 18 14 0 0.01 0.0 0 4.5 12 250 M M 8 1 17 250
31 59 42 51 18 14 0 0.02 0.0 0 6.7 15 200 M M 6 1 22 220
================================================================================
SM 1687 1089 618 0 2.47 0.8 235.7 M 142
================================================================================
AV 54.4 35.1 7.6 FASTST M M 5 MAX(MPH)
MISC ----> 29 260 # 43 250
================================================================================
NOTES:
# LAST OF SEVERAL OCCURRENCES
COLUMN 17 PEAK WIND IN M.P.H.
PRELIMINARY LOCAL CLIMATOLOGICAL DATA (WS FORM: F-6) , PAGE 2
STATION: BECKLEY WV
MONTH: DECEMBER
YEAR: 2021
LATITUDE: 37 46 N
LONGITUDE: 81 7 W
[TEMPERATURE DATA] [PRECIPITATION DATA] SYMBOLS USED IN COLUMN 16
AVERAGE MONTHLY: 44.8 TOTAL FOR MONTH: 2.47 1 = FOG OR MIST
DPTR FM NORMAL: 8.8 DPTR FM NORMAL: -0.82 2 = FOG REDUCING VISIBILITY
HIGHEST: 68 ON 11 GRTST 24HR 0.57 ON 29-29 TO 1/4 MILE OR LESS
LOWEST: 19 ON 23 3 = THUNDER
SNOW, ICE PELLETS, HAIL 4 = ICE PELLETS
TOTAL MONTH: 0.8 INCH 5 = HAIL
GRTST 24HR 0.8 ON 8- 8 6 = FREEZING RAIN OR DRIZZLE
GRTST DEPTH: T 7 = DUSTSTORM OR SANDSTORM:
VSBY 1/2 MILE OR LESS
8 = SMOKE OR HAZE
[NO. OF DAYS WITH] [WEATHER - DAYS WITH] 9 = BLOWING SNOW
X = TORNADO
MAX 32 OR BELOW: 0 0.01 INCH OR MORE: 13
MAX 90 OR ABOVE: 0 0.10 INCH OR MORE: 9
MIN 32 OR BELOW: 14 0.50 INCH OR MORE: 1
MIN 0 OR BELOW: 0 1.00 INCH OR MORE: 0
[HDD (BASE 65) ]
TOTAL THIS MO. 618 CLEAR (SCALE 0-3) 13
DPTR FM NORMAL -282 PTCLDY (SCALE 4-7) 13
TOTAL FM JUL 1 1617 CLOUDY (SCALE 8-10) 5
DPTR FM NORMAL -358
[CDD (BASE 65) ]
TOTAL THIS MO. 0
DPTR FM NORMAL 0 [PRESSURE DATA]
TOTAL FM JAN 1 749 HIGHEST SLP 30.55 ON 14
DPTR FM NORMAL 84 LOWEST SLP 29.67 ON 25
[REMARKS]
#FINAL-12-21#