613
CXUS51 KRNK 010907
CF6BLF
PRELIMINARY LOCAL CLIMATOLOGICAL DATA (WS FORM: F-6)
STATION: BLUEFIELD WV
MONTH: APRIL
YEAR: 2020
LATITUDE: 37 17 N
LONGITUDE: 81 12 W
TEMPERATURE IN F: :PCPN: SNOW: WIND :SUNSHINE: SKY :PK WND
================================================================================
1 2 3 4 5 6A 6B 7 8 9 10 11 12 13 14 15 16 17 18
12Z AVG MX 2MIN
DY MAX MIN AVG DEP HDD CDD WTR SNW DPTH SPD SPD DIR MIN PSBL S-S WX SPD DR
================================================================================
1 40 31 36 -14 29 0 0.03 T 0 7.2 14 300 M M 10 12 20 300
2 50 36 43 -8 22 0 0.01 0.0 0 8.1 17 300 M M 5 1 27 290
3 59 33 46 -5 19 0 0.00 0.0 0 8.5 18 300 M M 0 31 290
4 65 38 52 0 13 0 0.00 0.0 0 5.4 15 360 M M 0 23 20
5 67 45 56 4 9 0 0.00 0.0 0 3.0 12 260 M M 5 17 300
6 69 47 58 6 7 0 T 0.0 0 7.4 20 270 M M 3 28 270
7 72 50 61 9 4 0 0.00 0.0 0 9.6 20 240 M M 2 27 280
8 72 51 62 9 3 0 0.18 0.0 0 9.3 32 20 M M 6 1 46 360
9 58 41 50 -3 15 0 0.41 0.0 0 14.1 28 300 M M 5 1 40 290
10 42 27 35 -19 30 0 0.04 1.0 0 13.1 28 300 M M 6 12 39 330
11 55 29 42 -12 23 0 0.00 0.0 0 5.0 15 280 M M 4 21 320
12 60 48 54 0 11 0 0.98 0.0 0 7.9 20 160 M M 8 1 38 180
13 63 39 51 -3 14 0 0.91 0.0 0 12.7 32 250 M M 8 1 47 320
14 50 29 40 -15 25 0 0.07 0.2 T 5.7 14 290 M M 10 1 20 320
15 46 26 36 -19 29 0 0.00 0.0 0 7.1 17 270 M M 2 24 270
16 48 31 40 -15 25 0 0.00 0.0 0 10.9 24 280 M M 2 33 290
17 65 32 49 -7 16 0 0.00 0.0 0 11.4 30 250 M M 4 39 240
18 54 32 43 -13 22 0 0.45 0.0 0 7.5 20 300 M M 7 1 28 310
19 65 31 48 -8 17 0 0.00 0.0 0 4.8 20 240 M M 3 24 250
20 58 41 50 -7 15 0 0.21 0.0 0 6.3 16 300 M M 7 1 24 270
21 59 40 50 -7 15 0 T 0.0 0 13.4 29 270 M M 4 39 280
22 60 34 47 -10 18 0 0.00 0.0 0 7.4 18 290 M M 0 25 320
23 55 46 51 -6 14 0 0.21 0.0 0 9.2 21 190 M M 8 1 30 170
24 55 45 50 -8 15 0 0.74 0.0 0 5.8 16 300 M M 9 1 24 280
25 52 40 46 -12 19 0 0.64 0.0 0 5.6 15 140 M M 8 123 25 160
26 50 40 45 -13 20 0 0.22 0.0 0 12.0 23 280 M M 10 13 35 280
27 55 37 46 -12 19 0 T 0.0 0 8.8 18 300 M M 5 1 27 300
28 62 41 52 -7 13 0 0.01 0.0 0 7.1 18 260 M M 7 25 260
29 71 45 58 -1 7 0 1.26 0.0 0 9.5 21 190 M M 6 1 33 160
30 53 40 47 -12 18 0 0.24 0.0 0 8.1 18 280 M M 9 1 25 290
================================================================================
SM 1730 1145 506 0 6.61 1.2 251.9 M 163
================================================================================
AV 57.7 38.2 8.4 FASTST M M 5 MAX(MPH)
MISC ----> # 32 20 47 320
================================================================================
NOTES:
# LAST OF SEVERAL OCCURRENCES
COLUMN 17 PEAK WIND IN M.P.H.
PRELIMINARY LOCAL CLIMATOLOGICAL DATA (WS FORM: F-6) , PAGE 2
STATION: BLUEFIELD WV
MONTH: APRIL
YEAR: 2020
LATITUDE: 37 17 N
LONGITUDE: 81 12 W
[TEMPERATURE DATA] [PRECIPITATION DATA] SYMBOLS USED IN COLUMN 16
AVERAGE MONTHLY: 47.9 TOTAL FOR MONTH: 6.61 1 = FOG OR MIST
DPTR FM NORMAL: -7.2 DPTR FM NORMAL: 3.27 2 = FOG REDUCING VISIBILITY
HIGHEST: 72 ON 8, 7 GRTST 24HR 1.89 ON 12-13 TO 1/4 MILE OR LESS
LOWEST: 26 ON 15 3 = THUNDER
SNOW, ICE PELLETS, HAIL 4 = ICE PELLETS
TOTAL MONTH: 1.2 INCHES 5 = HAIL
GRTST 24HR 1.0 ON 10-10 6 = FREEZING RAIN OR DRIZZLE
GRTST DEPTH: T 7 = DUSTSTORM OR SANDSTORM:
VSBY 1/2 MILE OR LESS
8 = SMOKE OR HAZE
[NO. OF DAYS WITH] [WEATHER - DAYS WITH] 9 = BLOWING SNOW
X = TORNADO
MAX 32 OR BELOW: 0 0.01 INCH OR MORE: 17
MAX 90 OR ABOVE: 0 0.10 INCH OR MORE: 12
MIN 32 OR BELOW: 9 0.50 INCH OR MORE: 5
MIN 0 OR BELOW: 0 1.00 INCH OR MORE: 1
[HDD (BASE 65) ]
TOTAL THIS MO. 506 CLEAR (SCALE 0-3) 7
DPTR FM NORMAL 185 PTCLDY (SCALE 4-7) 16
TOTAL FM JUL 1 4502 CLOUDY (SCALE 8-10) 7
DPTR FM NORMAL 72
[CDD (BASE 65) ]
TOTAL THIS MO. 0
DPTR FM NORMAL -24 [PRESSURE DATA]
TOTAL FM JAN 1 8 HIGHEST SLP 30.31 ON 16
DPTR FM NORMAL -20 LOWEST SLP 29.40 ON 13
[REMARKS]
#FINAL-04-20#